{"id":619,"date":"2017-10-19T14:42:01","date_gmt":"2017-10-19T19:42:01","guid":{"rendered":"http:\/\/www.tamaulipas.gob.mx\/desarrolloeconomico\/?page_id=619"},"modified":"2023-09-07T12:34:14","modified_gmt":"2023-09-07T18:34:14","slug":"por-que-invertir-en-tamaulipas","status":"publish","type":"page","link":"https:\/\/www.tamaulipas.gob.mx\/economia\/por-que-invertir-en-tamaulipas\/","title":{"rendered":"\u00bfPor qu\u00e9 Invertir en Tamaulipas?"},"content":{"rendered":"<p>En el contexto nacional, Tamaulipas ocupa el primer lugar como estado exportador en la industria qu\u00edmica, 2do lugar en la fabricaci\u00f3n de maquinaria y equipo, 3ro en la fabricaci\u00f3n de equipo de generaci\u00f3n de energ\u00eda el\u00e9ctrica, 4to lugar en la fabricaci\u00f3n de accesorios electr\u00f3nicos y 5to lugar en el listado de estados con mayores exportaciones del pa\u00eds.<\/p>\n<p>Tamaulipas se convierte en la puerta a un mercado de 350 millones de consumidores y el cruce de m\u00e1s del 33 por ciento del comercio internacional de M\u00e9xico con el mundo, pues sus m\u00e1s de 13 mil kil\u00f3metros de red carretera y 936 kil\u00f3metros de v\u00edas f\u00e9rreas, son ideales para el transporte de materia prima y producto terminado.<\/p>\n<p>As\u00ed mismo la entidad cuenta con tres puertos mar\u00edtimos de altura, uno en Tampico, uno en Altamira y otro en Matamoros, posicionando a Tamaulipas como el 3er lugar nacional de movimiento de carga.<\/p>\n<p><strong>Caracter\u00edsticas<\/strong><\/p>\n<ul>\n<li>Ubicaci\u00f3n estrat\u00e9gica y plataforma log\u00edstica (por Tamaulipas cruza la tercera parte del flujo comercial de M\u00e9xico)<\/li>\n<li>La regi\u00f3n m\u00e1s grande de la frontera con 18 cruces internacionales, acceso a los EE.UU y regi\u00f3n del TLCAN<\/li>\n<li>S\u00f3lidas comunicaciones e infraestructura de transporte<\/li>\n<li>Diversidad econ\u00f3mica<\/li>\n<li>Riqueza de recursos naturales<\/li>\n<li>Mano de obra calificada y comprometida<\/li>\n<li>Ambiente y relaciones gubernamentales amigables<\/li>\n<\/ul>\n<p class=\"p1\"><strong>Incentivos<\/strong><\/p>\n<ul>\n<li class=\"p1\">Exenci\u00f3n en el impuesto sobre la n\u00f3mina<\/li>\n<li class=\"p1\">Exenci\u00f3n en el impuesto sobre la propiedad y en el registro p\u00fablico del comercio<\/li>\n<li class=\"p1\">La asistencia completa por el gobierno estatal para obtener la autorizaci\u00f3n municipal para el descuento \u00f3 la exenci\u00f3n de licencias y derechos durante el tiempo de los permisos de construcci\u00f3n<\/li>\n<li class=\"p1\">Apoyo y gesti\u00f3n a trav\u00e9s de un ejecutivo de gobierno en el proceso de ubicaci\u00f3n del sitio, durante la construcci\u00f3n, en los procedimientos y permisos de los tres niveles de gobierno<\/li>\n<li class=\"p1\">Vinculaci\u00f3n con las universidades tecnol\u00f3gicas del estado<span class=\"Apple-converted-space\">\u00a0 <\/span>para dise\u00f1ar<span class=\"Apple-converted-space\">\u00a0 <\/span>y\/o adaptar los programas educativos espec\u00edficos para la formaci\u00f3n de mano de obra especializada<\/li>\n<li class=\"p1\">Establecer programas en vinculaci\u00f3n con COTACYT a efecto de obtener y gestionar recursos y programas en materia de innovaci\u00f3n y desarrollo tecnol\u00f3gico<\/li>\n<li class=\"p1\">Apoyar y gestionar ante el gobierno federal, para la obtenci\u00f3n de recursos para los programas de capacitaci\u00f3n para la fuerza laboral<\/li>\n<\/ul>\n<p>Con una econom\u00eda diversificada y vinculada a cadenas globales y sectores esenciales, en Tamaulipas destacan actividades econ\u00f3micas como las Industrias Manufactureras, Comercio, Servicios financieros y bienes ra\u00edces, transporte y almacenaje, construcci\u00f3n, entre otros.<\/p>\n<p><strong>MAYOR INFORMACI\u00d3N<br \/>\n<\/strong><\/p>\n<blockquote>\n<p class=\"p1\">Secretar\u00eda de Econom\u00eda<br \/>\nSubsecretar\u00eda de Inversi\u00f3n<br \/>\nCentro de Oficinas Gubernamentales, Piso 21, Parque Bicentenario<br \/>\nC.P. 87000, Ciudad Victoria, Tamaulipas, M\u00e9xico<br \/>\nTel\u00e9fono: 834.107.8834 ext. 44244<\/p>\n<\/blockquote>\n","protected":false},"excerpt":{"rendered":"<p>En el contexto nacional, Tamaulipas ocupa el primer lugar como estado exportador en la industria qu\u00edmica, 2do lugar en la fabricaci\u00f3n de maquinaria y equipo,\u2026<\/p>\n","protected":false},"author":46,"featured_media":0,"parent":0,"menu_order":0,"comment_status":"closed","ping_status":"closed","template":"","meta":{"footnotes":""},"class_list":["post-619","page","type-page","status-publish","hentry"],"publishpress_future_action":{"enabled":false,"date":"2026-05-18 18:06:37","action":"change-status","newStatus":"draft","terms":[],"taxonomy":""},"_links":{"self":[{"href":"https:\/\/www.tamaulipas.gob.mx\/economia\/wp-json\/wp\/v2\/pages\/619"}],"collection":[{"href":"https:\/\/www.tamaulipas.gob.mx\/economia\/wp-json\/wp\/v2\/pages"}],"about":[{"href":"https:\/\/www.tamaulipas.gob.mx\/economia\/wp-json\/wp\/v2\/types\/page"}],"author":[{"embeddable":true,"href":"https:\/\/www.tamaulipas.gob.mx\/economia\/wp-json\/wp\/v2\/users\/46"}],"replies":[{"embeddable":true,"href":"https:\/\/www.tamaulipas.gob.mx\/economia\/wp-json\/wp\/v2\/comments?post=619"}],"version-history":[{"count":33,"href":"https:\/\/www.tamaulipas.gob.mx\/economia\/wp-json\/wp\/v2\/pages\/619\/revisions"}],"predecessor-version":[{"id":3021,"href":"https:\/\/www.tamaulipas.gob.mx\/economia\/wp-json\/wp\/v2\/pages\/619\/revisions\/3021"}],"wp:attachment":[{"href":"https:\/\/www.tamaulipas.gob.mx\/economia\/wp-json\/wp\/v2\/media?parent=619"}],"curies":[{"name":"wp","href":"https:\/\/api.w.org\/{rel}","templated":true}]}}