{"id":3944,"date":"2026-04-22T14:10:07","date_gmt":"2026-04-22T20:10:07","guid":{"rendered":"https:\/\/www.tamaulipas.gob.mx\/economia\/?page_id=3944"},"modified":"2026-04-23T14:09:39","modified_gmt":"2026-04-23T20:09:39","slug":"plan-anual-de-desarrollo-archivistico","status":"publish","type":"page","link":"https:\/\/www.tamaulipas.gob.mx\/economia\/plan-anual-de-desarrollo-archivistico\/","title":{"rendered":"Plan Anual de Desarrollo Archiv\u00edstico 2026"},"content":{"rendered":"<p>En cumplimiento de los art\u00edculos 23, 24 y 25 de la Ley de Archivos para el Estado de Tamaulipas, se publica el presente Plan Anual de Desarrollo Archiv\u00edstico (PADA), el cual constituye un instrumento de planeaci\u00f3n estrat\u00e9gica que orienta las acciones institucionales en materia de gesti\u00f3n documental y administraci\u00f3n de archivos.<\/p>\n<p>A trav\u00e9s de este documento, la Secretar\u00eda de Econom\u00eda establece los objetivos, estrategias y actividades encaminadas a fortalecer la organizaci\u00f3n, conservaci\u00f3n, disponibilidad y accesibilidad de los documentos, reconociendo a los archivos como un elemento fundamental para la transparencia, la rendici\u00f3n de cuentas y la preservaci\u00f3n de la memoria institucional.<\/p>\n<p>El PADA refleja el compromiso de esta instituci\u00f3n con la mejora continua de sus procesos archiv\u00edsticos, as\u00ed como con la adecuada gesti\u00f3n de la informaci\u00f3n p\u00fablica, garantizando su integridad, autenticidad y disponibilidad a lo largo de su ciclo de vida.<\/p>\n<p>Con la publicaci\u00f3n del presente Plan Anual de Desarrollo Archiv\u00edstico, se busca consolidar una cultura archiv\u00edstica s\u00f3lida que contribuya al fortalecimiento institucional y al cumplimiento de las obligaciones en materia de archivos.<\/p>\n<div class=\"row mb20\">\n<div class=\"col-sm-4\"><center><a href=\"https:\/\/www.tamaulipas.gob.mx\/economia\/wp-content\/uploads\/sites\/7\/2026\/04\/pada2026.pdf\" target=\"_blank\" rel=\"noopener\"><img loading=\"lazy\" decoding=\"async\" class=\"alignnone size-full wp-image-2920\" src=\"https:\/\/www.tamaulipas.gob.mx\/economia\/wp-content\/uploads\/sites\/7\/2026\/04\/pada2026-1.png\" alt=\"\" width=\"296\" height=\"117\" \/><\/a><\/center><\/div>\n<\/div>\n","protected":false},"excerpt":{"rendered":"<p>En cumplimiento de los art\u00edculos 23, 24 y 25 de la Ley de Archivos para el Estado de Tamaulipas, se publica el presente Plan Anual\u2026<\/p>\n","protected":false},"author":309,"featured_media":0,"parent":0,"menu_order":0,"comment_status":"closed","ping_status":"closed","template":"","meta":{"footnotes":""},"class_list":["post-3944","page","type-page","status-publish","hentry"],"publishpress_future_action":{"enabled":false,"date":"2026-05-06 11:15:35","action":"change-status","newStatus":"draft","terms":[],"taxonomy":""},"_links":{"self":[{"href":"https:\/\/www.tamaulipas.gob.mx\/economia\/wp-json\/wp\/v2\/pages\/3944"}],"collection":[{"href":"https:\/\/www.tamaulipas.gob.mx\/economia\/wp-json\/wp\/v2\/pages"}],"about":[{"href":"https:\/\/www.tamaulipas.gob.mx\/economia\/wp-json\/wp\/v2\/types\/page"}],"author":[{"embeddable":true,"href":"https:\/\/www.tamaulipas.gob.mx\/economia\/wp-json\/wp\/v2\/users\/309"}],"replies":[{"embeddable":true,"href":"https:\/\/www.tamaulipas.gob.mx\/economia\/wp-json\/wp\/v2\/comments?post=3944"}],"version-history":[{"count":6,"href":"https:\/\/www.tamaulipas.gob.mx\/economia\/wp-json\/wp\/v2\/pages\/3944\/revisions"}],"predecessor-version":[{"id":3955,"href":"https:\/\/www.tamaulipas.gob.mx\/economia\/wp-json\/wp\/v2\/pages\/3944\/revisions\/3955"}],"wp:attachment":[{"href":"https:\/\/www.tamaulipas.gob.mx\/economia\/wp-json\/wp\/v2\/media?parent=3944"}],"curies":[{"name":"wp","href":"https:\/\/api.w.org\/{rel}","templated":true}]}}