{"id":3715,"date":"2025-05-06T12:01:47","date_gmt":"2025-05-06T18:01:47","guid":{"rendered":"https:\/\/www.tamaulipas.gob.mx\/economia\/?page_id=3715"},"modified":"2025-05-06T16:37:36","modified_gmt":"2025-05-06T22:37:36","slug":"programa-presupuestario-p031-ano-2024","status":"publish","type":"page","link":"https:\/\/www.tamaulipas.gob.mx\/economia\/programa-presupuestario-p031-ano-2024\/","title":{"rendered":"Programa Presupuestario P031 Conducci\u00f3n de la Pol\u00edtica de Desarrollo Econ\u00f3mico 2024"},"content":{"rendered":"<p>Para dar cumplimiento a los art\u00edculo 64, 71 y 79 de la Ley General de Contabilidad Gubernamental; art\u00edculo 70 de la Ley General de Transparencia y Acceso a la Informaci\u00f3n P\u00fablica; art\u00edculo 67 de la Ley de Transparencia y Acceso a la Informaci\u00f3n P\u00fablica del Estado de Tamaulipas; y conforme al numeral 7 del Mecanismo ASM, la Secretar\u00eda de Econom\u00eda da a conocer los documentos derivado del Programa Anual de Evaluaci\u00f3n (PAE 2024)<\/p>\n<p><strong>Archivos para consulta<\/strong><\/p>\n<div class=\"row mb20\">\n<div class=\"col-sm-4\"><center><a href=\"https:\/\/www.tamaulipas.gob.mx\/economia\/wp-content\/uploads\/sites\/7\/2025\/05\/informe-final-evaluacion-de-diseno-al-programa-p031-2024.pdf\" target=\"_blank\" rel=\"noopener\"><img loading=\"lazy\" decoding=\"async\" class=\"alignnone size-medium wp-image-2923\" src=\"https:\/\/www.tamaulipas.gob.mx\/economia\/wp-content\/uploads\/sites\/7\/2025\/05\/descargar-informe-final-evaluacion-de-diseno-al-programa-p031-2024.png\" alt=\"\" width=\"296\" height=\"117\" \/><\/a><\/center><\/div>\n<div class=\"col-sm-4\"><center><a href=\"https:\/\/www.tamaulipas.gob.mx\/economia\/wp-content\/uploads\/sites\/7\/2025\/05\/formato-para-difusion-de-resultados-2024.pdf\" target=\"_blank\" rel=\"noopener\"><img loading=\"lazy\" decoding=\"async\" class=\"alignnone wp-image-3330 size-full\" src=\"https:\/\/www.tamaulipas.gob.mx\/economia\/wp-content\/uploads\/sites\/7\/2025\/05\/descargar-formato-para-la-difusion-de-resultados-2024.png\" alt=\"\" width=\"296\" height=\"117\" \/><\/a><\/center><\/div>\n<div class=\"col-sm-4\"><center><a href=\"https:\/\/www.tamaulipas.gob.mx\/economia\/wp-content\/uploads\/sites\/7\/2025\/05\/anexo-a-documento-de-posicion-institucional-2024.pdf\" target=\"_blank\" rel=\"noopener\"><img loading=\"lazy\" decoding=\"async\" class=\"alignnone wp-image-3330 size-full\" src=\"https:\/\/www.tamaulipas.gob.mx\/economia\/wp-content\/uploads\/sites\/7\/2025\/05\/descargar-anexo-a-documento-de-posicion-institucional-2024.png\" alt=\"\" width=\"296\" height=\"117\" \/><\/a><\/center><\/div>\n<\/div>\n<div class=\"row mb20\">\n<div class=\"col-sm-4\"><center><a href=\"https:\/\/www.tamaulipas.gob.mx\/economia\/wp-content\/uploads\/sites\/7\/2025\/05\/anexo-a1-seleccion-y-clasificacion-de-los-aspectos-susceptibles-de-mejora-2024.pdf\" target=\"_blank\" rel=\"noopener\"><img loading=\"lazy\" decoding=\"async\" class=\"alignnone wp-image-3330 size-full\" src=\"https:\/\/www.tamaulipas.gob.mx\/economia\/wp-content\/uploads\/sites\/7\/2025\/05\/descargar-anexo-a1-aspectos-susceptibles-de-mejora-2024.png\" alt=\"\" width=\"296\" height=\"117\" \/><\/a><\/center><\/div>\n<div class=\"col-sm-4\"><center><a href=\"https:\/\/www.tamaulipas.gob.mx\/economia\/wp-content\/uploads\/sites\/7\/2025\/05\/anexo-b-documento-de-trabajo-2024.pdf\" target=\"_blank\" rel=\"noopener\"><img loading=\"lazy\" decoding=\"async\" class=\"alignnone size-medium wp-image-2923\" src=\"https:\/\/www.tamaulipas.gob.mx\/economia\/wp-content\/uploads\/sites\/7\/2025\/05\/descargar-anexo-b-documento-de-trabajo-2024.png\" alt=\"\" width=\"296\" height=\"117\" \/><\/a><\/center><\/div>\n<\/div>\n","protected":false},"excerpt":{"rendered":"<p>Para dar cumplimiento a los art\u00edculo 64, 71 y 79 de la Ley General de Contabilidad Gubernamental; art\u00edculo 70 de la Ley General de Transparencia\u2026<\/p>\n","protected":false},"author":309,"featured_media":0,"parent":0,"menu_order":0,"comment_status":"closed","ping_status":"closed","template":"","meta":{"footnotes":""},"class_list":["post-3715","page","type-page","status-publish","hentry"],"publishpress_future_action":{"enabled":false,"date":"2026-04-28 04:56:57","action":"change-status","newStatus":"draft","terms":[],"taxonomy":""},"_links":{"self":[{"href":"https:\/\/www.tamaulipas.gob.mx\/economia\/wp-json\/wp\/v2\/pages\/3715"}],"collection":[{"href":"https:\/\/www.tamaulipas.gob.mx\/economia\/wp-json\/wp\/v2\/pages"}],"about":[{"href":"https:\/\/www.tamaulipas.gob.mx\/economia\/wp-json\/wp\/v2\/types\/page"}],"author":[{"embeddable":true,"href":"https:\/\/www.tamaulipas.gob.mx\/economia\/wp-json\/wp\/v2\/users\/309"}],"replies":[{"embeddable":true,"href":"https:\/\/www.tamaulipas.gob.mx\/economia\/wp-json\/wp\/v2\/comments?post=3715"}],"version-history":[{"count":25,"href":"https:\/\/www.tamaulipas.gob.mx\/economia\/wp-json\/wp\/v2\/pages\/3715\/revisions"}],"predecessor-version":[{"id":3761,"href":"https:\/\/www.tamaulipas.gob.mx\/economia\/wp-json\/wp\/v2\/pages\/3715\/revisions\/3761"}],"wp:attachment":[{"href":"https:\/\/www.tamaulipas.gob.mx\/economia\/wp-json\/wp\/v2\/media?parent=3715"}],"curies":[{"name":"wp","href":"https:\/\/api.w.org\/{rel}","templated":true}]}}