{"id":2985,"date":"2023-08-25T09:58:25","date_gmt":"2023-08-25T15:58:25","guid":{"rendered":"https:\/\/www.tamaulipas.gob.mx\/economia\/?page_id=2985"},"modified":"2023-08-25T13:17:46","modified_gmt":"2023-08-25T19:17:46","slug":"registro-via-mipymes","status":"publish","type":"page","link":"https:\/\/www.tamaulipas.gob.mx\/economia\/registro-via-mipymes\/","title":{"rendered":"Registro VIA MiPyMEs"},"content":{"rendered":"<style>\nspan.wpcf7-list-item {\n  margin-left: 0.5em;\n  display: block;\n}\n<\/style>\n\n<div class=\"wpcf7 no-js\" id=\"wpcf7-f2984-o1\" lang=\"es-ES\" dir=\"ltr\">\n<div class=\"screen-reader-response\"><p role=\"status\" aria-live=\"polite\" aria-atomic=\"true\"><\/p> <ul><\/ul><\/div>\n<form action=\"\/economia\/wp-json\/wp\/v2\/pages\/2985#wpcf7-f2984-o1\" method=\"post\" class=\"wpcf7-form init\" aria-label=\"Formulario de contacto\" novalidate=\"novalidate\" data-status=\"init\">\n<div style=\"display: none;\">\n<input type=\"hidden\" name=\"_wpcf7\" value=\"2984\" \/>\n<input type=\"hidden\" name=\"_wpcf7_version\" value=\"5.7.6\" \/>\n<input type=\"hidden\" name=\"_wpcf7_locale\" value=\"es_ES\" \/>\n<input type=\"hidden\" name=\"_wpcf7_unit_tag\" value=\"wpcf7-f2984-o1\" \/>\n<input type=\"hidden\" name=\"_wpcf7_container_post\" value=\"0\" \/>\n<input type=\"hidden\" name=\"_wpcf7_posted_data_hash\" value=\"\" \/>\n<input type=\"hidden\" name=\"_wpcf7_recaptcha_response\" value=\"\" \/>\n<\/div>\n<p><label>DATOS DE LA EMPRESA O EMPRENDEDOR<\/label>\n<\/p>\n<div class=\"row mb20\">\n\t<div class=\"col-sm-6\">\n\t\t<p><label> Tipo de Solicitante <span class=\"requerido\">*<\/span><\/label><br \/>\n<span class=\"wpcf7-form-control-wrap\" data-name=\"tiposolicitante\"><span class=\"wpcf7-form-control wpcf7-radio\"><span class=\"wpcf7-list-item first\"><input type=\"radio\" name=\"tiposolicitante\" value=\"Persona f\u00edsica\" checked=\"checked\" \/><span class=\"wpcf7-list-item-label\">Persona f\u00edsica<\/span><\/span><span class=\"wpcf7-list-item\"><input type=\"radio\" name=\"tiposolicitante\" value=\"Persona moral\" \/><span class=\"wpcf7-list-item-label\">Persona moral<\/span><\/span><span class=\"wpcf7-list-item\"><input type=\"radio\" name=\"tiposolicitante\" value=\"Organizaci\u00f3n social\" \/><span class=\"wpcf7-list-item-label\">Organizaci\u00f3n social<\/span><\/span><span class=\"wpcf7-list-item last\"><input type=\"radio\" name=\"tiposolicitante\" value=\"Emprendedor\" \/><span class=\"wpcf7-list-item-label\">Emprendedor<\/span><\/span><\/span><\/span>\n\t\t<\/p>\n\t<\/div>\n\t<div class=\"col-sm-6\">\n\t\t<p><label> Nombre o Raz\u00f3n Social <span class=\"requerido\">*<\/span><\/label><br \/>\n<span class=\"wpcf7-form-control-wrap\" data-name=\"nombrerazonsocial\"><input size=\"40\" class=\"wpcf7-form-control wpcf7-text wpcf7-validates-as-required form-control\" aria-required=\"true\" aria-invalid=\"false\" placeholder=\"Nombre o Raz\u00f3n Social\" value=\"\" type=\"text\" name=\"nombrerazonsocial\" \/><\/span>\n\t\t<\/p>\n\t<\/div>\n<\/div>\n<div class=\"row mb20\">\n\t<div class=\"col-sm-6\">\n\t\t<p><label> RFC <span class=\"requerido\">*<\/span><\/label><br \/>\n<span class=\"wpcf7-form-control-wrap\" data-name=\"rfc\"><input size=\"40\" class=\"wpcf7-form-control wpcf7-text wpcf7-validates-as-required form-control\" aria-required=\"true\" aria-invalid=\"false\" placeholder=\"RFC\" value=\"\" type=\"text\" name=\"rfc\" \/><\/span>\n\t\t<\/p>\n\t<\/div>\n\t<div class=\"col-sm-6\">\n\t\t<p><label> Nombre Comercial o Marca<\/label><br \/>\n<span class=\"wpcf7-form-control-wrap\" data-name=\"nombrecomercial\"><input size=\"40\" class=\"wpcf7-form-control wpcf7-text form-control\" aria-invalid=\"false\" placeholder=\"Nombre Comercial o Marca\" value=\"\" type=\"text\" name=\"nombrecomercial\" \/><\/span>\n\t\t<\/p>\n\t<\/div>\n<\/div>\n<div class=\"row mb20\">\n\t<div class=\"col-sm-6\">\n\t\t<p><label> Giro <span class=\"requerido\">*<\/span><\/label><br \/>\n<span class=\"wpcf7-form-control-wrap\" data-name=\"giro\"><span class=\"wpcf7-form-control wpcf7-radio\"><span class=\"wpcf7-list-item first\"><input type=\"radio\" name=\"giro\" value=\"Comercio (Compra-Venta)\" \/><span class=\"wpcf7-list-item-label\">Comercio (Compra-Venta)<\/span><\/span><span class=\"wpcf7-list-item\"><input type=\"radio\" name=\"giro\" value=\"Industria (Creaci\u00f3n o transformaci\u00f3n)\" \/><span class=\"wpcf7-list-item-label\">Industria (Creaci\u00f3n o transformaci\u00f3n)<\/span><\/span><span class=\"wpcf7-list-item last\"><input type=\"radio\" name=\"giro\" value=\"Servicios\" \/><span class=\"wpcf7-list-item-label\">Servicios<\/span><\/span><\/span><\/span>\n\t\t<\/p>\n\t<\/div>\n\t<div class=\"col-sm-6\">\n\t\t<p><label> Sector <span class=\"requerido\">*<\/span><\/label><br \/>\n<span class=\"wpcf7-form-control-wrap\" data-name=\"sector\"><select class=\"wpcf7-form-control wpcf7-select wpcf7-validates-as-required form-control\" aria-required=\"true\" aria-invalid=\"false\" name=\"sector\"><option value=\"Alimentos \/ Bebidas\">Alimentos \/ Bebidas<\/option><option value=\"Artesan\u00edas\">Artesan\u00edas<\/option><option value=\"Arte \/ Cultura \/ Deporte\">Arte \/ Cultura \/ Deporte<\/option><option value=\"Belleza \/ Cuidado de la salud\">Belleza \/ Cuidado de la salud<\/option><option value=\"Bisuter\u00eda \/ Accesorios\">Bisuter\u00eda \/ Accesorios<\/option><option value=\"Caza \/ Pesca\">Caza \/ Pesca<\/option><option value=\"Combustibles\">Combustibles<\/option><option value=\"Construcci\u00f3n\">Construcci\u00f3n<\/option><option value=\"Ferreter\u00eda\">Ferreter\u00eda<\/option><option value=\"Muebles \/ Art\u00edculos para el hogar u oficina\">Muebles \/ Art\u00edculos para el hogar u oficina<\/option><option value=\"Qu\u00edmico\">Qu\u00edmico<\/option><option value=\"Servicios profesionales\">Servicios profesionales<\/option><option value=\"Tecnolog\u00eda\">Tecnolog\u00eda<\/option><option value=\"Turismo\">Turismo<\/option><option value=\"Textil \/ Vestido \/ Cuero \/ Calzado\">Textil \/ Vestido \/ Cuero \/ Calzado<\/option><option value=\"Otros\">Otros<\/option><\/select><\/span>\n\t\t<\/p>\n\t<\/div>\n<\/div>\n<div class=\"row mb20\">\n\t<div class=\"col-sm-6\">\n\t\t<p><label> Breve Descripci\u00f3n de Producto \/ Servicio <span class=\"requerido\">*<\/span><\/label><br \/>\n<span class=\"wpcf7-form-control-wrap\" data-name=\"productoservicio\"><input size=\"40\" class=\"wpcf7-form-control wpcf7-text wpcf7-validates-as-required form-control\" aria-required=\"true\" aria-invalid=\"false\" placeholder=\"Explica lo que ofrece tu empresa o emprendimiento\" value=\"\" type=\"text\" name=\"productoservicio\" \/><\/span>\n\t\t<\/p>\n\t<\/div>\n\t<div class=\"col-sm-6\">\n\t\t<p><label> N\u00famero de Empleados <span class=\"requerido\">*<\/span><\/label><br \/>\n<span class=\"wpcf7-form-control-wrap\" data-name=\"empleados\"><input size=\"40\" class=\"wpcf7-form-control wpcf7-text wpcf7-validates-as-required form-control\" aria-required=\"true\" aria-invalid=\"false\" placeholder=\"Autoempleo cuenta como 1\" value=\"\" type=\"text\" name=\"empleados\" \/><\/span>\n\t\t<\/p>\n\t<\/div>\n<\/div>\n<div class=\"row mb20\">\n\t<div class=\"col-sm-6\">\n\t\t<p><label> A\u00f1o de Inicio de Operaciones <\/label><br \/>\n<span class=\"wpcf7-form-control-wrap\" data-name=\"iniciooperaciones\"><input size=\"40\" class=\"wpcf7-form-control wpcf7-text form-control\" aria-invalid=\"false\" placeholder=\"AAAA\" value=\"\" type=\"text\" name=\"iniciooperaciones\" \/><\/span>\n\t\t<\/p>\n\t<\/div>\n\t<div class=\"col-sm-6\">\n\t\t<p><label> Cuenta Con <span class=\"requerido\">*<\/span><\/label><br \/>\n<span class=\"wpcf7-form-control-wrap\" data-name=\"cuentacon\"><span class=\"wpcf7-form-control wpcf7-checkbox wpcf7-validates-as-required\"><span class=\"wpcf7-list-item first\"><input type=\"checkbox\" name=\"cuentacon[]\" value=\"Registro SAT de la actividad seleccionada\" \/><span class=\"wpcf7-list-item-label\">Registro SAT de la actividad seleccionada<\/span><\/span><span class=\"wpcf7-list-item\"><input type=\"checkbox\" name=\"cuentacon[]\" value=\"Marca registrada\" \/><span class=\"wpcf7-list-item-label\">Marca registrada<\/span><\/span><span class=\"wpcf7-list-item\"><input type=\"checkbox\" name=\"cuentacon[]\" value=\"C\u00f3digos de barras\" \/><span class=\"wpcf7-list-item-label\">C\u00f3digos de barras<\/span><\/span><span class=\"wpcf7-list-item\"><input type=\"checkbox\" name=\"cuentacon[]\" value=\"Presencia en comercio electr\u00f3nico\" \/><span class=\"wpcf7-list-item-label\">Presencia en comercio electr\u00f3nico<\/span><\/span><span class=\"wpcf7-list-item last\"><input type=\"checkbox\" name=\"cuentacon[]\" value=\"Logo y etiquetas formales\" \/><span class=\"wpcf7-list-item-label\">Logo y etiquetas formales<\/span><\/span><\/span><\/span>\n\t\t<\/p>\n\t<\/div>\n<\/div>\n<div class=\"row mb20\">\n\t<div class=\"col-sm-6\">\n\t\t<p><label> Tel\u00e9fono <span class=\"requerido\">*<\/span><\/label><br \/>\n<span class=\"wpcf7-form-control-wrap\" data-name=\"telefono\"><input size=\"40\" class=\"wpcf7-form-control wpcf7-text wpcf7-validates-as-required form-control\" aria-required=\"true\" aria-invalid=\"false\" placeholder=\"Tel\u00e9fono\" value=\"\" type=\"text\" name=\"telefono\" \/><\/span>\n\t\t<\/p>\n\t<\/div>\n\t<div class=\"col-sm-6\">\n\t\t<p><label> Correo Electr\u00f3nico <span class=\"requerido\">*<\/span><\/label><br \/>\n<span class=\"wpcf7-form-control-wrap\" data-name=\"correoelectronico\"><input size=\"40\" class=\"wpcf7-form-control wpcf7-text wpcf7-email wpcf7-validates-as-required wpcf7-validates-as-email form-control\" aria-required=\"true\" aria-invalid=\"false\" placeholder=\"Correo Electr\u00f3nico\" value=\"\" type=\"email\" name=\"correoelectronico\" \/><\/span>\n\t\t<\/p>\n\t<\/div>\n<\/div>\n<div class=\"row mb20\">\n\t<div class=\"col-sm-6\">\n\t\t<p><label> Sitio Web <\/label><br \/>\n<span class=\"wpcf7-form-control-wrap\" data-name=\"sitioweb\"><input size=\"40\" class=\"wpcf7-form-control wpcf7-text form-control\" aria-invalid=\"false\" placeholder=\"Sitio Web\" value=\"\" type=\"text\" name=\"sitioweb\" \/><\/span>\n\t\t<\/p>\n\t<\/div>\n\t<div class=\"col-sm-6\">\n\t\t<p><label> Redes Sociales Empresariales <span class=\"requerido\">*<\/span><\/label><br \/>\n<span class=\"wpcf7-form-control-wrap\" data-name=\"redessociales\"><span class=\"wpcf7-form-control wpcf7-checkbox wpcf7-validates-as-required\"><span class=\"wpcf7-list-item first\"><input type=\"checkbox\" name=\"redessociales[]\" value=\"Instagram\" \/><span class=\"wpcf7-list-item-label\">Instagram<\/span><\/span><span class=\"wpcf7-list-item\"><input type=\"checkbox\" name=\"redessociales[]\" value=\"Facebook\" \/><span class=\"wpcf7-list-item-label\">Facebook<\/span><\/span><span class=\"wpcf7-list-item\"><input type=\"checkbox\" name=\"redessociales[]\" value=\"YouTube\" \/><span class=\"wpcf7-list-item-label\">YouTube<\/span><\/span><span class=\"wpcf7-list-item\"><input type=\"checkbox\" name=\"redessociales[]\" value=\"TikTok\" \/><span class=\"wpcf7-list-item-label\">TikTok<\/span><\/span><span class=\"wpcf7-list-item last\"><input type=\"checkbox\" name=\"redessociales[]\" value=\"Twitter\" \/><span class=\"wpcf7-list-item-label\">Twitter<\/span><\/span><\/span><\/span>\n\t\t<\/p>\n\t<\/div>\n<\/div>\n<hr \/>\n<p><label>DOMICILIO<\/label>\n<\/p>\n<div class=\"row mb20\">\n\t<div class=\"col-sm-6\">\n\t\t<p><label> Calles y N\u00famero Interior \/ Exterior<\/label><br \/>\n<span class=\"wpcf7-form-control-wrap\" data-name=\"calles\"><input size=\"40\" class=\"wpcf7-form-control wpcf7-text form-control\" aria-invalid=\"false\" placeholder=\"Calles y N\u00famero Interior \/ Exterior\" value=\"\" type=\"text\" name=\"calles\" \/><\/span>\n\t\t<\/p>\n\t<\/div>\n\t<div class=\"col-sm-6\">\n\t\t<p><label> Colonia o Fraccionamiento <\/label><br \/>\n<span class=\"wpcf7-form-control-wrap\" data-name=\"colonia\"><input size=\"40\" class=\"wpcf7-form-control wpcf7-text form-control\" aria-invalid=\"false\" placeholder=\"Colonia o Fraccionamiento\" value=\"\" type=\"text\" name=\"colonia\" \/><\/span>\n\t\t<\/p>\n\t<\/div>\n<\/div>\n<div class=\"row mb20\">\n\t<div class=\"col-sm-6\">\n\t\t<p><label> C\u00f3digo Postal <\/label><br \/>\n<span class=\"wpcf7-form-control-wrap\" data-name=\"codigopostal\"><input size=\"40\" class=\"wpcf7-form-control wpcf7-text form-control\" aria-invalid=\"false\" placeholder=\"C\u00f3digo Postal\" value=\"\" type=\"text\" name=\"codigopostal\" \/><\/span>\n\t\t<\/p>\n\t<\/div>\n\t<div class=\"col-sm-6\">\n\t\t<p><label> Municipio <span class=\"requerido\">*<\/span><\/label><br \/>\n<span class=\"wpcf7-form-control-wrap\" data-name=\"municipio\"><select class=\"wpcf7-form-control wpcf7-select wpcf7-validates-as-required form-control\" aria-required=\"true\" aria-invalid=\"false\" name=\"municipio\"><option value=\"Abasolo\">Abasolo<\/option><option value=\"Aldama\">Aldama<\/option><option value=\"Altamira\">Altamira<\/option><option value=\"Antiguo Morelos\">Antiguo Morelos<\/option><option value=\"Burgos\">Burgos<\/option><option value=\"Bustamante\">Bustamante<\/option><option value=\"Camargo\">Camargo<\/option><option value=\"Casas\">Casas<\/option><option value=\"Cruillas\">Cruillas<\/option><option value=\"G\u00fc\u00e9mez\">G\u00fc\u00e9mez<\/option><option value=\"G\u00f3mez Far\u00edas\">G\u00f3mez Far\u00edas<\/option><option value=\"Gonz\u00e1lez\">Gonz\u00e1lez<\/option><option value=\"Guerrero\">Guerrero<\/option><option value=\"Gustavo D\u00edaz Ordaz\">Gustavo D\u00edaz Ordaz<\/option><option value=\"Hidalgo\">Hidalgo<\/option><option value=\"Jaumave\">Jaumave<\/option><option value=\"Jim\u00e9nez\">Jim\u00e9nez<\/option><option value=\"Llera\">Llera<\/option><option value=\"Madero\">Madero<\/option><option value=\"Mainero\">Mainero<\/option><option value=\"Mante\">Mante<\/option><option value=\"Matamoros\">Matamoros<\/option><option value=\"M\u00e9ndez\">M\u00e9ndez<\/option><option value=\"Mier\">Mier<\/option><option value=\"Miguel Alem\u00e1n\">Miguel Alem\u00e1n<\/option><option value=\"Miquihuana\">Miquihuana<\/option><option value=\"Nuevo Laredo\">Nuevo Laredo<\/option><option value=\"Nuevo Morelos\">Nuevo Morelos<\/option><option value=\"Ocampo\">Ocampo<\/option><option value=\"Padilla\">Padilla<\/option><option value=\"Palmillas\">Palmillas<\/option><option value=\"Reynosa\">Reynosa<\/option><option value=\"R\u00edo Bravo\">R\u00edo Bravo<\/option><option value=\"San Carlos\">San Carlos<\/option><option value=\"San Fernando\">San Fernando<\/option><option value=\"San Nicol\u00e1s\">San Nicol\u00e1s<\/option><option value=\"Soto la Marina\">Soto la Marina<\/option><option value=\"Tampico\">Tampico<\/option><option value=\"Tula\">Tula<\/option><option value=\"Valle Hermoso\">Valle Hermoso<\/option><option value=\"Victoria\">Victoria<\/option><option value=\"Villagr\u00e1n\">Villagr\u00e1n<\/option><option value=\"Xicot\u00e9ncatl\">Xicot\u00e9ncatl<\/option><\/select><\/span>\n\t\t<\/p>\n\t<\/div>\n<\/div>\n<hr \/>\n<p><label>REPRESENTANTE LEGAL<\/label>\n<\/p>\n<div class=\"row mb20\">\n\t<div class=\"col-sm-6\">\n\t\t<p><label> Nombre Completo<\/label><br \/>\n<span class=\"wpcf7-form-control-wrap\" data-name=\"representantelegal\"><input size=\"40\" class=\"wpcf7-form-control wpcf7-text form-control\" aria-invalid=\"false\" placeholder=\"Nombre Completo del Representante Legal\" value=\"\" type=\"text\" name=\"representantelegal\" \/><\/span>\n\t\t<\/p>\n\t<\/div>\n\t<div class=\"col-sm-6\">\n\t\t<p><label> CURP <span class=\"requerido\">*<\/span><\/label><br \/>\n<span class=\"wpcf7-form-control-wrap\" data-name=\"curp\"><input size=\"40\" class=\"wpcf7-form-control wpcf7-text wpcf7-validates-as-required form-control\" aria-required=\"true\" aria-invalid=\"false\" placeholder=\"CURP del Representante Legal\" value=\"\" type=\"text\" name=\"curp\" \/><\/span>\n\t\t<\/p>\n\t<\/div>\n<\/div>\n<div class=\"row mb20\">\n\t<div class=\"col-sm-6\">\n\t\t<p><label> Edad<\/label><br \/>\n<span class=\"wpcf7-form-control-wrap\" data-name=\"edad\"><select class=\"wpcf7-form-control wpcf7-select wpcf7-validates-as-required form-control\" aria-required=\"true\" aria-invalid=\"false\" name=\"edad\"><option value=\"Menos de 18\">Menos de 18<\/option><option value=\"18-23\">18-23<\/option><option value=\"24-29\">24-29<\/option><option value=\"30-35\">30-35<\/option><option value=\"36-41\">36-41<\/option><option value=\"42-47\">42-47<\/option><option value=\"48-53\">48-53<\/option><option value=\"54-59\">54-59<\/option><option value=\"60-64\">60-64<\/option><option value=\"+65\">+65<\/option><\/select><\/span>\n\t\t<\/p>\n\t<\/div>\n\t<div class=\"col-sm-6\">\n\t\t<p><label> G\u00e9nero <span class=\"requerido\">*<\/span><\/label><br \/>\n<span class=\"wpcf7-form-control-wrap\" data-name=\"genero\"><span class=\"wpcf7-form-control wpcf7-radio\"><span class=\"wpcf7-list-item first\"><input type=\"radio\" name=\"genero\" value=\"Femenino\" \/><span class=\"wpcf7-list-item-label\">Femenino<\/span><\/span><span class=\"wpcf7-list-item\"><input type=\"radio\" name=\"genero\" value=\"Masculino\" \/><span class=\"wpcf7-list-item-label\">Masculino<\/span><\/span><span class=\"wpcf7-list-item last\"><input type=\"radio\" name=\"genero\" value=\"No binario\" \/><span class=\"wpcf7-list-item-label\">No binario<\/span><\/span><\/span><\/span>\n\t\t<\/p>\n\t<\/div>\n<\/div>\n<div class=\"row mb20\">\n\t<div class=\"col-sm-6\">\n\t\t<p><label> \u00bfTiene alguna discapacidad? <span class=\"requerido\">*<\/span><\/label><br \/>\n<span class=\"wpcf7-form-control-wrap\" data-name=\"discapacidad\"><span class=\"wpcf7-form-control wpcf7-radio\"><span class=\"wpcf7-list-item first\"><input type=\"radio\" name=\"discapacidad\" value=\"Si\" \/><span class=\"wpcf7-list-item-label\">Si<\/span><\/span><span class=\"wpcf7-list-item last\"><input type=\"radio\" name=\"discapacidad\" value=\"No\" \/><span class=\"wpcf7-list-item-label\">No<\/span><\/span><\/span><\/span>\n\t\t<\/p>\n\t<\/div>\n<\/div>\n<hr \/>\n<p><label> SERVICIOS QUE LE INTERESAN<\/label>\n<\/p>\n<div class=\"row mb20\">\n\t<div class=\"col-sm-12\">\n\t\t<p><span class=\"wpcf7-form-control-wrap\" data-name=\"servicios\"><span class=\"wpcf7-form-control wpcf7-checkbox wpcf7-validates-as-required\"><span class=\"wpcf7-list-item first\"><input type=\"checkbox\" name=\"servicios[]\" value=\"Plan de negocio y desarrollo de habilidades empresariales\" \/><span class=\"wpcf7-list-item-label\">Plan de negocio y desarrollo de habilidades empresariales<\/span><\/span><span class=\"wpcf7-list-item\"><input type=\"checkbox\" name=\"servicios[]\" value=\"Acta Constitutiva de Microindustria\" \/><span class=\"wpcf7-list-item-label\">Acta Constitutiva de Microindustria<\/span><\/span><span class=\"wpcf7-list-item\"><input type=\"checkbox\" name=\"servicios[]\" value=\"Hecho en Tamaulipas (Dise\u00f1o gr\u00e1fico, c\u00f3digo de barras, registro de marca, vinculaci\u00f3n con laboratorios alimenticios y promoci\u00f3n)\" \/><span class=\"wpcf7-list-item-label\">Hecho en Tamaulipas (Dise\u00f1o gr\u00e1fico, c\u00f3digo de barras, registro de marca, vinculaci\u00f3n con laboratorios alimenticios y promoci\u00f3n)<\/span><\/span><span class=\"wpcf7-list-item\"><input type=\"checkbox\" name=\"servicios[]\" value=\"Cadenas comerciales\" \/><span class=\"wpcf7-list-item-label\">Cadenas comerciales<\/span><\/span><span class=\"wpcf7-list-item\"><input type=\"checkbox\" name=\"servicios[]\" value=\"Asesor\u00eda para la exportaci\u00f3n\" \/><span class=\"wpcf7-list-item-label\">Asesor\u00eda para la exportaci\u00f3n<\/span><\/span><span class=\"wpcf7-list-item\"><input type=\"checkbox\" name=\"servicios[]\" value=\"Vinculaci\u00f3n con programa &#039;J\u00f3venes construyendo el futuro&#039;\" \/><span class=\"wpcf7-list-item-label\">Vinculaci\u00f3n con programa &#039;J\u00f3venes construyendo el futuro&#039;<\/span><\/span><span class=\"wpcf7-list-item\"><input type=\"checkbox\" name=\"servicios[]\" value=\"Comercio electr\u00f3nico\" \/><span class=\"wpcf7-list-item-label\">Comercio electr\u00f3nico<\/span><\/span><span class=\"wpcf7-list-item last\"><input type=\"checkbox\" name=\"servicios[]\" value=\"Gesti\u00f3n de cita para el SAT (RFC)\" \/><span class=\"wpcf7-list-item-label\">Gesti\u00f3n de cita para el SAT (RFC)<\/span><\/span><\/span><\/span>\n\t\t<\/p>\n\t<\/div>\n<\/div>\n<hr \/>\n<p><span class=\"wpcf7-form-control-wrap\" data-name=\"Privacidad\"><span class=\"wpcf7-form-control wpcf7-checkbox wpcf7-validates-as-required\"><span class=\"wpcf7-list-item first last\"><input type=\"checkbox\" name=\"Privacidad[]\" value=\"Comprendo y acepto que los datos recabados en el presente formulario ser\u00e1n tratados con la reserva y protecci\u00f3n de datos personales e informaci\u00f3n confidencial con fundamento en la Ley de protecci\u00f3n de datos personales en posesi\u00f3n de sujetos obligados del Estado de Tamaulipas y de uso exclusivo de la Secretar\u00eda de Econom\u00eda, a trav\u00e9s de su Subsecretar\u00eda de la Peque\u00f1a y Mediana Empresa.\" \/><span class=\"wpcf7-list-item-label\">Comprendo y acepto que los datos recabados en el presente formulario ser\u00e1n tratados con la reserva y protecci\u00f3n de datos personales e informaci\u00f3n confidencial con fundamento en la Ley de protecci\u00f3n de datos personales en posesi\u00f3n de sujetos obligados del Estado de Tamaulipas y de uso exclusivo de la Secretar\u00eda de Econom\u00eda, a trav\u00e9s de su Subsecretar\u00eda de la Peque\u00f1a y Mediana Empresa.<\/span><\/span><\/span><\/span>\n<\/p>\n<p><input class=\"wpcf7-form-control has-spinner wpcf7-submit btn btn-primary center-block\" type=\"submit\" value=\"Enviar\" \/>\n<\/p><div class=\"wpcf7-response-output\" aria-hidden=\"true\"><\/div>\n<\/form>\n<\/div>\n\n","protected":false},"excerpt":{"rendered":"","protected":false},"author":309,"featured_media":0,"parent":0,"menu_order":0,"comment_status":"closed","ping_status":"closed","template":"","meta":{"footnotes":""},"class_list":["post-2985","page","type-page","status-publish","hentry"],"publishpress_future_action":{"enabled":false,"date":"2026-04-28 07:28:34","action":"change-status","newStatus":"draft","terms":[],"taxonomy":""},"_links":{"self":[{"href":"https:\/\/www.tamaulipas.gob.mx\/economia\/wp-json\/wp\/v2\/pages\/2985"}],"collection":[{"href":"https:\/\/www.tamaulipas.gob.mx\/economia\/wp-json\/wp\/v2\/pages"}],"about":[{"href":"https:\/\/www.tamaulipas.gob.mx\/economia\/wp-json\/wp\/v2\/types\/page"}],"author":[{"embeddable":true,"href":"https:\/\/www.tamaulipas.gob.mx\/economia\/wp-json\/wp\/v2\/users\/309"}],"replies":[{"embeddable":true,"href":"https:\/\/www.tamaulipas.gob.mx\/economia\/wp-json\/wp\/v2\/comments?post=2985"}],"version-history":[{"count":6,"href":"https:\/\/www.tamaulipas.gob.mx\/economia\/wp-json\/wp\/v2\/pages\/2985\/revisions"}],"predecessor-version":[{"id":2991,"href":"https:\/\/www.tamaulipas.gob.mx\/economia\/wp-json\/wp\/v2\/pages\/2985\/revisions\/2991"}],"wp:attachment":[{"href":"https:\/\/www.tamaulipas.gob.mx\/economia\/wp-json\/wp\/v2\/media?parent=2985"}],"curies":[{"name":"wp","href":"https:\/\/api.w.org\/{rel}","templated":true}]}}