{"id":2628,"date":"2023-06-27T13:54:33","date_gmt":"2023-06-27T19:54:33","guid":{"rendered":"https:\/\/www.tamaulipas.gob.mx\/desarrolloeconomico\/?page_id=2628"},"modified":"2025-06-11T12:53:45","modified_gmt":"2025-06-11T18:53:45","slug":"gestion-de-rfc","status":"publish","type":"page","link":"https:\/\/www.tamaulipas.gob.mx\/economia\/gestion-de-rfc\/","title":{"rendered":"Gesti\u00f3n de RFC"},"content":{"rendered":"<p>Servicio sin costo que ofrece la Secretar\u00eda como apoyo a toda persona f\u00edsica o moral que realiza una actividad econ\u00f3mica y desea obtener su Registro Federal de Contribuyentes ante el SAT (Servicio de Administraci\u00f3n Tributaria).<\/p>\n<p><strong>Requisitos<\/strong><\/p>\n<ul>\n<li>Identificaci\u00f3n oficial de la persona f\u00edsica o representante legal, CURP, comprobante de domicilio, correo electr\u00f3nico.<\/li>\n<\/ul>\n<p><strong>Proceso del tramite<\/strong><\/p>\n<ul>\n<li>Se presenta el interesado con los requisitos<\/li>\n<li>El personal de la Secretaria gestiona la cita v\u00eda internet<\/li>\n<li>El interesado acude a su cita con la documentaci\u00f3n solicitada por el SAT, para la realizaci\u00f3n del tr\u00e1mite<\/li>\n<li>Una vez que el interesado obtiene su constancia de situaci\u00f3n fiscal le informar\u00e1 al Coordinador de la Ventanilla Integral de Atenci\u00f3n VIA MiPyMEs\u00a0 de su municipio<\/li>\n<\/ul>\n<p>Si estas interesado en este servicio, comun\u00edcate con tu <a href=\"https:\/\/www.tamaulipas.gob.mx\/economia\/via-mipymes\/\">Ventanilla Integral de Atenci\u00f3n VIA MIPYMES<\/a>.<\/p>\n<p><strong>MAYOR INFORMACI\u00d3N<br \/>\n<\/strong><\/p>\n<blockquote>\n<p class=\"p1\">Subsecretaria para la Peque\u00f1a y Mediana Empresa<br \/>\nDirecci\u00f3n para la Creaci\u00f3n y Formalizaci\u00f3n de Empresas<br \/>\nCentro de Oficinas Gubernamentales, Piso 21, Parque Bicentenario<br \/>\nC.P. 87000, Ciudad Victoria, Tamaulipas, M\u00e9xico<br \/>\nTel\u00e9fono: 834 107 8714 ext. 44317<br \/>\nCorreo electr\u00f3nico: kristopher.castillo@tamaulipas.gob.mx<\/p>\n<\/blockquote>\n","protected":false},"excerpt":{"rendered":"<p>Servicio sin costo que ofrece la Secretar\u00eda como apoyo a toda persona f\u00edsica o moral que realiza una actividad econ\u00f3mica y desea obtener su Registro\u2026<\/p>\n","protected":false},"author":309,"featured_media":0,"parent":0,"menu_order":0,"comment_status":"closed","ping_status":"closed","template":"","meta":{"footnotes":""},"class_list":["post-2628","page","type-page","status-publish","hentry"],"publishpress_future_action":{"enabled":false,"date":"2026-04-28 07:15:27","action":"change-status","newStatus":"draft","terms":[],"taxonomy":""},"_links":{"self":[{"href":"https:\/\/www.tamaulipas.gob.mx\/economia\/wp-json\/wp\/v2\/pages\/2628"}],"collection":[{"href":"https:\/\/www.tamaulipas.gob.mx\/economia\/wp-json\/wp\/v2\/pages"}],"about":[{"href":"https:\/\/www.tamaulipas.gob.mx\/economia\/wp-json\/wp\/v2\/types\/page"}],"author":[{"embeddable":true,"href":"https:\/\/www.tamaulipas.gob.mx\/economia\/wp-json\/wp\/v2\/users\/309"}],"replies":[{"embeddable":true,"href":"https:\/\/www.tamaulipas.gob.mx\/economia\/wp-json\/wp\/v2\/comments?post=2628"}],"version-history":[{"count":7,"href":"https:\/\/www.tamaulipas.gob.mx\/economia\/wp-json\/wp\/v2\/pages\/2628\/revisions"}],"predecessor-version":[{"id":3566,"href":"https:\/\/www.tamaulipas.gob.mx\/economia\/wp-json\/wp\/v2\/pages\/2628\/revisions\/3566"}],"wp:attachment":[{"href":"https:\/\/www.tamaulipas.gob.mx\/economia\/wp-json\/wp\/v2\/media?parent=2628"}],"curies":[{"name":"wp","href":"https:\/\/api.w.org\/{rel}","templated":true}]}}