{"id":95,"date":"2016-11-07T10:42:17","date_gmt":"2016-11-07T16:42:17","guid":{"rendered":"http:\/\/www.tamaulipas.gob.mx\/desarrollorural\/?page_id=95"},"modified":"2026-04-27T09:04:34","modified_gmt":"2026-04-27T15:04:34","slug":"forestal","status":"publish","type":"page","link":"https:\/\/www.tamaulipas.gob.mx\/desarrollorural\/temas-del-sector\/forestal\/","title":{"rendered":"Forestal"},"content":{"rendered":"<ul class=\"nav nav-tabs\" id=\"\"><li class=\"active\"><a href=\"#custom-tab-0-1947acf6cd0cc5ebe466c22f1fad22a6\" data-toggle=\"tab\" >Producci\u00f3n Forestal en Tamaulipas<\/a><\/li><li><a href=\"#custom-tab-0-981383628e53092f4c56f98e5b67590b\" data-toggle=\"tab\" >Programa Operativo Forestale<\/a><\/li><\/ul><div class=\"tab-content\">\n<div id=\"custom-tab-0-1947acf6cd0cc5ebe466c22f1fad22a6\" class=\"tab-pane active\">\n<p>El estado de Tamaulipas tiene una superficie forestal de 3,823,023 ha, que corresponden a los diferentes tipos de vegetaci\u00f3n, lo que equivale a 47.6 % del territorio estatal. Los municipios que tienen la mayor superficie forestal son Casas y Ocampo, mientras los que cuenta con menor superficie forestal es R\u00edo Bravo, adem\u00e1s de Ciudad Madero y Valle Hermoso, que no cuentan con superficie forestal.<\/p>\n<p>Las principales especies maderables con las que cuenta nuestro Estado son: Las Comunes tropicales, Pino, Encino, Otras hojosas y Otras con\u00edferas.<\/p>\n<p>Para las especies no maderables con las que cuenta Tamaulipas son: Palma real, Lechuguilla, Vara para tutor, Palma camedor, Paixtle, Gu\u00eda de parra, Hoja de Or\u00e9gano, Cogollos y Laurel.<\/p>\n<p style=\"text-align: justify;\">Nuestro estado tiene diferentes tipos de vegetaci\u00f3n que est\u00e1n distribuidas en la mayor parte de nuestro territorio, en el siguiente cuadro se presenta los diferentes tipos de vegetaci\u00f3n con los que se cuentan:<\/p>\n<table width=\"0\">\n<tbody>\n<tr>\n<td width=\"231\"><strong>Tipos de Vegetaci\u00f3n<\/strong><\/td>\n<td width=\"155\"><strong>Superficie has<\/strong><\/td>\n<\/tr>\n<tr>\n<td width=\"231\">Con\u00edferas<\/td>\n<td width=\"155\">\u00a0\u00a0\u00a0\u00a0\u00a0\u00a0\u00a0\u00a0\u00a0\u00a0\u00a0\u00a0\u00a0\u00a0\u00a0\u00a0\u00a0\u00a0\u00a0 52,695.75<\/td>\n<\/tr>\n<tr>\n<td width=\"231\">Con\u00edferas y latifoliadas<\/td>\n<td width=\"155\">\u00a0\u00a0\u00a0\u00a0\u00a0\u00a0\u00a0\u00a0\u00a0\u00a0\u00a0\u00a0\u00a0\u00a0\u00a0\u00a0\u00a0 140,714.27<\/td>\n<\/tr>\n<tr>\n<td width=\"231\">Latifoliadas<\/td>\n<td width=\"155\">\u00a0\u00a0\u00a0\u00a0\u00a0\u00a0\u00a0\u00a0\u00a0\u00a0\u00a0\u00a0\u00a0\u00a0\u00a0\u00a0\u00a0 393,141.63<\/td>\n<\/tr>\n<tr>\n<td width=\"231\">Bosque mes\u00f3filo<\/td>\n<td width=\"155\">\u00a0\u00a0\u00a0\u00a0\u00a0\u00a0\u00a0\u00a0\u00a0\u00a0\u00a0\u00a0\u00a0\u00a0\u00a0\u00a0\u00a0\u00a0\u00a0 21,194.93<\/td>\n<\/tr>\n<tr>\n<td width=\"231\">Selvas altas y medianas<\/td>\n<td width=\"155\">\u00a0\u00a0\u00a0\u00a0\u00a0\u00a0\u00a0\u00a0\u00a0\u00a0\u00a0\u00a0\u00a0\u00a0\u00a0\u00a0\u00a0\u00a0\u00a0 14,835.64<\/td>\n<\/tr>\n<tr>\n<td width=\"231\">Selvas bajas<\/td>\n<td width=\"155\">\u00a0\u00a0\u00a0\u00a0\u00a0\u00a0\u00a0\u00a0\u00a0\u00a0\u00a0\u00a0\u00a0\u00a0\u00a0\u00a0\u00a0 823,727.72<\/td>\n<\/tr>\n<tr>\n<td width=\"231\">Manglar<\/td>\n<td width=\"155\">\u00a0\u00a0\u00a0\u00a0\u00a0\u00a0\u00a0\u00a0\u00a0\u00a0\u00a0\u00a0\u00a0\u00a0\u00a0\u00a0\u00a0\u00a0\u00a0\u00a0\u00a0 4,721.92<\/td>\n<\/tr>\n<tr>\n<td width=\"231\">Otras asociaciones<\/td>\n<td width=\"155\">\u00a0\u00a0\u00a0\u00a0\u00a0\u00a0\u00a0\u00a0\u00a0\u00a0\u00a0\u00a0\u00a0\u00a0\u00a0\u00a0\u00a0\u00a0\u00a0\u00a0\u00a0 2,403.87<\/td>\n<\/tr>\n<tr>\n<td width=\"231\">Zonas semi\u00e1ridas<\/td>\n<td width=\"155\">\u00a0\u00a0\u00a0\u00a0\u00a0\u00a0\u00a0\u00a0\u00a0\u00a0\u00a0\u00a0\u00a0\u00a0 1,867,968.70<\/td>\n<\/tr>\n<tr>\n<td width=\"231\">Zonas \u00e1ridas<\/td>\n<td width=\"155\">\u00a0\u00a0\u00a0\u00a0\u00a0\u00a0\u00a0\u00a0\u00a0\u00a0\u00a0\u00a0\u00a0\u00a0\u00a0\u00a0\u00a0 258,179.85<\/td>\n<\/tr>\n<tr>\n<td width=\"231\">Otras \u00e1reas forestales<\/td>\n<td width=\"155\">\u00a0\u00a0\u00a0\u00a0\u00a0\u00a0\u00a0\u00a0\u00a0\u00a0\u00a0\u00a0\u00a0\u00a0\u00a0\u00a0\u00a0 243,438.77<\/td>\n<\/tr>\n<tr>\n<td width=\"231\"><strong>Total Superficie Forestal<\/strong><\/td>\n<td width=\"155\"><strong>\u00a0 \u00a0 \u00a0 \u00a0 \u00a0 \u00a03,823,023.05<\/strong><\/td>\n<\/tr>\n<\/tbody>\n<\/table>\n<p>&nbsp;<\/p>\n<p>En el siguiente mapa que se presenta se muestra los tipos de vegetaci\u00f3n que existen en nuestro Estado datos del Inventario Forestal 2015-2020.<\/p>\n<p><img loading=\"lazy\" decoding=\"async\" class=\"alignnone size-full wp-image-5445\" src=\"https:\/\/www.tamaulipas.gob.mx\/desarrollorural\/wp-content\/uploads\/sites\/6\/2022\/11\/inventario_forestal_2014_ok.png\" alt=\"\" width=\"800\" height=\"1200\" \/><\/p>\n<\/div>\n<p style=\"text-align: justify;\"><div id=\"custom-tab-0-981383628e53092f4c56f98e5b67590b\" class=\"tab-pane\">\n<p style=\"text-align: justify;\"><a href=\"https:\/\/www.tamaulipas.gob.mx\/desarrollorural\/wp-content\/uploads\/sites\/6\/2025\/11\/programa-operativo-sanidad-forestal-2025.pdf\" target=\"_blank\" rel=\"noopener\"><i class=\"fa fa-file-pdf-o\"><\/i> Programa Operativo Estatal de Sanidad Forestal 2025.<\/a><\/p>\n<p style=\"text-align: justify;\">En el a\u00f1o 2001 el Gobierno Federal de M\u00e9xico lanz\u00f3 el programa estrat\u00e9gico forestal 2025 (PEF 2025). Posteriormente en 2002 se promulg\u00f3 la Ley General de Desarrollo Forestal Sustentable (LGDFS). Estos dos elementos tienen como objetivos centrales promover: la conservaci\u00f3n y protecci\u00f3n de los recursos forestales y el desarrollo sustentable de los mismos. Estos instrumentos de pol\u00edtica a su vez persiguen una mayor descentralizaci\u00f3n forestal hacia los Estados, teniendo como partes fundamentales los correspondientes programas estrat\u00e9gicos forestales de largo plazo y las leyes forestales estatales.<\/p>\n<p style=\"text-align: justify;\">Con la base mencionada anteriormente, El Gobierno del Estado de Tamaulipas con el apoyo de la CONAFOR, decidieron integrar el PEFT 2025, cuyo proceso inici\u00f3 en enero de 2006.<\/p>\n<p style=\"text-align: justify;\">Hist\u00f3ricamente, Tamaulipas no escap\u00f3 a un proceso general que se dio en M\u00e9xico, de desmontes masivos en zonas tropicales y subtropicales para abrir nuevas \u00e1reas a la agricultura y la ganader\u00eda, tampoco a los procesos de degradaci\u00f3n de vastas zonas forestales por diferentes motivos. Actualmente la deforestaci\u00f3n y los desmontes han entrado en una franca tendencia descendente, por lo cual las prioridades se deben orientar a conservar, proteger y manejar sustentablemente los recursos que quedan, e iniciar de forma m\u00e1s intensa la restauraci\u00f3n de las zonas degradadas.<\/p>\n<p style=\"text-align: justify;\">El gobierno federal por conducto de la CONAFOR y el Gobierno del Estado, est\u00e1n canalizando apoyos\u00a0 importantes para el sector forestal, por lo que se ha iniciado una nueva etapa hacia la reconstrucci\u00f3n y la sustentabilidad de los recursos forestales.<\/p>\n<p style=\"text-align: justify;\">Tamaulipas est\u00e1 conformado por 5 Unidades de Manejo Forestal de las cuales cada una est\u00e1 integrada por varios municipios. En este apartado mostraremos la Unidades de Manejo Forestal que ya han iniciado estudios regionales forestales en Tamaulipas.<\/p>\n<ul>\n<li><span style=\"text-decoration: underline;\"><a href=\"http:\/\/www.tamaulipas.gob.mx\/desarrollorural\/wp-content\/uploads\/sites\/6\/2016\/11\/resultados_del_sig_umafor_2801-1.pdf\" target=\"_blank\" rel=\"noopener noreferrer\"><i class=\"fa fa-file-pdf-o\"><\/i> UMAFOR I \u201cCuenca de San Fernando\u201d<\/a><\/span><\/li>\n<li>UMAFOR II<\/li>\n<li><span style=\"text-decoration: underline;\"><a href=\"http:\/\/www.tamaulipas.gob.mx\/desarrollorural\/wp-content\/uploads\/sites\/6\/2016\/11\/resultados_del_sig_umafor_iii_2803.pdf\" target=\"_blank\" rel=\"noopener noreferrer\"><i class=\"fa fa-file-pdf-o\"><\/i> UMAFOR III \u201cSierra de Tamaulipas\u201d<\/a><\/span><\/li>\n<li><span style=\"text-decoration: underline;\"><a href=\"http:\/\/www.tamaulipas.gob.mx\/desarrollorural\/wp-content\/uploads\/sites\/6\/2016\/11\/resultados_del_sig_umafor_iv_2804.pdf\" target=\"_blank\" rel=\"noopener noreferrer\"><i class=\"fa fa-file-pdf-o\"><\/i> UMAFOR IV \u201cAltiplanicie Tamaulipeca\u201d<\/a><\/span><\/li>\n<li>UMAFOR V<\/li>\n<li><span style=\"text-decoration: underline;\"><a href=\"http:\/\/www.tamaulipas.gob.mx\/desarrollorural\/wp-content\/uploads\/sites\/6\/2016\/11\/resumen_umafores_ok.pdf\" target=\"_blank\" rel=\"noopener noreferrer\"><i class=\"fa fa-file-pdf-o\"><\/i> Resumen general de las UMAFOR<\/a><\/span><\/li>\n<\/ul>\n<\/div>\n<\/div>\n","protected":false},"excerpt":{"rendered":"","protected":false},"author":8,"featured_media":0,"parent":45,"menu_order":0,"comment_status":"closed","ping_status":"closed","template":"","meta":{"footnotes":""},"class_list":["post-95","page","type-page","status-publish","hentry"],"publishpress_future_action":{"enabled":false,"date":"2026-05-08 11:15:08","action":"change-status","newStatus":"draft","terms":[],"taxonomy":""},"_links":{"self":[{"href":"https:\/\/www.tamaulipas.gob.mx\/desarrollorural\/wp-json\/wp\/v2\/pages\/95"}],"collection":[{"href":"https:\/\/www.tamaulipas.gob.mx\/desarrollorural\/wp-json\/wp\/v2\/pages"}],"about":[{"href":"https:\/\/www.tamaulipas.gob.mx\/desarrollorural\/wp-json\/wp\/v2\/types\/page"}],"author":[{"embeddable":true,"href":"https:\/\/www.tamaulipas.gob.mx\/desarrollorural\/wp-json\/wp\/v2\/users\/8"}],"replies":[{"embeddable":true,"href":"https:\/\/www.tamaulipas.gob.mx\/desarrollorural\/wp-json\/wp\/v2\/comments?post=95"}],"version-history":[{"count":39,"href":"https:\/\/www.tamaulipas.gob.mx\/desarrollorural\/wp-json\/wp\/v2\/pages\/95\/revisions"}],"predecessor-version":[{"id":7715,"href":"https:\/\/www.tamaulipas.gob.mx\/desarrollorural\/wp-json\/wp\/v2\/pages\/95\/revisions\/7715"}],"up":[{"embeddable":true,"href":"https:\/\/www.tamaulipas.gob.mx\/desarrollorural\/wp-json\/wp\/v2\/pages\/45"}],"wp:attachment":[{"href":"https:\/\/www.tamaulipas.gob.mx\/desarrollorural\/wp-json\/wp\/v2\/media?parent=95"}],"curies":[{"name":"wp","href":"https:\/\/api.w.org\/{rel}","templated":true}]}}

<ul class="nav nav-tabs" id=""><li class="active"><a href="#custom-tab-0-1947acf6cd0cc5ebe466c22f1fad22a6" data-toggle="tab" >Producción Forestal en Tamaulipas</a></li><li><a href="#custom-tab-0-981383628e53092f4c56f98e5b67590b" data-toggle="tab" >Programa Operativo Forestale</a></li></ul><div class="tab-content">
<div id="custom-tab-0-1947acf6cd0cc5ebe466c22f1fad22a6" class="tab-pane active">
<p>El estado de Tamaulipas tiene una superficie forestal de 3,823,023 ha, que corresponden a los diferentes tipos de vegetación, lo que equivale a 47.6 % del territorio estatal. Los municipios que tienen la mayor superficie forestal son Casas y Ocampo, mientras los que cuenta con menor superficie forestal es Río Bravo, además de Ciudad Madero y Valle Hermoso, que no cuentan con superficie forestal.</p>
<p>Las principales especies maderables con las que cuenta nuestro Estado son: Las Comunes tropicales, Pino, Encino, Otras hojosas y Otras coníferas.</p>
<p>Para las especies no maderables con las que cuenta Tamaulipas son: Palma real, Lechuguilla, Vara para tutor, Palma camedor, Paixtle, Guía de parra, Hoja de Orégano, Cogollos y Laurel.</p>
<p style="text-align: justify;">Nuestro estado tiene diferentes tipos de vegetación que están distribuidas en la mayor parte de nuestro territorio, en el siguiente cuadro se presenta los diferentes tipos de vegetación con los que se cuentan:</p>
<table width="0">
<tbody>
<tr>
<td width="231"><strong>Tipos de Vegetación</strong></td>
<td width="155"><strong>Superficie has</strong></td>
</tr>
<tr>
<td width="231">Coníferas</td>
<td width="155">                    52,695.75</td>
</tr>
<tr>
<td width="231">Coníferas y latifoliadas</td>
<td width="155">                  140,714.27</td>
</tr>
<tr>
<td width="231">Latifoliadas</td>
<td width="155">                  393,141.63</td>
</tr>
<tr>
<td width="231">Bosque mesófilo</td>
<td width="155">                    21,194.93</td>
</tr>
<tr>
<td width="231">Selvas altas y medianas</td>
<td width="155">                    14,835.64</td>
</tr>
<tr>
<td width="231">Selvas bajas</td>
<td width="155">                  823,727.72</td>
</tr>
<tr>
<td width="231">Manglar</td>
<td width="155">                      4,721.92</td>
</tr>
<tr>
<td width="231">Otras asociaciones</td>
<td width="155">                      2,403.87</td>
</tr>
<tr>
<td width="231">Zonas semiáridas</td>
<td width="155">               1,867,968.70</td>
</tr>
<tr>
<td width="231">Zonas áridas</td>
<td width="155">                  258,179.85</td>
</tr>
<tr>
<td width="231">Otras áreas forestales</td>
<td width="155">                  243,438.77</td>
</tr>
<tr>
<td width="231"><strong>Total Superficie Forestal</strong></td>
<td width="155"><strong>           3,823,023.05</strong></td>
</tr>
</tbody>
</table>
<p>&nbsp;</p>
<p>En el siguiente mapa que se presenta se muestra los tipos de vegetación que existen en nuestro Estado datos del Inventario Forestal 2015-2020.</p>
<p><img loading="lazy" decoding="async" class="alignnone size-full wp-image-5445" src="https://www.tamaulipas.gob.mx/desarrollorural/wp-content/uploads/sites/6/2022/11/inventario_forestal_2014_ok.png" alt="" width="800" height="1200" /></p>
</div>
<p style="text-align: justify;"><div id="custom-tab-0-981383628e53092f4c56f98e5b67590b" class="tab-pane">
<p style="text-align: justify;"><a href="https://www.tamaulipas.gob.mx/desarrollorural/wp-content/uploads/sites/6/2025/11/programa-operativo-sanidad-forestal-2025.pdf" target="_blank" rel="noopener"><i class="fa fa-file-pdf-o"></i> Programa Operativo Estatal de Sanidad Forestal 2025.</a></p>
<p style="text-align: justify;">En el año 2001 el Gobierno Federal de México lanzó el programa estratégico forestal 2025 (PEF 2025). Posteriormente en 2002 se promulgó la Ley General de Desarrollo Forestal Sustentable (LGDFS). Estos dos elementos tienen como objetivos centrales promover: la conservación y protección de los recursos forestales y el desarrollo sustentable de los mismos. Estos instrumentos de política a su vez persiguen una mayor descentralización forestal hacia los Estados, teniendo como partes fundamentales los correspondientes programas estratégicos forestales de largo plazo y las leyes forestales estatales.</p>
<p style="text-align: justify;">Con la base mencionada anteriormente, El Gobierno del Estado de Tamaulipas con el apoyo de la CONAFOR, decidieron integrar el PEFT 2025, cuyo proceso inició en enero de 2006.</p>
<p style="text-align: justify;">Históricamente, Tamaulipas no escapó a un proceso general que se dio en México, de desmontes masivos en zonas tropicales y subtropicales para abrir nuevas áreas a la agricultura y la ganadería, tampoco a los procesos de degradación de vastas zonas forestales por diferentes motivos. Actualmente la deforestación y los desmontes han entrado en una franca tendencia descendente, por lo cual las prioridades se deben orientar a conservar, proteger y manejar sustentablemente los recursos que quedan, e iniciar de forma más intensa la restauración de las zonas degradadas.</p>
<p style="text-align: justify;">El gobierno federal por conducto de la CONAFOR y el Gobierno del Estado, están canalizando apoyos  importantes para el sector forestal, por lo que se ha iniciado una nueva etapa hacia la reconstrucción y la sustentabilidad de los recursos forestales.</p>
<p style="text-align: justify;">Tamaulipas está conformado por 5 Unidades de Manejo Forestal de las cuales cada una está integrada por varios municipios. En este apartado mostraremos la Unidades de Manejo Forestal que ya han iniciado estudios regionales forestales en Tamaulipas.</p>
<ul>
<li><span style="text-decoration: underline;"><a href="http://www.tamaulipas.gob.mx/desarrollorural/wp-content/uploads/sites/6/2016/11/resultados_del_sig_umafor_2801-1.pdf" target="_blank" rel="noopener noreferrer"><i class="fa fa-file-pdf-o"></i> UMAFOR I “Cuenca de San Fernando”</a></span></li>
<li>UMAFOR II</li>
<li><span style="text-decoration: underline;"><a href="http://www.tamaulipas.gob.mx/desarrollorural/wp-content/uploads/sites/6/2016/11/resultados_del_sig_umafor_iii_2803.pdf" target="_blank" rel="noopener noreferrer"><i class="fa fa-file-pdf-o"></i> UMAFOR III “Sierra de Tamaulipas”</a></span></li>
<li><span style="text-decoration: underline;"><a href="http://www.tamaulipas.gob.mx/desarrollorural/wp-content/uploads/sites/6/2016/11/resultados_del_sig_umafor_iv_2804.pdf" target="_blank" rel="noopener noreferrer"><i class="fa fa-file-pdf-o"></i> UMAFOR IV “Altiplanicie Tamaulipeca”</a></span></li>
<li>UMAFOR V</li>
<li><span style="text-decoration: underline;"><a href="http://www.tamaulipas.gob.mx/desarrollorural/wp-content/uploads/sites/6/2016/11/resumen_umafores_ok.pdf" target="_blank" rel="noopener noreferrer"><i class="fa fa-file-pdf-o"></i> Resumen general de las UMAFOR</a></span></li>
</ul>
</div>
</div>
