{"id":693,"date":"2016-11-15T10:09:26","date_gmt":"2016-11-15T16:09:26","guid":{"rendered":"http:\/\/www.tamaulipas.gob.mx\/desarrollorural\/?page_id=693"},"modified":"2016-11-16T13:16:08","modified_gmt":"2016-11-16T19:16:08","slug":"conafor","status":"publish","type":"page","link":"https:\/\/www.tamaulipas.gob.mx\/desarrollorural\/sitios-del-sector\/ceiegdrus\/conafor\/","title":{"rendered":"CONAFOR"},"content":{"rendered":"<p><img loading=\"lazy\" decoding=\"async\" class=\"size-full wp-image-622 aligncenter\" src=\"http:\/\/www.tamaulipas.gob.mx\/desarrollorural\/wp-content\/uploads\/sites\/6\/2016\/11\/conafor-300x175.jpg\" alt=\"conafor-300x175\" width=\"300\" height=\"175\" \/><\/p>\n<p>&nbsp;<\/p>\n<p>La <strong>Comisi\u00f3n Nacional Forestal<\/strong>, creada por decreto presidencial el 4 de abril del 2001, es un Organismo P\u00fablico Descentralizado cuyo objetivo es desarrollar, favorecer e impulsar las actividades productivas, de conservaci\u00f3n y restauraci\u00f3n en materia forestal, as\u00ed como participar en la formulaci\u00f3n de los planes, programas, y en la aplicaci\u00f3n de la pol\u00edtica de desarrollo forestal sustentable.<\/p>\n<h3><\/h3>\n<h3>Misi\u00f3n<\/h3>\n<p><strong>Impulsar la protecci\u00f3n, conservaci\u00f3n, restauraci\u00f3n y aprovechamiento forestal<\/strong>, mediante programas y pol\u00edticas p\u00fablicas basadas en el modelo de desarrollo forestal sustentable, para contribuir a conservar el capital natural y mantener la provisi\u00f3n de servicios ambientales, en beneficio de quienes poseen los recursos forestales y de la sociedad en general.<\/p>\n<h3><\/h3>\n<h3>Visi\u00f3n<\/h3>\n<p>La <strong>CONAFOR<\/strong> es una instituci\u00f3n p\u00fablica reconocida a nivel nacional e internacional por nuestra <strong>contribuci\u00f3n eficaz, eficiente y transparente en la protecci\u00f3n, conservaci\u00f3n, restauraci\u00f3n y aprovechamiento de los ecosistemas forestales de M\u00e9xico<\/strong>, en corresponsabilidad con la sociedad y los tres \u00f3rdenes de gobierno, para legar a las futuras generaciones la riqueza forestal de la que hoy somos beneficiarios.<\/p>\n<p><strong>Los programas de la Comisi\u00f3n Nacional Forestal operan mediante las Reglas de Operaci\u00f3n del Programa Nacional Forestal 2013<\/strong><\/p>\n<p>Las Reglas de Operaci\u00f3n del Programa Nacional Forestal (PRONAFOR) 2013 establecen las normas y procedimientos de aplicaci\u00f3n general que se deber\u00e1n observar en la operaci\u00f3n, asignaci\u00f3n y ejecuci\u00f3n de los apoyos federales a cargo de la Comisi\u00f3n Nacional Forestal, con la participaci\u00f3n que, en su caso, corresponda a los Gobiernos de las entidades federativas y del Distrito Federal y municipales, y tienen por objeto regular la operaci\u00f3n de los programas de Desarrollo Forestal, Plantaciones Forestales Comerciales, Conservaci\u00f3n y Restauraci\u00f3n y Servicios Ambientales.<\/p>\n<p>El presente acuerdo entrar\u00e1 en vigor el d\u00eda de su publicaci\u00f3n en el Diario Oficial de la Federaci\u00f3n y permanecer\u00e1 vigente hasta en tanto se publique su modificaci\u00f3n, mismos que pueden ser consultados en la p\u00e1gina:<\/p>\n<p><span style=\"text-decoration: underline\"><a href=\"http:\/\/www.conafor.gob.mx\/portal\/index.php\/tramites-y-servicios\/apoyos-2013\" target=\"_blank\"><i class=\"fa fa-external-link\"><\/i> http:\/\/www.conafor.gob.mx\/portal\/index.php\/tramites-y-servicios\/apoyos-2013<\/a><\/span><\/p>\n<p>La CONAFOR dar\u00e1 a conocer las \u00e1reas que determine como elegibles para cada concepto o modalidad de apoyo a trav\u00e9s de la liga al Portal del Sistema Nacional de Informaci\u00f3n Forestal en la que, cargando un punto geogr\u00e1fico coordenadas geogr\u00e1ficas en notaci\u00f3n \u201cGrados, minutos, segundos\u201d o \u201cDecimales\u201d podr\u00e1n saber si es se localiza dentro de las \u00e1reas elegibles para ser sujeto de los apoyos otorgados por la CONAFOR mediante el PRO NA FOR.<\/p>\n<p>&nbsp;<\/p>\n","protected":false},"excerpt":{"rendered":"<p>&nbsp; La Comisi\u00f3n Nacional Forestal, creada por decreto presidencial el 4 de abril del 2001, es un Organismo P\u00fablico Descentralizado cuyo objetivo es desarrollar, favorecer\u2026<\/p>\n","protected":false},"author":7,"featured_media":0,"parent":621,"menu_order":0,"comment_status":"closed","ping_status":"closed","template":"","meta":{"footnotes":""},"class_list":["post-693","page","type-page","status-publish","hentry"],"publishpress_future_action":{"enabled":false,"date":"2026-05-13 10:30:11","action":"change-status","newStatus":"draft","terms":[],"taxonomy":""},"_links":{"self":[{"href":"https:\/\/www.tamaulipas.gob.mx\/desarrollorural\/wp-json\/wp\/v2\/pages\/693"}],"collection":[{"href":"https:\/\/www.tamaulipas.gob.mx\/desarrollorural\/wp-json\/wp\/v2\/pages"}],"about":[{"href":"https:\/\/www.tamaulipas.gob.mx\/desarrollorural\/wp-json\/wp\/v2\/types\/page"}],"author":[{"embeddable":true,"href":"https:\/\/www.tamaulipas.gob.mx\/desarrollorural\/wp-json\/wp\/v2\/users\/7"}],"replies":[{"embeddable":true,"href":"https:\/\/www.tamaulipas.gob.mx\/desarrollorural\/wp-json\/wp\/v2\/comments?post=693"}],"version-history":[{"count":3,"href":"https:\/\/www.tamaulipas.gob.mx\/desarrollorural\/wp-json\/wp\/v2\/pages\/693\/revisions"}],"predecessor-version":[{"id":751,"href":"https:\/\/www.tamaulipas.gob.mx\/desarrollorural\/wp-json\/wp\/v2\/pages\/693\/revisions\/751"}],"up":[{"embeddable":true,"href":"https:\/\/www.tamaulipas.gob.mx\/desarrollorural\/wp-json\/wp\/v2\/pages\/621"}],"wp:attachment":[{"href":"https:\/\/www.tamaulipas.gob.mx\/desarrollorural\/wp-json\/wp\/v2\/media?parent=693"}],"curies":[{"name":"wp","href":"https:\/\/api.w.org\/{rel}","templated":true}]}}