{"id":3191,"date":"2019-04-02T13:05:12","date_gmt":"2019-04-02T19:05:12","guid":{"rendered":"https:\/\/www.tamaulipas.gob.mx\/desarrollorural\/?page_id=3191"},"modified":"2019-04-10T15:01:54","modified_gmt":"2019-04-10T20:01:54","slug":"formatos-2019","status":"publish","type":"page","link":"https:\/\/www.tamaulipas.gob.mx\/desarrollorural\/programas-de-apoyo\/programas-2019\/formatos-2019\/","title":{"rendered":"FORMATOS 2019"},"content":{"rendered":"<h3>Programas en Concurrencia con las Entidades Federativas<\/h3>\n<ul>\n<li><a href=\"https:\/\/www.tamaulipas.gob.mx\/desarrollorural\/wp-content\/uploads\/sites\/6\/2019\/04\/anexo-i-convenio-de-adhesion-2019-1.docx\"><i class=\"fa fa-file-word-o\"><\/i>\u00a0Anexo I Convenio Espec\u00edfico de Adhesi\u00f3n<\/a><\/li>\n<li><a href=\"https:\/\/www.tamaulipas.gob.mx\/desarrollorural\/wp-content\/uploads\/sites\/6\/2019\/04\/anexo-relacin-de-beneficiarios-directos-morales-2019-carga-masiva.xls\"><i class=\"fa fa-file-excel-o\"><\/i> ANEXO Anexo del Convenio Espec\u00edfico de Adhesi\u00f3n (Relaci\u00f3n de Beneficiarios Directos)<\/a><\/li>\n<li><a href=\"https:\/\/www.tamaulipas.gob.mx\/desarrollorural\/wp-content\/uploads\/sites\/6\/2019\/04\/anexo-ii-finiquito-2019.doc\"><i class=\"fa fa-file-word-o\"><\/i> ANEXO II Finiquito del Convenio Espec\u00edfico de Adhesi\u00f3n<\/a><\/li>\n<li><a href=\"https:\/\/www.tamaulipas.gob.mx\/desarrollorural\/wp-content\/uploads\/sites\/6\/2019\/04\/acta-de-verificacion-2019.docx\"><i class=\"fa fa-file-word-o\"><\/i> Acta de Verificaci\u00f3n<\/a><\/li>\n<li><a href=\"https:\/\/www.tamaulipas.gob.mx\/desarrollorural\/wp-content\/uploads\/sites\/6\/2019\/04\/cesion-derechos-2019.doc\"><i class=\"fa fa-file-word-o\"><\/i> Cesi\u00f3n de Derechos<\/a><\/li>\n<li><a href=\"https:\/\/www.tamaulipas.gob.mx\/desarrollorural\/wp-content\/uploads\/sites\/6\/2019\/04\/aviso-terminacion-obra-2019.doc\"><i class=\"fa fa-file-word-o\"><\/i> Aviso de Terminaci\u00f3n de Obra<\/a><\/li>\n<li><a href=\"https:\/\/www.tamaulipas.gob.mx\/desarrollorural\/wp-content\/uploads\/sites\/6\/2019\/04\/declaratoria-en-materia-de-seguridad-social-2019.docx\"><i class=\"fa fa-file-word-o\"><\/i> Declaratoria en Materia de Seguridad Social<\/a><\/li>\n<li><a href=\"https:\/\/www.tamaulipas.gob.mx\/desarrollorural\/wp-content\/uploads\/sites\/6\/2019\/04\/formato-desistimiento-2019.docx\" target=\"_blank\" rel=\"noopener noreferrer\"><i class=\"fa fa-file-word-o\"><\/i> Formato de desistimiento de apoyo<\/a><\/li>\n<\/ul>\n<h3>Agr\u00edcola<\/h3>\n<ul>\n<li><a href=\"https:\/\/www.tamaulipas.gob.mx\/desarrollorural\/wp-content\/uploads\/sites\/6\/2019\/04\/2_proy_inv_menores_400000_2019.docx\"><i class=\"fa fa-file-word-o\"><\/i> Gui\u00f3n Proyectos de Inversi\u00f3n con incentivos menores a $400,000<\/a><\/li>\n<li><a href=\"https:\/\/www.tamaulipas.gob.mx\/desarrollorural\/wp-content\/uploads\/sites\/6\/2019\/04\/1_anexo_ii_guin_unico_proy_inv_2019.docx\"><i class=\"fa fa-file-word-o\"><\/i> Anexo II Gui\u00f3n \u00danico para la Elaboraci\u00f3n de Proyectos de Inversi\u00f3n<\/a><\/li>\n<li><a href=\"https:\/\/www.tamaulipas.gob.mx\/desarrollorural\/wp-content\/uploads\/sites\/6\/2019\/04\/3_anexo_xix._guin_esp_sist_riego_2019.docx\"><i class=\"fa fa-file-word-o\"><\/i> Anexo XIX Gui\u00f3n Espec\u00edfico para la Elaboraci\u00f3n de Sistemas de Riego Tecnificado<\/a><\/li>\n<li><a href=\"https:\/\/www.tamaulipas.gob.mx\/desarrollorural\/wp-content\/uploads\/sites\/6\/2019\/04\/5.-checklist_per_morales_2019.doc\"><i class=\"fa fa-file-word-o\"><\/i> Checklist personas morales<\/a><\/li>\n<li><a href=\"https:\/\/www.tamaulipas.gob.mx\/desarrollorural\/wp-content\/uploads\/sites\/6\/2019\/04\/4.-checklist_per_fisicas_2019.doc\"><i class=\"fa fa-file-word-o\"><\/i> Checklist personas fisicas<\/a><\/li>\n<\/ul>\n<h3>Ganader\u00eda<\/h3>\n<ul>\n<li><a href=\"https:\/\/www.tamaulipas.gob.mx\/desarrollorural\/wp-content\/uploads\/sites\/6\/2019\/04\/2_anexo_iv_guion_unico_proy_inv-ganaderia_2019.doc\"><i class=\"fa fa-file-word-o\"><\/i> Anexo IV Gui\u00f3n \u00fanico para proyectos mayores a $500,000<\/a><\/li>\n<li><a href=\"https:\/\/www.tamaulipas.gob.mx\/desarrollorural\/wp-content\/uploads\/sites\/6\/2019\/04\/3_checklist_fis_mor_2019.doc\" target=\"_blank\" rel=\"noopener noreferrer\"><i class=\"fa fa-file-word-o\"><\/i> Checklist personas fisicas y morales<\/a><\/li>\n<li><a href=\"https:\/\/www.tamaulipas.gob.mx\/desarrollorural\/wp-content\/uploads\/sites\/6\/2019\/04\/4_guin_simp.docx\"><i class=\"fa fa-file-word-o\"><\/i> Gui\u00f3n Proyecto Simplificado<\/a><\/li>\n<\/ul>\n<h3>Pesca<\/h3>\n<ul>\n<li><a href=\"https:\/\/www.tamaulipas.gob.mx\/desarrollorural\/wp-content\/uploads\/sites\/6\/2019\/04\/pesca_anexo-ii-guin-unico-menores-a-250000_2019.docx\"><i class=\"fa fa-file-word-o\"><\/i> Anexo II Gui\u00f3n \u00fanico para proyectos menores a $250,000<\/a><\/li>\n<li><a href=\"https:\/\/www.tamaulipas.gob.mx\/desarrollorural\/wp-content\/uploads\/sites\/6\/2019\/04\/pesca_anexo-ii-guin-unico-mayores-a-250000_2019.docx\"><i class=\"fa fa-file-word-o\"><\/i> Anexo II Gui\u00f3n \u00fanico para proyectos mayores a $250,000<\/a><\/li>\n<li><a href=\"https:\/\/www.tamaulipas.gob.mx\/desarrollorural\/wp-content\/uploads\/sites\/6\/2019\/04\/pesca_check-list_2019.xlsx\"><i class=\"fa fa-file-excel-o\"><\/i> Checklist Pesca<\/a><\/li>\n<\/ul>\n","protected":false},"excerpt":{"rendered":"<p>Programas en Concurrencia con las Entidades Federativas \u00a0Anexo I Convenio Espec\u00edfico de Adhesi\u00f3n ANEXO Anexo del Convenio Espec\u00edfico de Adhesi\u00f3n (Relaci\u00f3n de Beneficiarios Directos) ANEXO\u2026<\/p>\n","protected":false},"author":36,"featured_media":0,"parent":3118,"menu_order":0,"comment_status":"closed","ping_status":"closed","template":"","meta":{"footnotes":""},"class_list":["post-3191","page","type-page","status-publish","hentry"],"publishpress_future_action":{"enabled":false,"date":"2026-04-28 11:28:54","action":"change-status","newStatus":"draft","terms":[],"taxonomy":""},"_links":{"self":[{"href":"https:\/\/www.tamaulipas.gob.mx\/desarrollorural\/wp-json\/wp\/v2\/pages\/3191"}],"collection":[{"href":"https:\/\/www.tamaulipas.gob.mx\/desarrollorural\/wp-json\/wp\/v2\/pages"}],"about":[{"href":"https:\/\/www.tamaulipas.gob.mx\/desarrollorural\/wp-json\/wp\/v2\/types\/page"}],"author":[{"embeddable":true,"href":"https:\/\/www.tamaulipas.gob.mx\/desarrollorural\/wp-json\/wp\/v2\/users\/36"}],"replies":[{"embeddable":true,"href":"https:\/\/www.tamaulipas.gob.mx\/desarrollorural\/wp-json\/wp\/v2\/comments?post=3191"}],"version-history":[{"count":9,"href":"https:\/\/www.tamaulipas.gob.mx\/desarrollorural\/wp-json\/wp\/v2\/pages\/3191\/revisions"}],"predecessor-version":[{"id":3249,"href":"https:\/\/www.tamaulipas.gob.mx\/desarrollorural\/wp-json\/wp\/v2\/pages\/3191\/revisions\/3249"}],"up":[{"embeddable":true,"href":"https:\/\/www.tamaulipas.gob.mx\/desarrollorural\/wp-json\/wp\/v2\/pages\/3118"}],"wp:attachment":[{"href":"https:\/\/www.tamaulipas.gob.mx\/desarrollorural\/wp-json\/wp\/v2\/media?parent=3191"}],"curies":[{"name":"wp","href":"https:\/\/api.w.org\/{rel}","templated":true}]}}