{"id":4881,"date":"2024-01-11T13:53:21","date_gmt":"2024-01-11T19:53:21","guid":{"rendered":"https:\/\/www.tamaulipas.gob.mx\/deporte\/?page_id=4881"},"modified":"2026-03-24T14:36:28","modified_gmt":"2026-03-24T20:36:28","slug":"reglas-de-operacion","status":"publish","type":"page","link":"https:\/\/www.tamaulipas.gob.mx\/deporte\/reglas-de-operacion\/","title":{"rendered":"Reglas de Operaci\u00f3n"},"content":{"rendered":"<p><a href=\"https:\/\/www.tamaulipas.gob.mx\/deporte\/wp-content\/uploads\/sites\/18\/2025\/02\/s147.pdf\">REGLAS DE OPERACI\u00d3N DEL PROGRAMA S147 CULTURA FISICA Y DEPORTE<\/a><\/p>\n<p><a href=\"https:\/\/www.tamaulipas.gob.mx\/deporte\/wp-content\/uploads\/sites\/18\/2025\/02\/s146.pdf\">REGLAS DE OPERACI\u00d3N DEL PROGRAMA S146 DEPORTE DE ALTO RENDIMIENTO<\/a><\/p>\n<p><a href=\"https:\/\/www.tamaulipas.gob.mx\/deporte\/wp-content\/uploads\/sites\/18\/2025\/02\/e089.pdf\">LINEAMIENTOS DE OPERACI\u00d3N DEL PROGRAMA E089 ATENCI\u00d3N AL DEPORTE<\/a><\/p>\n<p><a href=\"https:\/\/www.tamaulipas.gob.mx\/deporte\/wp-content\/uploads\/sites\/18\/2026\/03\/cli-ext-no.07-060226.pdf\">DIARIO OFICIAL DEL ESTADO DE TAMAULIPAS<\/a><\/p>\n<p>&nbsp;<\/p>\n<p>&nbsp;<\/p>\n","protected":false},"excerpt":{"rendered":"<p>REGLAS DE OPERACI\u00d3N DEL PROGRAMA S147 CULTURA FISICA Y DEPORTE REGLAS DE OPERACI\u00d3N DEL PROGRAMA S146 DEPORTE DE ALTO RENDIMIENTO LINEAMIENTOS DE OPERACI\u00d3N DEL PROGRAMA\u2026<\/p>\n","protected":false},"author":383,"featured_media":0,"parent":0,"menu_order":0,"comment_status":"closed","ping_status":"closed","template":"","meta":{"footnotes":""},"class_list":["post-4881","page","type-page","status-publish","hentry"],"publishpress_future_action":{"enabled":false,"date":"2026-04-11 00:14:29","action":"change-status","newStatus":"draft","terms":[],"taxonomy":""},"_links":{"self":[{"href":"https:\/\/www.tamaulipas.gob.mx\/deporte\/wp-json\/wp\/v2\/pages\/4881"}],"collection":[{"href":"https:\/\/www.tamaulipas.gob.mx\/deporte\/wp-json\/wp\/v2\/pages"}],"about":[{"href":"https:\/\/www.tamaulipas.gob.mx\/deporte\/wp-json\/wp\/v2\/types\/page"}],"author":[{"embeddable":true,"href":"https:\/\/www.tamaulipas.gob.mx\/deporte\/wp-json\/wp\/v2\/users\/383"}],"replies":[{"embeddable":true,"href":"https:\/\/www.tamaulipas.gob.mx\/deporte\/wp-json\/wp\/v2\/comments?post=4881"}],"version-history":[{"count":11,"href":"https:\/\/www.tamaulipas.gob.mx\/deporte\/wp-json\/wp\/v2\/pages\/4881\/revisions"}],"predecessor-version":[{"id":4887,"href":"https:\/\/www.tamaulipas.gob.mx\/deporte\/wp-json\/wp\/v2\/pages\/4881\/revisions\/4887"}],"wp:attachment":[{"href":"https:\/\/www.tamaulipas.gob.mx\/deporte\/wp-json\/wp\/v2\/media?parent=4881"}],"curies":[{"name":"wp","href":"https:\/\/api.w.org\/{rel}","templated":true}]}}