{"id":21,"date":"2018-02-12T15:39:03","date_gmt":"2018-02-12T21:39:03","guid":{"rendered":"http:\/\/www.tamaulipas.gob.mx\/deporte\/?page_id=21"},"modified":"2024-01-17T19:13:50","modified_gmt":"2024-01-18T01:13:50","slug":"unidad-deportiva-pdte-adolfo-ruiz-cortines","status":"publish","type":"page","link":"https:\/\/www.tamaulipas.gob.mx\/deporte\/unidadesdeportivas\/unidad-deportiva-pdte-adolfo-ruiz-cortines\/","title":{"rendered":"Unidad Deportiva \u00abPdte. Adolfo Ruiz Cortines\u00bb"},"content":{"rendered":"<p><img loading=\"lazy\" decoding=\"async\" class=\"img-responsive alignnone wp-image-223 size-full\" src=\"http:\/\/www.tamaulipas.gob.mx\/deporte\/wp-content\/uploads\/sites\/18\/2018\/03\/ud_0003s_0000_adolfo-ruiz-cortinez-.jpg\" alt=\"\" width=\"1140\" height=\"300\" \/><\/p>\n<div class=\"row mb30\">\n<div class=\"col-md-6\">\n<div class=\"embed-responsive  embed-responsive-4by3\"><iframe loading=\"lazy\" style=\"border: 0;\" src=\"https:\/\/www.google.com\/maps\/embed?pb=!1m18!1m12!1m3!1d3639.561901283072!2d-99.15350484491161!3d23.740334384424784!2m3!1f0!2f0!3f0!3m2!1i1024!2i768!4f13.1!3m3!1m2!1s0x86795303da03c9a5%3A0x5b01c387e19e15b!2sUnidad+Deportiva+Adolfo+Ru%C3%ADz+Cortines!5e0!3m2!1ses!2smx!4v1521215557689\" width=\"600\" height=\"450\" frameborder=\"0\" allowfullscreen=\"allowfullscreen\" class=\" embed-responsive-item\"><\/iframe><\/div>\n<\/div>\n<div class=\"col-md-6\">\n<p><strong>Direcci\u00f3n:<\/strong> Calle 16 5 de Mayo SN, Ciudad Victoria Centro, 87000 Municipio: Ciudad Victoria<\/p>\n<\/div>\n<\/div>\n<div class=\"well well-lg\">\n<p><strong>\u00c1reas deportivas:<\/strong><\/p>\n<div class=\"row\">\n<div class=\"col-md-6\">\n<ul>\n<li>Seis canchas exteriores (basquetbol y voleibol).<\/li>\n<li>Gimnasio \u201cIng. Manuel Raga Navarro\u201d para voleibol y basquetbol.<\/li>\n<li>Techumbre (dos canchas para voleibol).<\/li>\n<li>Cancha de futbol infantil \u201cEnrique Borja\u201d.<\/li>\n<li>Alberca ol\u00edmpica (en mantenimiento)<\/li>\n<li>Circuito de arcilla<\/li>\n<li>2 \u00e1reas de box<\/li>\n<\/ul>\n<\/div>\n<div class=\"col-md-6\">\n<ul>\n<li>Gimnasio al aire libre<\/li>\n<li>Dos canchas de tenis<\/li>\n<li>Cuatro canchas de frontenis<\/li>\n<li>Patinaje Extremo<\/li>\n<li>Cancha de Tochito<\/li>\n<li>Cancha de Usos M\u00faltiples<\/li>\n<li>Estacionamiento P\u00fablico y administrativo<\/li>\n<li>Paseo Central<\/li>\n<li>Estadio ol\u00edmpico \u201cMarte R. G\u00f3mez\u201d (pista de tartan y cancha de futbol profesional).<\/li>\n<li>Plaza c\u00edvica.<\/li>\n<li>Juegos Recreativos<\/li>\n<\/ul>\n<\/div>\n<\/div>\n<\/div>\n<p>\u00c1REA DEPORTIVAS:<\/p>\n<p>B\u00e1squetbol<br \/>\nVoleibol<br \/>\nTenis de Mesa<br \/>\nTenis de Raqueta<br \/>\nF\u00fatbol<br \/>\nGimnasio al aire libre<br \/>\nFrontenis<br \/>\nTochito Bandera<br \/>\nCachibol<br \/>\nHandball<br \/>\nAerobic<br \/>\nAtletismo<\/p>\n<p>&nbsp;<\/p>\n","protected":false},"excerpt":{"rendered":"<p>\u00c1REA DEPORTIVAS: B\u00e1squetbol Voleibol Tenis de Mesa Tenis de Raqueta F\u00fatbol Gimnasio al aire libre Frontenis Tochito Bandera Cachibol Handball Aerobic Atletismo &nbsp;<\/p>\n","protected":false},"author":7,"featured_media":0,"parent":254,"menu_order":0,"comment_status":"closed","ping_status":"closed","template":"single-sin-sidebar.php","meta":{"footnotes":""},"class_list":["post-21","page","type-page","status-publish","hentry"],"publishpress_future_action":{"enabled":false,"date":"2026-04-28 09:26:33","action":"change-status","newStatus":"draft","terms":[],"taxonomy":""},"_links":{"self":[{"href":"https:\/\/www.tamaulipas.gob.mx\/deporte\/wp-json\/wp\/v2\/pages\/21"}],"collection":[{"href":"https:\/\/www.tamaulipas.gob.mx\/deporte\/wp-json\/wp\/v2\/pages"}],"about":[{"href":"https:\/\/www.tamaulipas.gob.mx\/deporte\/wp-json\/wp\/v2\/types\/page"}],"author":[{"embeddable":true,"href":"https:\/\/www.tamaulipas.gob.mx\/deporte\/wp-json\/wp\/v2\/users\/7"}],"replies":[{"embeddable":true,"href":"https:\/\/www.tamaulipas.gob.mx\/deporte\/wp-json\/wp\/v2\/comments?post=21"}],"version-history":[{"count":24,"href":"https:\/\/www.tamaulipas.gob.mx\/deporte\/wp-json\/wp\/v2\/pages\/21\/revisions"}],"predecessor-version":[{"id":4934,"href":"https:\/\/www.tamaulipas.gob.mx\/deporte\/wp-json\/wp\/v2\/pages\/21\/revisions\/4934"}],"up":[{"embeddable":true,"href":"https:\/\/www.tamaulipas.gob.mx\/deporte\/wp-json\/wp\/v2\/pages\/254"}],"wp:attachment":[{"href":"https:\/\/www.tamaulipas.gob.mx\/deporte\/wp-json\/wp\/v2\/media?parent=21"}],"curies":[{"name":"wp","href":"https:\/\/api.w.org\/{rel}","templated":true}]}}