{"id":23,"date":"2017-07-11T11:25:56","date_gmt":"2017-07-11T16:25:56","guid":{"rendered":"http:\/\/www.tamaulipas.gob.mx\/defensoriapublica\/?page_id=23"},"modified":"2023-03-27T17:04:31","modified_gmt":"2023-03-27T23:04:31","slug":"civil-y-familiar","status":"publish","type":"page","link":"https:\/\/www.tamaulipas.gob.mx\/defensoriapublica\/civil-y-familiar\/","title":{"rendered":"Civil y Familiar"},"content":{"rendered":"<p><b>SERVICIOS QUE BRINDA LA DEFENSORIA <\/b><\/p>\n<p><strong>CUANDO EL PETICIONARIO ES LA PARTE ACTORA:<\/strong><\/p>\n<p><strong>1.-\u00a0 CUESTIONES NO CONTENCIOSAS:<\/strong><\/p>\n<ol style=\"list-style-type: lower-alpha;\">\n<li><span style=\"font-weight: 400;\">Informaci\u00f3n testimonial para acreditar el concubinato;<\/span><\/li>\n<li><span style=\"font-weight: 400;\">Informaci\u00f3n testimonial para justificar la dependencia econ\u00f3mica;<\/span><\/li>\n<li><span style=\"font-weight: 400;\">Informaci\u00f3n testimonial para demostrar el hecho del nacimiento y de la defunci\u00f3n;<\/span><\/li>\n<li><span style=\"font-weight: 400;\">Divorcio voluntario;<\/span><\/li>\n<li><span style=\"font-weight: 400;\">Jurisdicci\u00f3n voluntaria sobre la protocolizaci\u00f3n de instrumentos p\u00fablicos procedentes del extranjero;<\/span><\/li>\n<li><span style=\"font-weight: 400;\">Procedimiento especial de adopci\u00f3n;<\/span><\/li>\n<li><span style=\"font-weight: 400;\">Acto prejudicial sobre investigaci\u00f3n de la filiaci\u00f3n;<\/span><\/li>\n<li><span style=\"font-weight: 400;\">Providencia precautoria sobre alimentos provisionales;<\/span><\/li>\n<li><span style=\"font-weight: 400;\">Procedimiento especial sobre declaraci\u00f3n de ausencia y presunci\u00f3n de muerte;<\/span><\/li>\n<li><span style=\"font-weight: 400;\">Procedimiento especial sobre interdicci\u00f3n e inhabilitaci\u00f3n de personas con alg\u00fan tipo de discapacidad;<\/span><\/li>\n<li><span style=\"font-weight: 400;\">Procedimiento especial para el nombramiento de tutores y curadores de menores e incapaces; y,<\/span><\/li>\n<li><span style=\"font-weight: 400;\">Procedimiento sucesorio testamentario e intestamentario.<\/span><\/li>\n<\/ol>\n<p><strong>\u00a0<\/strong><strong><em><u>Los asuntos de jurisdicci\u00f3n voluntaria se atienden mientras no exista\u00a0 controversia entre los interesados; igual tratamiento se da a los sucesorios y, en cuanto a los dem\u00e1s, porque en ellos se encuentra inmerso el inter\u00e9s superior de menores, incapaces o personas ausentes.<\/u><\/em><\/strong><\/p>\n<p>&nbsp;<\/p>\n<p><strong>2.- CUESTIONES LITIGIOSAS:<\/strong><\/p>\n<ol style=\"list-style-type: lower-alpha;\">\n<li style=\"font-weight: 400;\" aria-level=\"1\"><span style=\"font-weight: 400;\">Juicio sumario civil sobre alimentos definitivos;<\/span><\/li>\n<li style=\"font-weight: 400;\" aria-level=\"1\"><span style=\"font-weight: 400;\">\u00a0Juicio sumario civil sobre ofrecimiento seguido de la consignaci\u00f3n en pago de pensi\u00f3n alimenticia;<\/span><\/li>\n<li style=\"font-weight: 400;\" aria-level=\"1\"><span style=\"font-weight: 400;\">\u00a0\u00a0Negocios en los que se encuentre inmerso el inter\u00e9s superior del menor o incapaz;<\/span><\/li>\n<li style=\"font-weight: 400;\" aria-level=\"1\"><span style=\"font-weight: 400;\">\u00a0Juicio ordinario sobre guarda y custodia de menor o incapaz;<\/span><\/li>\n<li style=\"font-weight: 400;\" aria-level=\"1\"><span style=\"font-weight: 400;\">\u00a0Juicio ordinario para fijar reglas de convivencia con menor o incapaz;<\/span><\/li>\n<li style=\"font-weight: 400;\" aria-level=\"1\"><span style=\"font-weight: 400;\">\u00a0Procedimiento especial sobre divorcio incausado;<\/span><\/li>\n<li style=\"font-weight: 400;\" aria-level=\"1\"><span style=\"font-weight: 400;\">\u00a0Juicio ordinario sobre rectificaci\u00f3n de actas del estado civil;<\/span><\/li>\n<li style=\"font-weight: 400;\" aria-level=\"1\"><span style=\"font-weight: 400;\">\u00a0Juicio ordinario sobre reconocimiento de paternidad o de maternidad; e,<\/span><\/li>\n<li style=\"font-weight: 400;\" aria-level=\"1\"><span style=\"font-weight: 400;\">\u00a0Incidente de ejecuci\u00f3n de convenio elevado a la categor\u00eda de cosa juzgada en los juicios de divorcio, respecto de aquellos matrimonios en los que existen hijos menores o incapaces.<\/span><\/li>\n<\/ol>\n<p><strong><em><u>Esta clase de asuntos se atienden principalmente para proteger los intereses personales de menores de edad, personas con alg\u00fan tipo de discapacidad o que sean adultos mayores.<\/u><\/em><\/strong><\/p>\n<p>&nbsp;<\/p>\n<p><strong>CUANDO EL PETICIONARIO ES LA PARTE DEMANDADA:<\/strong><\/p>\n<ol style=\"list-style-type: lower-alpha;\">\n<li>Juicio sumario sobre consignaci\u00f3n en pago para extinguir cualquier obligaci\u00f3n;<\/li>\n<li>Juicio sobre p\u00e9rdida de patria potestad;<\/li>\n<li>Juicio ejecutivo civil;<\/li>\n<li>Juicio hipotecario;<\/li>\n<li>Juicio de desahucio;<\/li>\n<li>Juicio de divorcio incausado;<\/li>\n<li>Juicio de interdicto;<\/li>\n<li>Juicio plenario de posesi\u00f3n;<\/li>\n<li>Juicio declaratorio de propiedad;<\/li>\n<li>Juicio reivindicatorio;<\/li>\n<li>Juicio sobre prescripci\u00f3n positiva; y,<\/li>\n<li>Juicios sobre terminaci\u00f3n, rescisi\u00f3n o nulidad, de cualquier clase de contratos;<\/li>\n<\/ol>\n<p><strong>\u00a0<\/strong><strong><em><u>En estos asuntos de naturaleza civil y familiar, se patrocina al peticionario porque nos autoriza la fracci\u00f3n III del referido art\u00edculo 7 de la Ley que nos rige. \u00a0<\/u><\/em><\/strong><\/p>\n","protected":false},"excerpt":{"rendered":"<p>SERVICIOS QUE BRINDA LA DEFENSORIA CUANDO EL PETICIONARIO ES LA PARTE ACTORA: 1.-\u00a0 CUESTIONES NO CONTENCIOSAS: Informaci\u00f3n testimonial para acreditar el concubinato; Informaci\u00f3n testimonial para\u2026<\/p>\n","protected":false},"author":8,"featured_media":0,"parent":0,"menu_order":0,"comment_status":"closed","ping_status":"closed","template":"","meta":{"footnotes":""},"class_list":["post-23","page","type-page","status-publish","hentry"],"publishpress_future_action":{"enabled":false,"date":"2026-04-16 12:13:26","action":"change-status","newStatus":"draft","terms":[],"taxonomy":""},"_links":{"self":[{"href":"https:\/\/www.tamaulipas.gob.mx\/defensoriapublica\/wp-json\/wp\/v2\/pages\/23"}],"collection":[{"href":"https:\/\/www.tamaulipas.gob.mx\/defensoriapublica\/wp-json\/wp\/v2\/pages"}],"about":[{"href":"https:\/\/www.tamaulipas.gob.mx\/defensoriapublica\/wp-json\/wp\/v2\/types\/page"}],"author":[{"embeddable":true,"href":"https:\/\/www.tamaulipas.gob.mx\/defensoriapublica\/wp-json\/wp\/v2\/users\/8"}],"replies":[{"embeddable":true,"href":"https:\/\/www.tamaulipas.gob.mx\/defensoriapublica\/wp-json\/wp\/v2\/comments?post=23"}],"version-history":[{"count":20,"href":"https:\/\/www.tamaulipas.gob.mx\/defensoriapublica\/wp-json\/wp\/v2\/pages\/23\/revisions"}],"predecessor-version":[{"id":547,"href":"https:\/\/www.tamaulipas.gob.mx\/defensoriapublica\/wp-json\/wp\/v2\/pages\/23\/revisions\/547"}],"wp:attachment":[{"href":"https:\/\/www.tamaulipas.gob.mx\/defensoriapublica\/wp-json\/wp\/v2\/media?parent=23"}],"curies":[{"name":"wp","href":"https:\/\/api.w.org\/{rel}","templated":true}]}}