{"id":8,"date":"2017-06-22T13:04:39","date_gmt":"2017-06-22T18:04:39","guid":{"rendered":"http:\/\/www.tamaulipas.gob.mx\/cultura\/?page_id=8"},"modified":"2023-04-11T15:44:52","modified_gmt":"2023-04-11T21:44:52","slug":"conocenos","status":"publish","type":"page","link":"https:\/\/www.tamaulipas.gob.mx\/cultura\/conocenos\/","title":{"rendered":"Con\u00f3cenos"},"content":{"rendered":"<p>El Instituto Tamaulipeco para la Cultura y las Artes es el organismo que integra a las unidades culturales dependientes del Gobierno del Estado para sumarse a la tarea de la gesti\u00f3n y la promoci\u00f3n acciones culturales y art\u00edsticas en la entidad. De frente al dinamismo de la sociedad del presente, el ITCA es una instituci\u00f3n gestora de las actividades dentro del panorama cultural en Tamaulipas.<\/p>\n<p>Dentro de este objetivo, es prioritaria la difusi\u00f3n y promoci\u00f3n de las propuestas culturales de la sociedad civil con el fin de favorecer la formaci\u00f3n de nuevos p\u00fablicos que participen de estas manifestaciones. Es tarea del Instituto fomentar por medio de las v\u00edas oportunas las acciones de los tamaulipecos que incidan en el din\u00e1mico \u00e1mbito de la cultura y dotarlas de proyecci\u00f3n dentro y fuera de la entidad.<\/p>\n<p>Para cumplir estas metas, el ITCA cuenta con unidades culturales en diversos centros urbanos del Estado que fungen como baluartes de paz al celebrarse en ellos esquemas de ense\u00f1anza-aprendizaje, exposiciones, conciertos, presentaciones que brindan a los tamaulipecos la oportunidad de reencontrarse con sus ra\u00edces y su identidad.<\/p>\n<p>A partir de octubre de 2022, una nueva administraci\u00f3n gubernamental se esfuerza por difundir el desarrollo cultural a todos los rincones de Tamaulipas con miras a otorgar una mejor calidad de vida a sus pobladores al garantizar el acceso a la cultura y a las artes.<\/p>\n","protected":false},"excerpt":{"rendered":"<p>El Instituto Tamaulipeco para la Cultura y las Artes es el organismo que integra a las unidades culturales dependientes del Gobierno del Estado para sumarse\u2026<\/p>\n","protected":false},"author":7,"featured_media":0,"parent":0,"menu_order":0,"comment_status":"closed","ping_status":"closed","template":"","meta":{"footnotes":""},"class_list":["post-8","page","type-page","status-publish","hentry"],"publishpress_future_action":{"enabled":false,"date":"2026-04-21 14:10:30","action":"change-status","newStatus":"draft","terms":[],"taxonomy":""},"_links":{"self":[{"href":"https:\/\/www.tamaulipas.gob.mx\/cultura\/wp-json\/wp\/v2\/pages\/8"}],"collection":[{"href":"https:\/\/www.tamaulipas.gob.mx\/cultura\/wp-json\/wp\/v2\/pages"}],"about":[{"href":"https:\/\/www.tamaulipas.gob.mx\/cultura\/wp-json\/wp\/v2\/types\/page"}],"author":[{"embeddable":true,"href":"https:\/\/www.tamaulipas.gob.mx\/cultura\/wp-json\/wp\/v2\/users\/7"}],"replies":[{"embeddable":true,"href":"https:\/\/www.tamaulipas.gob.mx\/cultura\/wp-json\/wp\/v2\/comments?post=8"}],"version-history":[{"count":3,"href":"https:\/\/www.tamaulipas.gob.mx\/cultura\/wp-json\/wp\/v2\/pages\/8\/revisions"}],"predecessor-version":[{"id":2642,"href":"https:\/\/www.tamaulipas.gob.mx\/cultura\/wp-json\/wp\/v2\/pages\/8\/revisions\/2642"}],"wp:attachment":[{"href":"https:\/\/www.tamaulipas.gob.mx\/cultura\/wp-json\/wp\/v2\/media?parent=8"}],"curies":[{"name":"wp","href":"https:\/\/api.w.org\/{rel}","templated":true}]}}