{"id":477,"date":"2020-04-06T11:02:58","date_gmt":"2020-04-06T16:02:58","guid":{"rendered":"http:\/\/www.tamaulipas.gob.mx\/cultura\/?page_id=477"},"modified":"2026-04-10T22:44:14","modified_gmt":"2026-04-11T04:44:14","slug":"convocatorias","status":"publish","type":"page","link":"https:\/\/www.tamaulipas.gob.mx\/cultura\/convocatorias\/","title":{"rendered":"Convocatorias Vigentes"},"content":{"rendered":"<p><a href=\"https:\/\/www.tamaulipas.gob.mx\/cultura\/wp-content\/uploads\/sites\/27\/2026\/04\/conv-cartel.pdf\">Cartel Gr\u00e1fico Mundialista<\/a><\/p>\n<p><a href=\"https:\/\/www.tamaulipas.gob.mx\/cultura\/wp-content\/uploads\/sites\/27\/2026\/04\/fotografia-tiro-al-angulo.pdf\">Fotograf\u00eda Tiro al \u00c1ngulo<\/a><\/p>\n<p><a href=\"https:\/\/www.tamaulipas.gob.mx\/cultura\/wp-content\/uploads\/sites\/27\/2026\/04\/convo-patrimonio.pdf\">Registro Estatal de Patrimonio Vivo de Tamaulipas<\/a><\/p>\n<p><a href=\"https:\/\/www.tamaulipas.gob.mx\/cultura\/wp-content\/uploads\/sites\/27\/2026\/01\/15_01_2026-pacmyc-guia-elaboracion-de-py-4.pdf\">Gu\u00eda para la elaboraci\u00f3n de proyectos culturales comunitarios<\/a><\/p>\n","protected":false},"excerpt":{"rendered":"<p>Cartel Gr\u00e1fico Mundialista Fotograf\u00eda Tiro al \u00c1ngulo Registro Estatal de Patrimonio Vivo de Tamaulipas Gu\u00eda para la elaboraci\u00f3n de proyectos culturales comunitarios<\/p>\n","protected":false},"author":87,"featured_media":0,"parent":0,"menu_order":0,"comment_status":"closed","ping_status":"closed","template":"","meta":{"footnotes":""},"class_list":["post-477","page","type-page","status-publish","hentry"],"publishpress_future_action":{"enabled":false,"date":"2026-04-29 06:20:26","action":"change-status","newStatus":"draft","terms":[],"taxonomy":""},"_links":{"self":[{"href":"https:\/\/www.tamaulipas.gob.mx\/cultura\/wp-json\/wp\/v2\/pages\/477"}],"collection":[{"href":"https:\/\/www.tamaulipas.gob.mx\/cultura\/wp-json\/wp\/v2\/pages"}],"about":[{"href":"https:\/\/www.tamaulipas.gob.mx\/cultura\/wp-json\/wp\/v2\/types\/page"}],"author":[{"embeddable":true,"href":"https:\/\/www.tamaulipas.gob.mx\/cultura\/wp-json\/wp\/v2\/users\/87"}],"replies":[{"embeddable":true,"href":"https:\/\/www.tamaulipas.gob.mx\/cultura\/wp-json\/wp\/v2\/comments?post=477"}],"version-history":[{"count":319,"href":"https:\/\/www.tamaulipas.gob.mx\/cultura\/wp-json\/wp\/v2\/pages\/477\/revisions"}],"predecessor-version":[{"id":3476,"href":"https:\/\/www.tamaulipas.gob.mx\/cultura\/wp-json\/wp\/v2\/pages\/477\/revisions\/3476"}],"wp:attachment":[{"href":"https:\/\/www.tamaulipas.gob.mx\/cultura\/wp-json\/wp\/v2\/media?parent=477"}],"curies":[{"name":"wp","href":"https:\/\/api.w.org\/{rel}","templated":true}]}}