{"id":340,"date":"2017-10-02T12:17:00","date_gmt":"2017-10-02T17:17:00","guid":{"rendered":"http:\/\/www.tamaulipas.gob.mx\/cultura\/?page_id=340"},"modified":"2025-08-07T09:57:27","modified_gmt":"2025-08-07T15:57:27","slug":"contraloria-social-aiec-2021","status":"publish","type":"page","link":"https:\/\/www.tamaulipas.gob.mx\/cultura\/contraloria-social-aiec-2021\/","title":{"rendered":"Contralor\u00eda Social AIEC 2025"},"content":{"rendered":"<p style=\"text-align: center;\">CONTRALOR\u00cdA SOCIAL 2025<\/p>\n<p style=\"text-align: center;\">Apoyo a Instituciones Estales de Cultura AIEC 2025<\/p>\n<p style=\"text-align: center;\">Encuentro Estatal de Teatro \u201cRafael Solana\u201d<\/p>\n<p><strong>Materiales de difusi\u00f3n:<\/strong><\/p>\n<ol>\n<li><a href=\"https:\/\/www.tamaulipas.gob.mx\/cultura\/wp-content\/uploads\/sites\/27\/2025\/08\/1.-invitacion-para-integrar-el-comite-de-contraloria-social.pdf\" target=\"_blank\" rel=\"noopener\">Invitaci\u00f3n para integrar el Comit\u00e9 de Contralor\u00eda Social<\/a><\/li>\n<li>Integrantes del Comit\u00e9 de Contralor\u00eda Social<\/li>\n<\/ol>\n<ul>\n<li>Valent\u00edn Arias Flores, Presidente<\/li>\n<li>Norma Ang\u00e9lica Fernanda Valenzuela Cazares, Secretaria<\/li>\n<\/ul>\n<ol>\n<li><a href=\"https:\/\/www.tamaulipas.gob.mx\/cultura\/wp-content\/uploads\/sites\/27\/2025\/08\/3.-triptico-contraloria-social-aiec-2025.pdf\" target=\"_blank\" rel=\"noopener\">Tr\u00edptico<\/a><\/li>\n<li>Documentos normativos<\/li>\n<\/ol>\n<ul>\n<li> <a href=\"https:\/\/www.tamaulipas.gob.mx\/cultura\/wp-content\/uploads\/sites\/27\/2025\/08\/esquema-de-contraloria-social.pdf\">Esquema de Contralor\u00eda Social<\/a><\/li>\n<li> <a href=\"https:\/\/www.tamaulipas.gob.mx\/cultura\/wp-content\/uploads\/sites\/27\/2025\/08\/guia-operativa-de-contraloria-social.pdf\" target=\"_blank\" rel=\"noopener\">Gu\u00eda Operativa de Contralor\u00eda Social<\/a><\/li>\n<li> <a href=\"https:\/\/www.tamaulipas.gob.mx\/cultura\/wp-content\/uploads\/sites\/27\/2025\/08\/programa-anual-de-trabajo-de-contraloria-social-patcs.pdf\" target=\"_blank\" rel=\"noopener\">Programa Anual de Trabajo de Contralor\u00eda Social (PATCS)<\/a><\/li>\n<li> <a href= \"https:\/\/www.tamaulipas.gob.mx\/cultura\/wp-content\/uploads\/sites\/27\/2025\/08\/anexos-de-la-guia-operativa-de-contraloria-social.pdf\">Anexos de la Gu\u00eda Operativa de Contralor\u00eda Social<\/a><\/li>\n<\/ul>\n<p><a href=\"https:\/\/www.tamaulipas.gob.mx\/cultura\/wp-content\/uploads\/sites\/27\/2025\/08\/anexo-1.pdf\">Anexo 1<\/a><\/p>\n<p><a href=\"https:\/\/www.tamaulipas.gob.mx\/cultura\/wp-content\/uploads\/sites\/27\/2025\/08\/anexo-2.pdf\">Anexo 2<\/a><\/p>\n<p><a href=\"https:\/\/www.tamaulipas.gob.mx\/cultura\/wp-content\/uploads\/sites\/27\/2025\/08\/anexo-3.pdf\">Anexo 3<\/a><\/p>\n<p><a href=\"https:\/\/www.tamaulipas.gob.mx\/cultura\/wp-content\/uploads\/sites\/27\/2025\/08\/anexo-4.pdf\">Anexo 4<\/a><\/p>\n<p><a href=\"https:\/\/www.tamaulipas.gob.mx\/cultura\/wp-content\/uploads\/sites\/27\/2025\/08\/anexo-5.pdf\">Anexo 5<\/a><\/p>\n<p><a href=\"https:\/\/www.tamaulipas.gob.mx\/cultura\/wp-content\/uploads\/sites\/27\/2025\/08\/anexo-6.pdf\">Anexo 6<\/a><\/p>\n<p>Materiales de capacitaci\u00f3n:<\/p>\n<p><a href=\"https:\/\/www.tamaulipas.gob.mx\/cultura\/wp-content\/uploads\/sites\/27\/2025\/08\/1.-diapositivas-utilizadas-en-la-capacitacion.pdf\" target=\"_blank\" rel=\"noopener\">1. Diapositivas utilizadas en la capacitaci\u00f3n\u00a0<\/a><\/p>\n<p>&nbsp;<\/p>\n<p>&nbsp;<\/p>\n","protected":false},"excerpt":{"rendered":"<p>CONTRALOR\u00cdA SOCIAL 2025 Apoyo a Instituciones Estales de Cultura AIEC 2025 Encuentro Estatal de Teatro \u201cRafael Solana\u201d Materiales de difusi\u00f3n: Invitaci\u00f3n para integrar el Comit\u00e9\u2026<\/p>\n","protected":false},"author":87,"featured_media":0,"parent":0,"menu_order":0,"comment_status":"closed","ping_status":"closed","template":"","meta":{"footnotes":""},"class_list":["post-340","page","type-page","status-publish","hentry"],"publishpress_future_action":{"enabled":false,"date":"2026-05-10 04:31:31","action":"change-status","newStatus":"draft","terms":[],"taxonomy":""},"_links":{"self":[{"href":"https:\/\/www.tamaulipas.gob.mx\/cultura\/wp-json\/wp\/v2\/pages\/340"}],"collection":[{"href":"https:\/\/www.tamaulipas.gob.mx\/cultura\/wp-json\/wp\/v2\/pages"}],"about":[{"href":"https:\/\/www.tamaulipas.gob.mx\/cultura\/wp-json\/wp\/v2\/types\/page"}],"author":[{"embeddable":true,"href":"https:\/\/www.tamaulipas.gob.mx\/cultura\/wp-json\/wp\/v2\/users\/87"}],"replies":[{"embeddable":true,"href":"https:\/\/www.tamaulipas.gob.mx\/cultura\/wp-json\/wp\/v2\/comments?post=340"}],"version-history":[{"count":61,"href":"https:\/\/www.tamaulipas.gob.mx\/cultura\/wp-json\/wp\/v2\/pages\/340\/revisions"}],"predecessor-version":[{"id":3268,"href":"https:\/\/www.tamaulipas.gob.mx\/cultura\/wp-json\/wp\/v2\/pages\/340\/revisions\/3268"}],"wp:attachment":[{"href":"https:\/\/www.tamaulipas.gob.mx\/cultura\/wp-json\/wp\/v2\/media?parent=340"}],"curies":[{"name":"wp","href":"https:\/\/api.w.org\/{rel}","templated":true}]}}

Contraloría Social AIEC 2025

<p style="text-align: center;">CONTRALORÍA SOCIAL 2025</p>
<p style="text-align: center;">Apoyo a Instituciones Estales de Cultura AIEC 2025</p>
<p style="text-align: center;">Encuentro Estatal de Teatro “Rafael Solana”</p>
<p><strong>Materiales de difusión:</strong></p>
<ol>
<li><a href="https://www.tamaulipas.gob.mx/cultura/wp-content/uploads/sites/27/2025/08/1.-invitacion-para-integrar-el-comite-de-contraloria-social.pdf" target="_blank" rel="noopener">Invitación para integrar el Comité de Contraloría Social</a></li>
<li>Integrantes del Comité de Contraloría Social</li>
</ol>
<ul>
<li>Valentín Arias Flores, Presidente</li>
<li>Norma Angélica Fernanda Valenzuela Cazares, Secretaria</li>
</ul>
<ol>
<li><a href="https://www.tamaulipas.gob.mx/cultura/wp-content/uploads/sites/27/2025/08/3.-triptico-contraloria-social-aiec-2025.pdf" target="_blank" rel="noopener">Tríptico</a></li>
<li>Documentos normativos</li>
</ol>
<ul>
<li> <a href="https://www.tamaulipas.gob.mx/cultura/wp-content/uploads/sites/27/2025/08/esquema-de-contraloria-social.pdf">Esquema de Contraloría Social</a></li>
<li> <a href="https://www.tamaulipas.gob.mx/cultura/wp-content/uploads/sites/27/2025/08/guia-operativa-de-contraloria-social.pdf" target="_blank" rel="noopener">Guía Operativa de Contraloría Social</a></li>
<li> <a href="https://www.tamaulipas.gob.mx/cultura/wp-content/uploads/sites/27/2025/08/programa-anual-de-trabajo-de-contraloria-social-patcs.pdf" target="_blank" rel="noopener">Programa Anual de Trabajo de Contraloría Social (PATCS)</a></li>
<li> <a href= "https://www.tamaulipas.gob.mx/cultura/wp-content/uploads/sites/27/2025/08/anexos-de-la-guia-operativa-de-contraloria-social.pdf">Anexos de la Guía Operativa de Contraloría Social</a></li>
</ul>
<p><a href="https://www.tamaulipas.gob.mx/cultura/wp-content/uploads/sites/27/2025/08/anexo-1.pdf">Anexo 1</a></p>
<p><a href="https://www.tamaulipas.gob.mx/cultura/wp-content/uploads/sites/27/2025/08/anexo-2.pdf">Anexo 2</a></p>
<p><a href="https://www.tamaulipas.gob.mx/cultura/wp-content/uploads/sites/27/2025/08/anexo-3.pdf">Anexo 3</a></p>
<p><a href="https://www.tamaulipas.gob.mx/cultura/wp-content/uploads/sites/27/2025/08/anexo-4.pdf">Anexo 4</a></p>
<p><a href="https://www.tamaulipas.gob.mx/cultura/wp-content/uploads/sites/27/2025/08/anexo-5.pdf">Anexo 5</a></p>
<p><a href="https://www.tamaulipas.gob.mx/cultura/wp-content/uploads/sites/27/2025/08/anexo-6.pdf">Anexo 6</a></p>
<p>Materiales de capacitación:</p>
<p><a href="https://www.tamaulipas.gob.mx/cultura/wp-content/uploads/sites/27/2025/08/1.-diapositivas-utilizadas-en-la-capacitacion.pdf" target="_blank" rel="noopener">1. Diapositivas utilizadas en la capacitación </a></p>
<p>&nbsp;</p>
<p>&nbsp;</p>

<p>CONTRALORÍA SOCIAL 2025 Apoyo a Instituciones Estales de Cultura AIEC 2025 Encuentro Estatal de Teatro “Rafael Solana” Materiales de difusión: Invitación para integrar el Comité…</p>
