{"id":28,"date":"2017-06-22T13:20:38","date_gmt":"2017-06-22T18:20:38","guid":{"rendered":"http:\/\/www.tamaulipas.gob.mx\/cultura\/?page_id=28"},"modified":"2017-06-22T13:53:23","modified_gmt":"2017-06-22T18:53:23","slug":"patrimonio-cultural-e-historico","status":"publish","type":"page","link":"https:\/\/www.tamaulipas.gob.mx\/cultura\/patrimonio-cultural-e-historico\/","title":{"rendered":"Patrimonio Cultural e Hist\u00f3rico"},"content":{"rendered":"<p>Fortalece la identidad cultural por medio de la gesti\u00f3n y ejecuci\u00f3n de actividades que redunden en el fomento de las tradiciones, el arte popular, estilo de vida y pr\u00e1cticas hist\u00f3ricas que promuevan la participaci\u00f3n social para la conservaci\u00f3n y preservaci\u00f3n del patrimonio cultural tamaulipeco. De igual manera se aplican pol\u00edticas de protecci\u00f3n y conservaci\u00f3n del patrimonio hist\u00f3rico de la entidad. Y se crea infraestructura para la formaci\u00f3n de una cultura de progreso moral.<\/p>\n<h3><\/h3>\n<h3>Programas<\/h3>\n<p><strong>Programa de Apoyo a las Culturas Municipales y Comunitarias<\/strong><br \/>\nImpulsado por la Secretar\u00eda de Cultura, a trav\u00e9s de la Direcci\u00f3n General de Culturas Populares y el Instituto Tamaulipeco para la Cultura y las Artes, beneficia a grupos interesados en recibir apoyo econ\u00f3mico para el desarrollo de proyectos culturales comunitarios que contribuyan a conservar, preservar, difundir, salvaguardar o recrear alguna expresi\u00f3n cultural propia de la comunidad.<\/p>\n<p><strong>Programa De Desarrollo Cultural De La Huasteca<\/strong><br \/>\nEn coordinaci\u00f3n con la Secretar\u00eda de Cultura y los 6 estados de la Huasteca, se conjuntan recursos para el desarrollo de actividades que difundan y promocionen la diversidad de expresiones culturales de la regi\u00f3n huasteca.<\/p>\n","protected":false},"excerpt":{"rendered":"<p>Fortalece la identidad cultural por medio de la gesti\u00f3n y ejecuci\u00f3n de actividades que redunden en el fomento de las tradiciones, el arte popular, estilo\u2026<\/p>\n","protected":false},"author":7,"featured_media":0,"parent":0,"menu_order":0,"comment_status":"closed","ping_status":"closed","template":"","meta":{"footnotes":""},"class_list":["post-28","page","type-page","status-publish","hentry"],"publishpress_future_action":{"enabled":false,"date":"2026-04-21 14:00:21","action":"change-status","newStatus":"draft","terms":[],"taxonomy":""},"_links":{"self":[{"href":"https:\/\/www.tamaulipas.gob.mx\/cultura\/wp-json\/wp\/v2\/pages\/28"}],"collection":[{"href":"https:\/\/www.tamaulipas.gob.mx\/cultura\/wp-json\/wp\/v2\/pages"}],"about":[{"href":"https:\/\/www.tamaulipas.gob.mx\/cultura\/wp-json\/wp\/v2\/types\/page"}],"author":[{"embeddable":true,"href":"https:\/\/www.tamaulipas.gob.mx\/cultura\/wp-json\/wp\/v2\/users\/7"}],"replies":[{"embeddable":true,"href":"https:\/\/www.tamaulipas.gob.mx\/cultura\/wp-json\/wp\/v2\/comments?post=28"}],"version-history":[{"count":3,"href":"https:\/\/www.tamaulipas.gob.mx\/cultura\/wp-json\/wp\/v2\/pages\/28\/revisions"}],"predecessor-version":[{"id":50,"href":"https:\/\/www.tamaulipas.gob.mx\/cultura\/wp-json\/wp\/v2\/pages\/28\/revisions\/50"}],"wp:attachment":[{"href":"https:\/\/www.tamaulipas.gob.mx\/cultura\/wp-json\/wp\/v2\/media?parent=28"}],"curies":[{"name":"wp","href":"https:\/\/api.w.org\/{rel}","templated":true}]}}