{"id":23,"date":"2017-06-22T13:16:11","date_gmt":"2017-06-22T18:16:11","guid":{"rendered":"http:\/\/www.tamaulipas.gob.mx\/cultura\/?page_id=23"},"modified":"2017-06-22T13:49:43","modified_gmt":"2017-06-22T18:49:43","slug":"desarrollo-y-difusion-cultural","status":"publish","type":"page","link":"https:\/\/www.tamaulipas.gob.mx\/cultura\/desarrollo-y-difusion-cultural\/","title":{"rendered":"Desarrollo y Difusi\u00f3n Cultural"},"content":{"rendered":"<p>Esta direcci\u00f3n ejecuta todas aquellas actividades relacionadas con teatro, danza, m\u00fasica, artes pl\u00e1sticas y cine; as\u00ed como actividades vinculadas con el desarrollo cultural comunitario, el est\u00edmulo a la creaci\u00f3n, la promoci\u00f3n art\u00edstica y la descentralizaci\u00f3n de los bienes y servicios culturales. Adem\u00e1s se apoya a la formaci\u00f3n de p\u00fablicos y artistas de acuerdo al Plan Estatal de Desarrollo y a las pol\u00edticas del Instituto Tamaulipeco para la Cultura y las Artes.<\/p>\n<h3><\/h3>\n<h3>Programas<\/h3>\n<ul>\n<li>Programa Nacional de Teatro Escolar<\/li>\n<li>Muestra Estatal de Teatro Rafael Solana<\/li>\n<li>Red de Colectivos Culturales Comunitarios<\/li>\n<\/ul>\n","protected":false},"excerpt":{"rendered":"<p>Esta direcci\u00f3n ejecuta todas aquellas actividades relacionadas con teatro, danza, m\u00fasica, artes pl\u00e1sticas y cine; as\u00ed como actividades vinculadas con el desarrollo cultural comunitario, el\u2026<\/p>\n","protected":false},"author":7,"featured_media":0,"parent":0,"menu_order":0,"comment_status":"closed","ping_status":"closed","template":"","meta":{"footnotes":""},"class_list":["post-23","page","type-page","status-publish","hentry"],"publishpress_future_action":{"enabled":false,"date":"2026-05-10 03:20:47","action":"change-status","newStatus":"draft","terms":[],"taxonomy":""},"_links":{"self":[{"href":"https:\/\/www.tamaulipas.gob.mx\/cultura\/wp-json\/wp\/v2\/pages\/23"}],"collection":[{"href":"https:\/\/www.tamaulipas.gob.mx\/cultura\/wp-json\/wp\/v2\/pages"}],"about":[{"href":"https:\/\/www.tamaulipas.gob.mx\/cultura\/wp-json\/wp\/v2\/types\/page"}],"author":[{"embeddable":true,"href":"https:\/\/www.tamaulipas.gob.mx\/cultura\/wp-json\/wp\/v2\/users\/7"}],"replies":[{"embeddable":true,"href":"https:\/\/www.tamaulipas.gob.mx\/cultura\/wp-json\/wp\/v2\/comments?post=23"}],"version-history":[{"count":4,"href":"https:\/\/www.tamaulipas.gob.mx\/cultura\/wp-json\/wp\/v2\/pages\/23\/revisions"}],"predecessor-version":[{"id":47,"href":"https:\/\/www.tamaulipas.gob.mx\/cultura\/wp-json\/wp\/v2\/pages\/23\/revisions\/47"}],"wp:attachment":[{"href":"https:\/\/www.tamaulipas.gob.mx\/cultura\/wp-json\/wp\/v2\/media?parent=23"}],"curies":[{"name":"wp","href":"https:\/\/api.w.org\/{rel}","templated":true}]}}