{"id":67,"date":"2017-05-25T14:43:37","date_gmt":"2017-05-25T19:43:37","guid":{"rendered":"http:\/\/www.tamaulipas.gob.mx\/coepris\/?page_id=67"},"modified":"2026-01-15T14:07:23","modified_gmt":"2026-01-15T20:07:23","slug":"decretos","status":"publish","type":"page","link":"https:\/\/www.tamaulipas.gob.mx\/coepris\/decretos\/","title":{"rendered":"Decretos y Normatividad"},"content":{"rendered":"<p>Creaci\u00f3n de la Comisi\u00f3n Estatal para la Protecci\u00f3n contra Riesgos Sanitarios<\/p>\n<ul>\n<li><i class=\"fa fa-file-pdf-o\"><\/i>\u00a0<a href=\"http:\/\/www.tamaulipas.gob.mx\/coepris\/wp-content\/uploads\/sites\/26\/2017\/05\/decreto-no.-146.pdf\" target=\"_blank\" rel=\"noopener noreferrer\">Decreto No. 146 , 7 de Diciembre de 2005<\/a><\/li>\n<\/ul>\n<p>&nbsp;<\/p>\n<p>Acuerdo de modificaci\u00f3n del Decreto de la creaci\u00f3n de la Comisi\u00f3n Estatal para la Protecci\u00f3n contra Riesgos Sanitarios<\/p>\n<ul>\n<li><i class=\"fa fa-file-pdf-o\"><\/i>\u00a0<a href=\"http:\/\/www.tamaulipas.gob.mx\/coepris\/wp-content\/uploads\/sites\/26\/2017\/05\/decreto-no.-153.pdf\" target=\"_blank\" rel=\"noopener noreferrer\">Acuerdo No. 153, 20 de Diciembre de 2012<\/a><\/li>\n<\/ul>\n<p>&nbsp;<\/p>\n<p>ACUERDO Gubernamental mediante el cual se reforman y adicionan diversas disposiciones de los Acuerdos Gubernamentales por los que se determina la Estructura Org\u00e1nica de la Secretar\u00eda de Salud, relativo a la Comisi\u00f3n Estatal para la Protecci\u00f3n Contra Riesgos Sanitarios de Tamaulipas<\/p>\n<ul>\n<li><i class=\"fa fa-file-pdf-o\"><\/i>\u00a0<a href=\"https:\/\/www.tamaulipas.gob.mx\/coepris\/wp-content\/uploads\/sites\/26\/2024\/12\/estructura-organica-coepris-poe-127-22-oct-2024-1.pdf\" target=\"_blank\" rel=\"noopener noreferrer\">Acuerdo No. 127 , 22 de Octubre de 2024<\/a><\/li>\n<\/ul>\n<p>&nbsp;<\/p>\n<p><span class=\"grammar correction\" title=\"Esta frase no empieza con may\u00fascula.\" data-type=\"grammar\" data-suggestions=\"[{&quot;value&quot;:&quot;Acuerdo&quot;}]\" data-rule=\"UPPERCASE_SENTENCE_START\" data-word=\"acuerdo\">ACUERDO<\/span> G<span class=\"misspelling correction\" title=\"Se ha encontrado un posible error ortogr\u00e1fico.\" data-type=\"misspelling\" data-suggestions=\"[{&quot;value&quot;:&quot;gubernamental&quot;}]\" data-rule=\"MORFOLOGIK_RULE_ES\" data-word=\"gubernamenntal\">ubernamental<\/span> mediante el cual se reforma <span class=\"grammar correction\" title=\"Si es adjetivo o nombre, se escribe con tilde.\" data-type=\"grammar\" data-suggestions=\"[{&quot;value&quot;:&quot;el art\u00edculo&quot;}]\" data-rule=\"DIACRITICS_VERB_N_ADJ\" data-word=\"el articulo\">el Art\u00edculo<\/span> 1 del Acuerdo Gubernamental por el cual se determina la Estructura O<span class=\"misspelling correction\" title=\"Se ha encontrado un posible error ortogr\u00e1fico.\" data-type=\"misspelling\" data-suggestions=\"[{&quot;value&quot;:&quot;org\u00e1nica&quot;},{&quot;value&quot;:&quot;organiza&quot;},{&quot;value&quot;:&quot;org\u00e1nicas&quot;},{&quot;value&quot;:&quot;org\u00e1nico&quot;},{&quot;value&quot;:&quot;organice&quot;},{&quot;value&quot;:&quot;organic\u00e9&quot;},{&quot;value&quot;:&quot;Organy\u00e0&quot;}]\" data-rule=\"MORFOLOGIK_RULE_ES\" data-word=\"organica\">rg\u00e1nica<\/span> de la Secretaria de Salud, publicado en el P<span class=\"misspelling correction\" title=\"Se ha encontrado un posible error ortogr\u00e1fico.\" data-type=\"misspelling\" data-suggestions=\"[{&quot;value&quot;:&quot;peri\u00f3dico&quot;},{&quot;value&quot;:&quot;peri\u00f3dicos&quot;},{&quot;value&quot;:&quot;peri\u00f3dica&quot;},{&quot;value&quot;:&quot;aperi\u00f3dico&quot;},{&quot;value&quot;:&quot;periodice&quot;},{&quot;value&quot;:&quot;periodic\u00e9&quot;},{&quot;value&quot;:&quot;periodizo&quot;}]\" data-rule=\"MORFOLOGIK_RULE_ES\" data-word=\"periodico\">eri\u00f3dico<\/span> Oficial del Estado <span class=\"grammar correction\" title=\"Si es sustantivo, lleva tilde. Correcto si es del verbo \u2018numerar\u2019.\" data-type=\"grammar\" data-suggestions=\"[{&quot;value&quot;:&quot;n\u00famero&quot;}]\" data-rule=\"NUMERO\" data-word=\"numero\">n\u00famero<\/span> 146, de fecha 8 de <span class=\"misspelling correction\" title=\"Se ha encontrado un posible error ortogr\u00e1fico.\" data-type=\"misspelling\" data-suggestions=\"[{&quot;value&quot;:&quot;diciembre&quot;}]\" data-rule=\"MORFOLOGIK_RULE_ES\" data-word=\"dciembre\">diciembre<\/span> de 2021<\/p>\n<ul>\n<li><i class=\"fa fa-file-pdf-o\"><\/i>\u00a0<a href=\"https:\/\/www.tamaulipas.gob.mx\/coepris\/wp-content\/uploads\/sites\/26\/2024\/12\/estructura-organica-de-la-secretaria-de-salud-tamaulipas-1.pdf\" target=\"_blank\" rel=\"noopener noreferrer\">Acuerdo Extraordinario No. 09, 08 de Mayo de 2023<\/a><\/li>\n<\/ul>\n<p>&nbsp;<\/p>\n<p>Publicaci\u00f3n del Manual de Organizaci\u00f3n de la Secretar\u00eda de Salud<\/p>\n<ul>\n<li><i class=\"fa fa-file-pdf-o\"><\/i> <a href=\"https:\/\/www.tamaulipas.gob.mx\/coepris\/wp-content\/uploads\/sites\/26\/2024\/12\/manual-de-organizacion-de-salud-1.pdf\" target=\"_blank\" rel=\"noopener noreferrer\">Anexo al No. 120, 7 de Octubre de 2014<\/a><\/li>\n<\/ul>\n<p>&nbsp;<\/p>\n<p>Manual de Procedimientos de la <span class=\"misspelling correction\" title=\"Se ha encontrado un posible error ortogr\u00e1fico.\" data-type=\"misspelling\" data-suggestions=\"[{&quot;value&quot;:&quot;Comisi\u00f3n&quot;},{&quot;value&quot;:&quot;Comicios&quot;},{&quot;value&quot;:&quot;Colisi\u00f3n&quot;},{&quot;value&quot;:&quot;Comision\u00f3&quot;},{&quot;value&quot;:&quot;Omisi\u00f3n&quot;},{&quot;value&quot;:&quot;Comisiona&quot;},{&quot;value&quot;:&quot;Comisiono&quot;}]\" data-rule=\"MORFOLOGIK_RULE_ES\" data-word=\"Comision\">Comisi\u00f3n<\/span> Estatal para la <span class=\"misspelling correction\" title=\"Se ha encontrado un posible error ortogr\u00e1fico.\" data-type=\"misspelling\" data-suggestions=\"[{&quot;value&quot;:&quot;Protecci\u00f3n&quot;},{&quot;value&quot;:&quot;Proyecci\u00f3n&quot;}]\" data-rule=\"MORFOLOGIK_RULE_ES\" data-word=\"Proteccion\">Protecci\u00f3n<\/span> contra Riesgos Sanitarios<\/p>\n<ul>\n<li><i class=\"fa fa-file-pdf-o\"><\/i> <a href=\"https:\/\/www.tamaulipas.gob.mx\/coepris\/wp-content\/uploads\/sites\/26\/2024\/12\/manual-de-procedimientos-coepris-2024-firmado-1.pdf\" target=\"_blank\" rel=\"noopener noreferrer\">03 Diciembre de 2024<\/a><\/li>\n<\/ul>\n<p>&nbsp;<\/p>\n<p><span class=\"grammar correction\" title=\"Esta frase no empieza con may\u00fascula.\" data-type=\"grammar\" data-suggestions=\"[{&quot;value&quot;:&quot;Manual&quot;}]\" data-rule=\"UPPERCASE_SENTENCE_START\" data-word=\"manual\">Manual<\/span> de perfiles de puestos de la <span class=\"misspelling correction\" title=\"Se ha encontrado un posible error ortogr\u00e1fico.\" data-type=\"misspelling\" data-suggestions=\"[{&quot;value&quot;:&quot;Comisi\u00f3n&quot;},{&quot;value&quot;:&quot;Comicios&quot;},{&quot;value&quot;:&quot;Colisi\u00f3n&quot;},{&quot;value&quot;:&quot;Comision\u00f3&quot;},{&quot;value&quot;:&quot;Omisi\u00f3n&quot;},{&quot;value&quot;:&quot;Comisiona&quot;},{&quot;value&quot;:&quot;Comisiono&quot;}]\" data-rule=\"MORFOLOGIK_RULE_ES\" data-word=\"Comision\">Comisi\u00f3n<\/span> Estatal para la <span class=\"misspelling correction\" title=\"Se ha encontrado un posible error ortogr\u00e1fico.\" data-type=\"misspelling\" data-suggestions=\"[{&quot;value&quot;:&quot;Protecci\u00f3n&quot;},{&quot;value&quot;:&quot;Proyecci\u00f3n&quot;}]\" data-rule=\"MORFOLOGIK_RULE_ES\" data-word=\"Proteccion\">Protecci\u00f3n<\/span> contra Riesgos Sanitarios<\/p>\n<ul>\n<li><i class=\"fa fa-file-pdf-o\"><\/i> <a href=\"https:\/\/www.tamaulipas.gob.mx\/coepris\/wp-content\/uploads\/sites\/26\/2026\/01\/mpp-2025-coepris-1.pdf\">Agosto 2025<\/a><\/li>\n<\/ul>\n","protected":false},"excerpt":{"rendered":"<p>Creaci\u00f3n de la Comisi\u00f3n Estatal para la Protecci\u00f3n contra Riesgos Sanitarios \u00a0Decreto No. 146 , 7 de Diciembre de 2005 &nbsp; Acuerdo de modificaci\u00f3n del\u2026<\/p>\n","protected":false},"author":7,"featured_media":0,"parent":0,"menu_order":0,"comment_status":"closed","ping_status":"closed","template":"","meta":{"footnotes":""},"class_list":["post-67","page","type-page","status-publish","hentry"],"publishpress_future_action":{"enabled":false,"date":"2026-04-19 09:14:19","action":"change-status","newStatus":"draft","terms":[],"taxonomy":""},"_links":{"self":[{"href":"https:\/\/www.tamaulipas.gob.mx\/coepris\/wp-json\/wp\/v2\/pages\/67"}],"collection":[{"href":"https:\/\/www.tamaulipas.gob.mx\/coepris\/wp-json\/wp\/v2\/pages"}],"about":[{"href":"https:\/\/www.tamaulipas.gob.mx\/coepris\/wp-json\/wp\/v2\/types\/page"}],"author":[{"embeddable":true,"href":"https:\/\/www.tamaulipas.gob.mx\/coepris\/wp-json\/wp\/v2\/users\/7"}],"replies":[{"embeddable":true,"href":"https:\/\/www.tamaulipas.gob.mx\/coepris\/wp-json\/wp\/v2\/comments?post=67"}],"version-history":[{"count":11,"href":"https:\/\/www.tamaulipas.gob.mx\/coepris\/wp-json\/wp\/v2\/pages\/67\/revisions"}],"predecessor-version":[{"id":761,"href":"https:\/\/www.tamaulipas.gob.mx\/coepris\/wp-json\/wp\/v2\/pages\/67\/revisions\/761"}],"wp:attachment":[{"href":"https:\/\/www.tamaulipas.gob.mx\/coepris\/wp-json\/wp\/v2\/media?parent=67"}],"curies":[{"name":"wp","href":"https:\/\/api.w.org\/{rel}","templated":true}]}}