{"id":45,"date":"2017-05-24T15:28:37","date_gmt":"2017-05-24T20:28:37","guid":{"rendered":"http:\/\/www.tamaulipas.gob.mx\/coepris\/?page_id=45"},"modified":"2017-06-16T10:21:52","modified_gmt":"2017-06-16T15:21:52","slug":"agua-de-calidad-bacteriologica","status":"publish","type":"page","link":"https:\/\/www.tamaulipas.gob.mx\/coepris\/agua-de-calidad-bacteriologica\/","title":{"rendered":"Agua de Calidad Bacteriol\u00f3gica"},"content":{"rendered":"<p>Si en tu comunidad no cuentas con agua potable, cuida tu salud desinfectando el agua que vas a beber o con la que vas a cocinar.<\/p>\n<ol>\n<li>Desinfecta el agua de la siguiente manera:\n<ol style=\"list-style-type: lower-alpha\">\n<li>Por cada litro de agua, agr\u00e9gale una gota de plata coloidal o dos gotas de cloro y d\u00e9jala reposar durante media hora o,<\/li>\n<li>Hi\u00e9rvela por tres minutos y gu\u00e1rdala en un recipiente tapado.<\/li>\n<\/ol>\n<\/li>\n<li>Utiliza recipientes limpios, con tapa y de preferencia chicos, para que puedas servir el agua directamente sin meter las manos, tazas o cucharones.<\/li>\n<li>Recuerda que siempre debes lavarte las manos antes de comer, preparar alimentos y despu\u00e9s de ir al ba\u00f1o.<\/li>\n<li>Lava con agua desinfectada frutas y verduras frot\u00e1ndolas o cepill\u00e1ndolas. Cuando se trata de hojas de lechuga, cilantro, perejil, p\u00e1palo y col, l\u00e1valas a chorro de agua y desinf\u00e9ctalas.<\/li>\n<li>Lava y desinfecta los dep\u00f3sitos de almacenamiento de agua, como tambos y tinacos,\u00a0 por lo menos, cada seis meses y siempre mantenlos limpios y tapados.<\/li>\n<\/ol>\n","protected":false},"excerpt":{"rendered":"<p>Si en tu comunidad no cuentas con agua potable, cuida tu salud desinfectando el agua que vas a beber o con la que vas a\u2026<\/p>\n","protected":false},"author":7,"featured_media":0,"parent":0,"menu_order":0,"comment_status":"closed","ping_status":"closed","template":"","meta":{"footnotes":""},"class_list":["post-45","page","type-page","status-publish","hentry"],"publishpress_future_action":{"enabled":false,"date":"2026-04-19 11:07:34","action":"change-status","newStatus":"draft","terms":[],"taxonomy":""},"_links":{"self":[{"href":"https:\/\/www.tamaulipas.gob.mx\/coepris\/wp-json\/wp\/v2\/pages\/45"}],"collection":[{"href":"https:\/\/www.tamaulipas.gob.mx\/coepris\/wp-json\/wp\/v2\/pages"}],"about":[{"href":"https:\/\/www.tamaulipas.gob.mx\/coepris\/wp-json\/wp\/v2\/types\/page"}],"author":[{"embeddable":true,"href":"https:\/\/www.tamaulipas.gob.mx\/coepris\/wp-json\/wp\/v2\/users\/7"}],"replies":[{"embeddable":true,"href":"https:\/\/www.tamaulipas.gob.mx\/coepris\/wp-json\/wp\/v2\/comments?post=45"}],"version-history":[{"count":1,"href":"https:\/\/www.tamaulipas.gob.mx\/coepris\/wp-json\/wp\/v2\/pages\/45\/revisions"}],"predecessor-version":[{"id":46,"href":"https:\/\/www.tamaulipas.gob.mx\/coepris\/wp-json\/wp\/v2\/pages\/45\/revisions\/46"}],"wp:attachment":[{"href":"https:\/\/www.tamaulipas.gob.mx\/coepris\/wp-json\/wp\/v2\/media?parent=45"}],"curies":[{"name":"wp","href":"https:\/\/api.w.org\/{rel}","templated":true}]}}