{"id":11,"date":"2017-05-23T11:02:29","date_gmt":"2017-05-23T16:02:29","guid":{"rendered":"http:\/\/www.tamaulipas.gob.mx\/coepris\/?page_id=11"},"modified":"2022-01-03T13:59:23","modified_gmt":"2022-01-03T19:59:23","slug":"mision-vision-y-valores","status":"publish","type":"page","link":"https:\/\/www.tamaulipas.gob.mx\/coepris\/mision-vision-y-valores\/","title":{"rendered":"Misi\u00f3n, Visi\u00f3n y Valores"},"content":{"rendered":"<p>MISI\u00d3N<\/p>\n<p>&nbsp;<\/p>\n<p><em>Salvaguardar eficazmente la salud de la poblaci\u00f3n y visitantes en Tamaulipas mediante la vigilancia, el monitoreo y control de riesgos originados en el territorio nacional o en el extranjero.<\/em><\/p>\n<p>&nbsp;<\/p>\n<p>&nbsp;<\/p>\n<p>VISI\u00d3N<\/p>\n<p><em>Lograr que la poblaci\u00f3n tamaulipeca y sus visitantes perciban un entorno saludable, al contar con una autoridad sanitaria profesional, \u00edntegra y con fundamentos t\u00e9cnicos en materia de protecci\u00f3n contra riesgos sanitarios, que vela por su salud a trav\u00e9s de acciones efectivas de prevenci\u00f3n, control y fomento sanitario.<\/em><\/p>\n<p>&nbsp;<\/p>\n<p>&nbsp;<\/p>\n<p>VALORES<\/p>\n<ul>\n<li>Honestidad<\/li>\n<li>Responsabilidad<\/li>\n<li>Transparencia<\/li>\n<li>\u00c9tica<\/li>\n<li>Trabajo en Equipo<\/li>\n<li>Servicio<\/li>\n<li>Profesionalismo<\/li>\n<li>Excelencia<\/li>\n<li>Compromiso<\/li>\n<li>Liderazgo<\/li>\n<\/ul>\n<p>&nbsp;<\/p>\n<p>&nbsp;<\/p>\n<p>POLITICA DE CALIDAD<\/p>\n<p>&nbsp;<\/p>\n<p><em>Somos la autoridad regulatoria en materia de riesgos sanitarios, que trabaja con responsabilidad social, buscando satisfacer las necesidades y demandas de los usuarios, a trav\u00e9s de un equipo de trabajo comprometido, preparado y con observancia permanente de la legalidad y transparencia en el desempe\u00f1o de sus funciones; aplicando todo el talento y las herramientas tecnol\u00f3gicas, haci\u00e9ndolo en un marco de respeto e integridad, logrando el mejoramiento continuo de sus procesos por medio de un Sistema de Gesti\u00f3n de Calidad.<\/em><\/p>\n<p>&nbsp;<\/p>\n<p>&nbsp;<\/p>\n<p>OBJETIVO DE CALIDAD<\/p>\n<p>QUEJAS:<\/p>\n<ul>\n<li>Tener un m\u00e1ximo trimestral del 5% de quejas de usuarios inconformes con la atenci\u00f3n del servicio respecto al total de tr\u00e1mites atendidos.<\/li>\n<\/ul>\n<p>&nbsp;<\/p>\n<p>&nbsp;<\/p>\n<p>OBJETIVO DE CALIDAD<\/p>\n<p>TIEMPOS DE RESPUESTA:<\/p>\n<ul>\n<li>Alcanzar un 90% de tr\u00e1mites resueltos satisfactoriamente en los per\u00edodos legales permisibles, del total de tr\u00e1mites atendidos trimestralmente.<\/li>\n<\/ul>\n<p>&nbsp;<\/p>\n<p>&nbsp;<\/p>\n<p>OBJETIVO DE CALIDAD<\/p>\n<p>CAPACITACI\u00d3N:<\/p>\n<ul>\n<li>Capacitar a todo el personal de la COEPRIS que se encuentra en el alcance del Sistema de Gesti\u00f3n de Calidad, al menos una vez al a\u00f1o.<\/li>\n<\/ul>\n<p>&nbsp;<\/p>\n<p>&nbsp;<\/p>\n<p>OBJETIVO DE CALIDAD<\/p>\n<p>MEJORA CONTINUA:<\/p>\n<ul>\n<li>Registrar una o m\u00e1s propuestas de mejora al sistema de gesti\u00f3n de calidad por parte de las \u00e1reas involucradas.<\/li>\n<\/ul>\n<p>&nbsp;<\/p>\n<p>&nbsp;<\/p>\n<p>OBJETIVO DE CALIDAD<\/p>\n<p>SATISFACCI\u00d3N DE USUARIOS:<\/p>\n<ul>\n<li>Alcanzar m\u00e1s del 90% de aprobaci\u00f3n por parte de los usuarios en las encuestas en el servicio de calidad.<\/li>\n<\/ul>\n<p>&nbsp;<\/p>\n<p>&nbsp;<\/p>\n<p>OBJETIVO DE CALIDAD<\/p>\n<p>RELACIONES INTERINSTITUCIONALES<\/p>\n<ul>\n<li>Articular los mecanismos de gesti\u00f3n para una vinculaci\u00f3n interinstitucional con los diferentes actores que participen en materia de regulaci\u00f3n sanitaria a fin de lograr una coordinaci\u00f3n efectiva, ya sea del orden p\u00fablico, privado y social del Estado.<\/li>\n<\/ul>\n","protected":false},"excerpt":{"rendered":"<p>MISI\u00d3N &nbsp; Salvaguardar eficazmente la salud de la poblaci\u00f3n y visitantes en Tamaulipas mediante la vigilancia, el monitoreo y control de riesgos originados en el\u2026<\/p>\n","protected":false},"author":7,"featured_media":0,"parent":0,"menu_order":0,"comment_status":"closed","ping_status":"closed","template":"","meta":{"footnotes":""},"class_list":["post-11","page","type-page","status-publish","hentry"],"publishpress_future_action":{"enabled":false,"date":"2026-04-19 09:15:11","action":"change-status","newStatus":"draft","terms":[],"taxonomy":""},"_links":{"self":[{"href":"https:\/\/www.tamaulipas.gob.mx\/coepris\/wp-json\/wp\/v2\/pages\/11"}],"collection":[{"href":"https:\/\/www.tamaulipas.gob.mx\/coepris\/wp-json\/wp\/v2\/pages"}],"about":[{"href":"https:\/\/www.tamaulipas.gob.mx\/coepris\/wp-json\/wp\/v2\/types\/page"}],"author":[{"embeddable":true,"href":"https:\/\/www.tamaulipas.gob.mx\/coepris\/wp-json\/wp\/v2\/users\/7"}],"replies":[{"embeddable":true,"href":"https:\/\/www.tamaulipas.gob.mx\/coepris\/wp-json\/wp\/v2\/comments?post=11"}],"version-history":[{"count":6,"href":"https:\/\/www.tamaulipas.gob.mx\/coepris\/wp-json\/wp\/v2\/pages\/11\/revisions"}],"predecessor-version":[{"id":406,"href":"https:\/\/www.tamaulipas.gob.mx\/coepris\/wp-json\/wp\/v2\/pages\/11\/revisions\/406"}],"wp:attachment":[{"href":"https:\/\/www.tamaulipas.gob.mx\/coepris\/wp-json\/wp\/v2\/media?parent=11"}],"curies":[{"name":"wp","href":"https:\/\/api.w.org\/{rel}","templated":true}]}}