{"id":846,"date":"2024-10-23T13:31:20","date_gmt":"2024-10-23T19:31:20","guid":{"rendered":"https:\/\/www.tamaulipas.gob.mx\/cdmx\/?page_id=846"},"modified":"2024-10-29T16:39:07","modified_gmt":"2024-10-29T22:39:07","slug":"comunicacion-social-y-relaciones-publicas","status":"publish","type":"page","link":"https:\/\/www.tamaulipas.gob.mx\/cdmx\/comunicacion-social-y-relaciones-publicas\/","title":{"rendered":"Comunicaci\u00f3n  Social y Relaciones P\u00fablicas"},"content":{"rendered":"<p><img loading=\"lazy\" decoding=\"async\" class=\"alignnone size-full wp-image-851\" src=\"https:\/\/www.tamaulipas.gob.mx\/cdmx\/wp-content\/uploads\/sites\/16\/2024\/10\/whatsapp-image-2024-10-22-at-5.00.23-pm.jpeg\" alt=\"\" width=\"1200\" height=\"800\" \/><\/p>\n<p>&nbsp;<\/p>\n<p><span style=\"font-size: 20px;\"><strong>Comunicaci\u00f3n Social y Relaciones P\u00fablicas<\/strong><\/span><\/p>\n<p>Dentro de la Representaci\u00f3n del Gobierno de Tamaulipas en la Ciudad de M\u00e9xico, las direcciones de Comunicaci\u00f3n Social y Relaciones P\u00fablicas buscamos difundir las principales actividades de la sociedad tamaulipeca en los \u00e1mbitos pol\u00edtico, cultural, educativo, art\u00edstico, deportivo y gastron\u00f3mico, con el prop\u00f3sito de contribuir al desarrollo de nuestra entidad.<\/p>\n<p>Desde nuestras oficinas en la capital, nos dedicamos a fortalecer el v\u00ednculo entre el Gobierno del Estado y las y los tamaulipecos, facilitando un contacto efectivo con medios locales, nacionales e internacionales para asegurar la visibilidad de Tamaulipas en los espacios de informaci\u00f3n m\u00e1s relevantes.<\/p>\n<p>Tambi\u00e9n trabajamos para consolidar una percepci\u00f3n positiva de Tamaulipas y sus autoridades, impulsando una imagen p\u00fablica favorable que respalde la presencia y el desarrollo de nuestro estado en el \u00e1mbito nacional e internacional.<\/p>\n<p>&nbsp;<\/p>\n<p>Conoce nuestras secci\u00f3n. Principales Actividades<\/p>\n<p>&nbsp;<\/p>\n","protected":false},"excerpt":{"rendered":"<p>&nbsp; Comunicaci\u00f3n Social y Relaciones P\u00fablicas Dentro de la Representaci\u00f3n del Gobierno de Tamaulipas en la Ciudad de M\u00e9xico, las direcciones de Comunicaci\u00f3n Social y\u2026<\/p>\n","protected":false},"author":390,"featured_media":0,"parent":0,"menu_order":0,"comment_status":"closed","ping_status":"closed","template":"","meta":{"footnotes":""},"class_list":["post-846","page","type-page","status-publish","hentry"],"publishpress_future_action":{"enabled":false,"date":"2026-04-20 08:48:31","action":"change-status","newStatus":"draft","terms":[],"taxonomy":""},"_links":{"self":[{"href":"https:\/\/www.tamaulipas.gob.mx\/cdmx\/wp-json\/wp\/v2\/pages\/846"}],"collection":[{"href":"https:\/\/www.tamaulipas.gob.mx\/cdmx\/wp-json\/wp\/v2\/pages"}],"about":[{"href":"https:\/\/www.tamaulipas.gob.mx\/cdmx\/wp-json\/wp\/v2\/types\/page"}],"author":[{"embeddable":true,"href":"https:\/\/www.tamaulipas.gob.mx\/cdmx\/wp-json\/wp\/v2\/users\/390"}],"replies":[{"embeddable":true,"href":"https:\/\/www.tamaulipas.gob.mx\/cdmx\/wp-json\/wp\/v2\/comments?post=846"}],"version-history":[{"count":7,"href":"https:\/\/www.tamaulipas.gob.mx\/cdmx\/wp-json\/wp\/v2\/pages\/846\/revisions"}],"predecessor-version":[{"id":933,"href":"https:\/\/www.tamaulipas.gob.mx\/cdmx\/wp-json\/wp\/v2\/pages\/846\/revisions\/933"}],"wp:attachment":[{"href":"https:\/\/www.tamaulipas.gob.mx\/cdmx\/wp-json\/wp\/v2\/media?parent=846"}],"curies":[{"name":"wp","href":"https:\/\/api.w.org\/{rel}","templated":true}]}}