{"id":16,"date":"2016-11-25T13:50:50","date_gmt":"2016-11-25T19:50:50","guid":{"rendered":"http:\/\/www.tamaulipas.gob.mx\/cdmx\/?page_id=16"},"modified":"2024-11-04T14:08:55","modified_gmt":"2024-11-04T20:08:55","slug":"mision-y-vision","status":"publish","type":"page","link":"https:\/\/www.tamaulipas.gob.mx\/cdmx\/mision-y-vision\/","title":{"rendered":"Representaci\u00f3n del Gobierno de Tamaulipas en CDMX"},"content":{"rendered":"<p style=\"text-align: justify;\"><span style=\"font-weight: 400;\">La oficina de Representaci\u00f3n del Gobierno de Tamaulipas en la Ciudad de M\u00e9xico es la unidad de enlace, promoci\u00f3n, articulaci\u00f3n, y seguimiento, de algunos esquemas de colaboraci\u00f3n entre la Administraci\u00f3n P\u00fablica Estatal con instituciones federales y organizaciones privadas.<\/span><\/p>\n<p>&nbsp;<\/p>\n<p><img loading=\"lazy\" decoding=\"async\" class=\"alignnone size-full wp-image-944\" src=\"https:\/\/www.tamaulipas.gob.mx\/cdmx\/wp-content\/uploads\/sites\/16\/2024\/11\/logo-puerta.jpeg\" alt=\"\" width=\"1200\" height=\"900\" \/><\/p>\n<p>&nbsp;<\/p>\n<p style=\"text-align: justify;\"><span style=\"font-weight: 400;\">Es la responsable de promover temas espec\u00edficos para el desarrollo econ\u00f3mico, social, cultural, tur\u00edstico e industrial del Estado ante diversos sectores\u00a0 del pa\u00eds y representaciones extranjeras, como embajadas para el beneficio de las y los tamaulipecos.\u00a0<\/span><\/p>\n<p>&nbsp;<\/p>\n<p><img loading=\"lazy\" decoding=\"async\" class=\"alignnone size-full wp-image-893\" src=\"https:\/\/www.tamaulipas.gob.mx\/cdmx\/wp-content\/uploads\/sites\/16\/2024\/10\/entrada-oficina.jpeg\" alt=\"\" width=\"1200\" height=\"800\" \/><\/p>\n<p>&nbsp;<\/p>\n<p style=\"text-align: justify;\"><span style=\"font-weight: 400;\">Asimismo, la\u00a0 Representaci\u00f3n de Tamaulipas en la capital del pa\u00eds se encarga de promover las principales actividades, conferencias, eventos, logros y resultados del Gobierno Estatal en los medios de comunicaci\u00f3n de la Ciudad de M\u00e9xico, nacionales e internacionales. Tambi\u00e9n busca fortalecer las relaciones p\u00fablicas con los periodistas y directivos de las principales empresas informativas.<\/span><\/p>\n<p>&nbsp;<\/p>\n<p><img loading=\"lazy\" decoding=\"async\" class=\"alignnone size-full wp-image-895\" src=\"https:\/\/www.tamaulipas.gob.mx\/cdmx\/wp-content\/uploads\/sites\/16\/2024\/10\/whatsapp-image-2024-10-25-at-11.09.59-am.jpeg\" alt=\"\" width=\"1200\" height=\"994\" \/><\/p>\n<p>&nbsp;<\/p>\n<p style=\"text-align: justify;\"><span style=\"font-weight: 400;\">La oficina de la Representaci\u00f3n colabora como enlace y realiza gestiones que requieran la actividad presencial en el centro del pa\u00eds. Apoya a los funcionarios de la administraci\u00f3n p\u00fablica en sus actividades en la Ciudad de M\u00e9xico y en los eventos en los que participen las diferentes dependencias.<\/span><\/p>\n<p>&nbsp;<\/p>\n<p><img loading=\"lazy\" decoding=\"async\" class=\"alignnone size-full wp-image-896\" src=\"https:\/\/www.tamaulipas.gob.mx\/cdmx\/wp-content\/uploads\/sites\/16\/2024\/10\/whatsapp-image-2024-10-25-at-11.10.00-am.jpeg\" alt=\"\" width=\"1200\" height=\"825\" \/><\/p>\n<p>&nbsp;<\/p>\n<p style=\"text-align: justify;\">El pasado lunes 30 de septiembre del 2024, el gobernador Am\u00e9rico Villareal, acompa\u00f1ado de la presidenta del DIF Estatal, doctora Maria de Villareal, cort\u00f3 el list\u00f3n con el que inaugur\u00f3 las oficinas remodeladas de la Representaci\u00f3n del Gobierno de Tamaulipas en la Ciudad de M\u00e9xico y entreg\u00f3 el nombramiento como titular de instancia al licenciado Alejandro Rabago Hern\u00e1ndez.<\/p>\n<p>&nbsp;<\/p>\n<p><img loading=\"lazy\" decoding=\"async\" class=\"alignnone size-full wp-image-913\" src=\"https:\/\/www.tamaulipas.gob.mx\/cdmx\/wp-content\/uploads\/sites\/16\/2024\/10\/img_6915.jpg\" alt=\"\" width=\"1200\" height=\"800\" \/><\/p>\n<p>&nbsp;<\/p>\n<p>&nbsp;<\/p>\n","protected":false},"excerpt":{"rendered":"<p>La oficina de Representaci\u00f3n del Gobierno de Tamaulipas en la Ciudad de M\u00e9xico es la unidad de enlace, promoci\u00f3n, articulaci\u00f3n, y seguimiento, de algunos esquemas\u2026<\/p>\n","protected":false},"author":7,"featured_media":0,"parent":0,"menu_order":0,"comment_status":"closed","ping_status":"closed","template":"","meta":{"footnotes":""},"class_list":["post-16","page","type-page","status-publish","hentry"],"publishpress_future_action":{"enabled":false,"date":"2026-04-20 07:11:26","action":"change-status","newStatus":"draft","terms":[],"taxonomy":""},"_links":{"self":[{"href":"https:\/\/www.tamaulipas.gob.mx\/cdmx\/wp-json\/wp\/v2\/pages\/16"}],"collection":[{"href":"https:\/\/www.tamaulipas.gob.mx\/cdmx\/wp-json\/wp\/v2\/pages"}],"about":[{"href":"https:\/\/www.tamaulipas.gob.mx\/cdmx\/wp-json\/wp\/v2\/types\/page"}],"author":[{"embeddable":true,"href":"https:\/\/www.tamaulipas.gob.mx\/cdmx\/wp-json\/wp\/v2\/users\/7"}],"replies":[{"embeddable":true,"href":"https:\/\/www.tamaulipas.gob.mx\/cdmx\/wp-json\/wp\/v2\/comments?post=16"}],"version-history":[{"count":15,"href":"https:\/\/www.tamaulipas.gob.mx\/cdmx\/wp-json\/wp\/v2\/pages\/16\/revisions"}],"predecessor-version":[{"id":945,"href":"https:\/\/www.tamaulipas.gob.mx\/cdmx\/wp-json\/wp\/v2\/pages\/16\/revisions\/945"}],"wp:attachment":[{"href":"https:\/\/www.tamaulipas.gob.mx\/cdmx\/wp-json\/wp\/v2\/media?parent=16"}],"curies":[{"name":"wp","href":"https:\/\/api.w.org\/{rel}","templated":true}]}}