{"id":125,"date":"2018-01-08T10:56:15","date_gmt":"2018-01-08T16:56:15","guid":{"rendered":"http:\/\/www.tamaulipas.gob.mx\/cdmx\/?page_id=125"},"modified":"2024-11-05T14:49:54","modified_gmt":"2024-11-05T20:49:54","slug":"desarrollo-economico-sostenible","status":"publish","type":"page","link":"https:\/\/www.tamaulipas.gob.mx\/cdmx\/desarrollo-economico-sostenible\/","title":{"rendered":"Titular de la Representaci\u00f3n de Tamaulipas en la CDMX"},"content":{"rendered":"<p style=\"text-align: justify;\"><strong><span style=\"font-size: 20px;\">LIC.\u00a0 ALEJANDRO R\u00c1BAGO HERN\u00c1NDEZ<\/span><\/strong><\/p>\n<p style=\"text-align: justify;\"><img loading=\"lazy\" decoding=\"async\" class=\"alignnone size-full wp-image-898\" src=\"https:\/\/www.tamaulipas.gob.mx\/cdmx\/wp-content\/uploads\/sites\/16\/2024\/10\/whatsapp-image-2024-10-25-at-10.57.59-am.jpeg\" alt=\"\" width=\"1065\" height=\"1199\" \/><\/p>\n<p style=\"text-align: justify;\"><img loading=\"lazy\" decoding=\"async\" class=\"alignnone size-full wp-image-843\" src=\"https:\/\/www.tamaulipas.gob.mx\/cdmx\/wp-content\/uploads\/sites\/16\/2016\/11\/nombramiento.jpeg\" alt=\"\" width=\"880\" height=\"615\" \/><\/p>\n<p style=\"text-align: justify;\"><span style=\"font-weight: 400;\">Ejecutivo con una s\u00f3lida trayectoria de m\u00e1s de dos d\u00e9cadas en el \u00e1mbito p\u00fablico y privado, Alejandro R\u00e1bago Hern\u00e1ndez ha demostrado su capacidad de liderazgo y gesti\u00f3n en diversas \u00e1reas como la administraci\u00f3n financiera, el desarrollo de pol\u00edticas p\u00fablicas y la promoci\u00f3n de inversiones. <\/span><\/p>\n<p style=\"text-align: justify;\"><span style=\"font-weight: 400;\">Su formaci\u00f3n acad\u00e9mica incluye una Licenciatura en Administraci\u00f3n Financiera por el Tecnol\u00f3gico de Monterrey (Campus Guadalajara) y estudios en la Universidad de Comillas y la Universidad Complutense de Madrid, donde se especializ\u00f3 en gesti\u00f3n de ONG\u2019s y negocios internacionales.<\/span><\/p>\n<p style=\"text-align: justify;\"><img loading=\"lazy\" decoding=\"async\" class=\"alignnone size-full wp-image-899\" src=\"https:\/\/www.tamaulipas.gob.mx\/cdmx\/wp-content\/uploads\/sites\/16\/2024\/10\/whatsapp-image-2024-10-25-at-12.49.58-pm.jpeg\" alt=\"\" width=\"1200\" height=\"795\" \/><\/p>\n<p style=\"text-align: justify;\"><span style=\"font-weight: 400;\">Actualmente, Alejandro R\u00e1bago ocupa el cargo de Representante del Gobierno del Estado de Tamaulipas en la Ciudad de M\u00e9xico. En este rol, funge como enlace clave entre el gobierno estatal y la administraci\u00f3n federal, facilitando la coordinaci\u00f3n de estrategias y pol\u00edticas en beneficio del estado. Anteriormente, se desempe\u00f1\u00f3 como Coordinador de Asesores del Ejecutivo Estatal de Tamaulipas, donde lider\u00f3 la formulaci\u00f3n y ejecuci\u00f3n de estrategias de alto impacto para la gesti\u00f3n de temas prioritarios a nivel estatal.<\/span><\/p>\n<p style=\"text-align: justify;\"><img loading=\"lazy\" decoding=\"async\" class=\"alignnone size-full wp-image-900\" src=\"https:\/\/www.tamaulipas.gob.mx\/cdmx\/wp-content\/uploads\/sites\/16\/2024\/10\/whatsapp-image-2024-10-25-at-12.55.21-pm.jpeg\" alt=\"\" width=\"800\" height=\"1200\" \/><\/p>\n<p style=\"text-align: justify;\"><span style=\"font-weight: 400;\">En el \u00e1mbito fiscal y de control aduanero, Alejandro fue Administrador de la Aduana de Acapulco, Guerrero, donde implement\u00f3 iniciativas de eficiencia para abatir el rezago hist\u00f3rico en el control de mercanc\u00edas. Bajo su liderazgo, se desarroll\u00f3 un Programa de Desalojo de Almacenes a nivel nacional, una medida que mejor\u00f3 significativamente la gesti\u00f3n de inventarios en aduanas y optimiz\u00f3 el uso de recursos p\u00fablicos.<\/span><\/p>\n<p style=\"text-align: justify;\"><span style=\"font-weight: 400;\">Su experiencia en el Servicio de Administraci\u00f3n y Enajenaci\u00f3n de Bienes (SAE) es particularmente destacada. Como Delegado Regional Noreste (cubriendo Coahuila, Nuevo Le\u00f3n y Tamaulipas), coordin\u00f3 la administraci\u00f3n de bienes transferidos para su venta, destrucci\u00f3n o asignaci\u00f3n. Durante su gesti\u00f3n, la delegaci\u00f3n alcanz\u00f3 el primer lugar en ingresos por subastas en sitio a nivel nacional en tres ocasiones, reflejando su enfoque en la eficiencia y maximizaci\u00f3n de recursos.<\/span><\/p>\n<p>&nbsp;<\/p>\n<p style=\"text-align: justify;\"><img loading=\"lazy\" decoding=\"async\" class=\"alignnone size-full wp-image-910\" src=\"https:\/\/www.tamaulipas.gob.mx\/cdmx\/wp-content\/uploads\/sites\/16\/2024\/10\/img_7099-e1730137889112.jpg\" alt=\"\" width=\"800\" height=\"1080\" \/><\/p>\n<p>&nbsp;<\/p>\n<p style=\"text-align: justify;\">En el sector privado, Alejandro desempe\u00f1\u00f3 roles directivos en Grupo GMP, una firma de desarrollo inmobiliario con presencia en seis estados de M\u00e9xico. Como Director Comercial, lider\u00f3 el dise\u00f1o y urbanizaci\u00f3n de proyectos de alto impacto, adem\u00e1s de gestionar la promoci\u00f3n y venta de desarrollos consolidados. Esta experiencia se complementa con su rol como Gerente General en Lagunas de Miralta, un desarrollo residencial de 240 hect\u00e1reas en Tamaulipas, donde supervis\u00f3 la implementaci\u00f3n de estrategias para la atracci\u00f3n de inversionistas y la expansi\u00f3n del proyecto.<\/p>\n<p style=\"text-align: justify;\">Su contribuci\u00f3n al sector tur\u00edstico en Tamaulipas tambi\u00e9n es relevante. Como Secretario de Turismo en funciones y Director General de Promoci\u00f3n en la Secretar\u00eda de Turismo del estado, Alejandro impuls\u00f3 pol\u00edticas de promoci\u00f3n para diversificar la oferta tur\u00edstica, atraer inversi\u00f3n y fortalecer la competitividad de destinos clave. Estas iniciativas generaron un crecimiento sostenible y mejoraron la percepci\u00f3n de Tamaulipas como un destino tur\u00edstico competitivo.<\/p>\n<p style=\"text-align: justify;\"><span style=\"font-weight: 400;\">En conjunto, la carrera de Alejandro R\u00e1bago Hern\u00e1ndez refleja un compromiso firme con la innovaci\u00f3n, la gesti\u00f3n eficiente de recursos y el desarrollo estrat\u00e9gico en cada sector en el que se ha desempe\u00f1ado. Su experiencia en la creaci\u00f3n y ejecuci\u00f3n de pol\u00edticas p\u00fablicas, as\u00ed como en la administraci\u00f3n de proyectos complejos, lo posiciona como un l\u00edder integral y altamente capacitado para enfrentar desaf\u00edos tanto en el \u00e1mbito p\u00fablico como en el privado.<\/span><\/p>\n<p>Staff de la Representaci\u00f3n CDMX<\/p>\n<p style=\"text-align: justify;\">\n","protected":false},"excerpt":{"rendered":"<p>LIC.\u00a0 ALEJANDRO R\u00c1BAGO HERN\u00c1NDEZ Ejecutivo con una s\u00f3lida trayectoria de m\u00e1s de dos d\u00e9cadas en el \u00e1mbito p\u00fablico y privado, Alejandro R\u00e1bago Hern\u00e1ndez ha demostrado\u2026<\/p>\n","protected":false},"author":7,"featured_media":0,"parent":0,"menu_order":0,"comment_status":"closed","ping_status":"closed","template":"","meta":{"footnotes":""},"class_list":["post-125","page","type-page","status-publish","hentry"],"publishpress_future_action":{"enabled":false,"date":"2026-04-20 07:12:47","action":"change-status","newStatus":"draft","terms":[],"taxonomy":""},"_links":{"self":[{"href":"https:\/\/www.tamaulipas.gob.mx\/cdmx\/wp-json\/wp\/v2\/pages\/125"}],"collection":[{"href":"https:\/\/www.tamaulipas.gob.mx\/cdmx\/wp-json\/wp\/v2\/pages"}],"about":[{"href":"https:\/\/www.tamaulipas.gob.mx\/cdmx\/wp-json\/wp\/v2\/types\/page"}],"author":[{"embeddable":true,"href":"https:\/\/www.tamaulipas.gob.mx\/cdmx\/wp-json\/wp\/v2\/users\/7"}],"replies":[{"embeddable":true,"href":"https:\/\/www.tamaulipas.gob.mx\/cdmx\/wp-json\/wp\/v2\/comments?post=125"}],"version-history":[{"count":10,"href":"https:\/\/www.tamaulipas.gob.mx\/cdmx\/wp-json\/wp\/v2\/pages\/125\/revisions"}],"predecessor-version":[{"id":1365,"href":"https:\/\/www.tamaulipas.gob.mx\/cdmx\/wp-json\/wp\/v2\/pages\/125\/revisions\/1365"}],"wp:attachment":[{"href":"https:\/\/www.tamaulipas.gob.mx\/cdmx\/wp-json\/wp\/v2\/media?parent=125"}],"curies":[{"name":"wp","href":"https:\/\/api.w.org\/{rel}","templated":true}]}}