{"id":212,"date":"2023-05-17T12:08:56","date_gmt":"2023-05-17T18:08:56","guid":{"rendered":"https:\/\/www.tamaulipas.gob.mx\/ccl\/?page_id=212"},"modified":"2026-04-16T16:42:51","modified_gmt":"2026-04-16T22:42:51","slug":"informacion-adicional","status":"publish","type":"page","link":"https:\/\/www.tamaulipas.gob.mx\/ccl\/informacion-adicional\/","title":{"rendered":"Informaci\u00f3n Adicional"},"content":{"rendered":"<h1><span style=\"font-size: 24px; color: #9e962b;\"><strong>2022<\/strong><\/span><\/h1>\n<h3><span style=\"color: #808080;\"><strong>-CUARTO TRIMESTRE-<\/strong><\/span><\/h3>\n<p><a href=\"http:\/\/www.tamaulipas.gob.mx\/ccl\/wp-content\/uploads\/sites\/118\/2023\/09\/21.-informe-avances-obras-publicas.pdf\">21.-Informe-y-Avances-de-Obras-P\u00fablicas<\/a><\/p>\n<p><a href=\"http:\/\/www.tamaulipas.gob.mx\/ccl\/wp-content\/uploads\/sites\/118\/2023\/09\/22.-factibilidades.pdf\">22.-Factibilidades<\/a><\/p>\n<h1><span style=\"font-size: 24px; color: #9e962b;\"><strong>2023<\/strong><\/span><\/h1>\n<h3><span style=\"color: #808080;\"><strong>-PRIMER TRIMESTRE-<\/strong><\/span><\/h3>\n<p><a href=\"http:\/\/www.tamaulipas.gob.mx\/ccl\/wp-content\/uploads\/sites\/118\/2023\/05\/21.-informe-y-avances-de-obras-publicas.pdf\">21.-Informe-y-Avances-de-Obras-P\u00fablicas<\/a><\/p>\n<p><a href=\"http:\/\/www.tamaulipas.gob.mx\/ccl\/wp-content\/uploads\/sites\/118\/2023\/05\/22.-factibilidades.pdf\">22.-Factibilidades<\/a><\/p>\n<h3><span style=\"color: #808080;\"><strong>-SEGUNDO TRIMESTRE<\/strong><\/span><span style=\"color: #808080;\"><strong>&#8211;<\/strong><\/span><\/h3>\n<p><a href=\"http:\/\/www.tamaulipas.gob.mx\/ccl\/wp-content\/uploads\/sites\/118\/2023\/08\/21.informe-avances-obras-publicas.pdf\">21.-Informe-y-Avances-de-Obras-P\u00fablicas<\/a><\/p>\n<p><a href=\"http:\/\/www.tamaulipas.gob.mx\/ccl\/wp-content\/uploads\/sites\/118\/2023\/08\/22.factibilidades.pdf\">22.-Factibilidades<\/a><\/p>\n<h3><span style=\"color: #808080;\"><strong>-TERCER TRIMESTRE<\/strong><\/span><span style=\"color: #808080;\"><strong>&#8211;<\/strong><\/span><\/h3>\n<p><a href=\"http:\/\/www.tamaulipas.gob.mx\/ccl\/wp-content\/uploads\/sites\/118\/2023\/11\/21.informe-avances-obras-publicas.pdf\">21.-Informe-y-Avances-de-Obras-P\u00fablicas<\/a><\/p>\n<p><a href=\"http:\/\/www.tamaulipas.gob.mx\/ccl\/wp-content\/uploads\/sites\/118\/2023\/11\/22.factibilidades.pdf\">22.-Factibilidades<\/a><\/p>\n<h1><span style=\"font-size: 24px; color: #9e962b;\"><strong>2024<\/strong><\/span><\/h1>\n<h3><span style=\"color: #808080;\"><strong>-PRIMER TRIMESTRE-<\/strong><\/span><\/h3>\n<p><a href=\"http:\/\/www.tamaulipas.gob.mx\/ccl\/wp-content\/uploads\/sites\/118\/2024\/05\/21.informe-avances-obras-publicas.pdf\">21.-Informe-y-Avances-de-Obras-P\u00fablicas<\/a><\/p>\n<p><a href=\"http:\/\/www.tamaulipas.gob.mx\/ccl\/wp-content\/uploads\/sites\/118\/2024\/05\/22.factibilidades.pdf\">22.-Factibilidades<\/a><\/p>\n<h3><span style=\"color: #808080;\"><strong>-SEGUNDO TRIMESTRE-<\/strong><\/span><\/h3>\n<p><a href=\"http:\/\/www.tamaulipas.gob.mx\/ccl\/wp-content\/uploads\/sites\/118\/2024\/08\/21.informe-avances-obras-publicas.pdf\">21.-Informe-y-Avances-de-Obras-P\u00fablicas<\/a><\/p>\n<p><a href=\"http:\/\/www.tamaulipas.gob.mx\/ccl\/wp-content\/uploads\/sites\/118\/2024\/08\/22.factibilidades.pdf\">22.-Factibilidades<\/a><\/p>\n<h3><span style=\"color: #808080;\"><strong>-TERCER TRIMESTRE-<\/strong><\/span><\/h3>\n<p><a href=\"http:\/\/www.tamaulipas.gob.mx\/ccl\/wp-content\/uploads\/sites\/118\/2024\/10\/21.informe-avances-obras-publicas.pdf\">21.- Informe-y-Avances-de-Obras-P\u00fablicas<\/a><\/p>\n<p><a href=\"http:\/\/www.tamaulipas.gob.mx\/ccl\/wp-content\/uploads\/sites\/118\/2024\/10\/22.factibilidades.pdf\">22.-Factibilidades<\/a><\/p>\n<h3><span style=\"color: #808080;\"><strong>-CUARTO TRIMESTRE-<\/strong><\/span><\/h3>\n<p><a href=\"http:\/\/www.tamaulipas.gob.mx\/ccl\/wp-content\/uploads\/sites\/118\/2025\/01\/21.informe-avances-obras-publicas.pdf\">21.-Informe-y-Avances-de-Obras-P\u00fablicas<\/a><\/p>\n<p><a href=\"http:\/\/www.tamaulipas.gob.mx\/ccl\/wp-content\/uploads\/sites\/118\/2025\/01\/22.factibilidades.pdf\">22.-Factibilidades<\/a><\/p>\n<h1><span style=\"font-size: 24px; color: #9e962b;\"><strong>2025<\/strong><\/span><\/h1>\n<h3><span style=\"color: #808080;\"><strong>-PRIMER TRIMESTRE-<\/strong><\/span><\/h3>\n<p><a href=\"http:\/\/www.tamaulipas.gob.mx\/ccl\/wp-content\/uploads\/sites\/118\/2025\/04\/21.informe-avances-obras-publicas.pdf\">21.-Informe-y-Avances-de-Obras-P\u00fablicas<\/a><\/p>\n<p><a href=\"http:\/\/www.tamaulipas.gob.mx\/ccl\/wp-content\/uploads\/sites\/118\/2025\/04\/22.factibilidades.pdf\">22.-Factibilidades<\/a><\/p>\n<h3><span style=\"color: #808080;\"><strong>-SEGUNDO TRIMESTRE-<\/strong><\/span><\/h3>\n<p><a href=\"http:\/\/www.tamaulipas.gob.mx\/ccl\/wp-content\/uploads\/sites\/118\/2025\/07\/21.informe-avances-obras-publicas.pdf\">21.-Informe-y-Avances-de-Obras-P\u00fablicas<\/a><\/p>\n<p><a href=\"http:\/\/www.tamaulipas.gob.mx\/ccl\/wp-content\/uploads\/sites\/118\/2025\/07\/22.factibilidades.pdf\">22.-Factibilidades<\/a><\/p>\n<h3><span style=\"color: #808080;\"><strong>-TERCER TRIMESTRE-<\/strong><\/span><\/h3>\n<p><a href=\"http:\/\/www.tamaulipas.gob.mx\/ccl\/wp-content\/uploads\/sites\/118\/2025\/10\/21.informe-avances-obras-publicas.pdf\">21.-Informe-y-Avances-de-Obras-P\u00fablicas<\/a><\/p>\n<p><a href=\"http:\/\/www.tamaulipas.gob.mx\/ccl\/wp-content\/uploads\/sites\/118\/2025\/10\/22.factibilidades.pdf\">22.-Factibilidades<\/a><\/p>\n<h3><span style=\"color: #808080;\"><strong>-CUARTO TRIMESTRE-<\/strong><\/span><\/h3>\n<p><a href=\"http:\/\/www.tamaulipas.gob.mx\/ccl\/wp-content\/uploads\/sites\/118\/2026\/01\/21.informe-avances-obras-publicas.pdf\">21.informe-avances-obras-publicas<\/a><\/p>\n<p><a href=\"http:\/\/www.tamaulipas.gob.mx\/ccl\/wp-content\/uploads\/sites\/118\/2026\/01\/22.factibilidades.pdf\">22.factibilidades<\/a><\/p>\n<h1><span style=\"font-size: 24px; color: #9e962b;\"><strong>2026<\/strong><\/span><\/h1>\n<h3><span style=\"color: #808080;\"><strong>-PRIMER TRIMESTRE-<\/strong><\/span><\/h3>\n<p><a href=\"http:\/\/www.tamaulipas.gob.mx\/ccl\/wp-content\/uploads\/sites\/118\/2026\/04\/21_informe-y-avance-de-obras-publicas-y-servicios-relacionados-con-las-mismas.pdf\">21_informe-y-avance-de-obras-publicas-y-servicios-relacionados-con-las-mismas<\/a><\/p>\n<p><a href=\"http:\/\/www.tamaulipas.gob.mx\/ccl\/wp-content\/uploads\/sites\/118\/2026\/04\/22_factibilidades.pdf\">22_factibilidades<\/a><\/p>\n","protected":false},"excerpt":{"rendered":"<p>2022 -CUARTO TRIMESTRE- 21.-Informe-y-Avances-de-Obras-P\u00fablicas 22.-Factibilidades 2023 -PRIMER TRIMESTRE- 21.-Informe-y-Avances-de-Obras-P\u00fablicas 22.-Factibilidades -SEGUNDO TRIMESTRE&#8211; 21.-Informe-y-Avances-de-Obras-P\u00fablicas 22.-Factibilidades -TERCER TRIMESTRE&#8211; 21.-Informe-y-Avances-de-Obras-P\u00fablicas 22.-Factibilidades 2024 -PRIMER TRIMESTRE- 21.-Informe-y-Avances-de-Obras-P\u00fablicas 22.-Factibilidades -SEGUNDO TRIMESTRE-\u2026<\/p>\n","protected":false},"author":381,"featured_media":0,"parent":0,"menu_order":0,"comment_status":"closed","ping_status":"closed","template":"","meta":{"footnotes":""},"class_list":["post-212","page","type-page","status-publish","hentry"],"publishpress_future_action":{"enabled":false,"date":"2026-05-06 23:01:46","action":"change-status","newStatus":"draft","terms":[],"taxonomy":""},"_links":{"self":[{"href":"https:\/\/www.tamaulipas.gob.mx\/ccl\/wp-json\/wp\/v2\/pages\/212"}],"collection":[{"href":"https:\/\/www.tamaulipas.gob.mx\/ccl\/wp-json\/wp\/v2\/pages"}],"about":[{"href":"https:\/\/www.tamaulipas.gob.mx\/ccl\/wp-json\/wp\/v2\/types\/page"}],"author":[{"embeddable":true,"href":"https:\/\/www.tamaulipas.gob.mx\/ccl\/wp-json\/wp\/v2\/users\/381"}],"replies":[{"embeddable":true,"href":"https:\/\/www.tamaulipas.gob.mx\/ccl\/wp-json\/wp\/v2\/comments?post=212"}],"version-history":[{"count":21,"href":"https:\/\/www.tamaulipas.gob.mx\/ccl\/wp-json\/wp\/v2\/pages\/212\/revisions"}],"predecessor-version":[{"id":1442,"href":"https:\/\/www.tamaulipas.gob.mx\/ccl\/wp-json\/wp\/v2\/pages\/212\/revisions\/1442"}],"wp:attachment":[{"href":"https:\/\/www.tamaulipas.gob.mx\/ccl\/wp-json\/wp\/v2\/media?parent=212"}],"curies":[{"name":"wp","href":"https:\/\/api.w.org\/{rel}","templated":true}]}}