{"id":77,"date":"2018-01-12T13:12:55","date_gmt":"2018-01-12T19:12:55","guid":{"rendered":"http:\/\/www.tamaulipas.gob.mx\/cazaypesca\/?page_id=77"},"modified":"2021-03-03T18:46:39","modified_gmt":"2021-03-04T00:46:39","slug":"tramites","status":"publish","type":"page","link":"https:\/\/www.tamaulipas.gob.mx\/cazaypesca\/?page_id=77","title":{"rendered":"Orientaci\u00f3n sobre Tr\u00e1mites y Servicios"},"content":{"rendered":"<ul>\n<li><a href=\"http:\/\/tramites.tamaulipas.gob.mx\/ciudadano\/?id=758\" target=\"_blank\" rel=\"noopener noreferrer\">Autorizaci\u00f3n de Aprovechamiento Extractivo de Ejemplares, Partes y Derivados Modalidad A: De Ejemplares que se Distribuyen de Manera Natural en el Territorio Nacional<\/a><\/li>\n<li><a href=\"http:\/\/tramites.tamaulipas.gob.mx\/ciudadano\/?id=760\" target=\"_blank\" rel=\"noopener noreferrer\">Autorizaci\u00f3n de Aprovechamiento Extractivo de Ejemplares, Partes y Derivados Modalidad B: De Ejemplares de Especies en Riesgo<\/a><\/li>\n<li><a href=\"http:\/\/tramites.tamaulipas.gob.mx\/ciudadano\/?id=764\" target=\"_blank\" rel=\"noopener noreferrer\">Autorizaci\u00f3n de Aprovechamiento no Extractivo de Vida Silvestre<\/a><\/li>\n<li><a href=\"http:\/\/tramites.tamaulipas.gob.mx\/ciudadano\/?id=759\" target=\"_blank\" rel=\"noopener noreferrer\">Autorizaci\u00f3n para el Manejo, Control y Remediaci\u00f3n de Problemas Asociados a Ejemplares o Poblaciones que se tornen Perjudiciales<\/a><\/li>\n<li><a href=\"http:\/\/tramites.tamaulipas.gob.mx\/ciudadano\/?id=766\" target=\"_blank\" rel=\"noopener noreferrer\">Autorizaci\u00f3n para la Liberaci\u00f3n de Ejemplares de Vida Silvestre al H\u00e1bitat Natural<\/a><\/li>\n<li><a href=\"http:\/\/tramites.tamaulipas.gob.mx\/ciudadano\/?id=763\" target=\"_blank\" rel=\"noopener noreferrer\">Aviso de Aprovechamiento de Ejemplares, Partes y Derivados de Especies Silvestres que no se Distribuyen Naturalmente en Territorio Nacional<\/a><\/li>\n<li><a href=\"http:\/\/tramites.tamaulipas.gob.mx\/ciudadano\/?id=768\" target=\"_blank\" rel=\"noopener noreferrer\">Aviso para Realizar Aprovechamiento de Aves Silvestres Migratorias en Predios Distintos a donde se lleva a cabo la Conservaci\u00f3n<\/a><\/li>\n<li><a href=\"http:\/\/tramites.tamaulipas.gob.mx\/ciudadano\/?id=543\" target=\"_blank\" rel=\"noopener\">Conservaci\u00f3n de la Vida Silvestre fuera de su h\u00e1bitat natural (Registro o Actualizaci\u00f3n en el Padr\u00f3n de colecciones Cient\u00edficas y Museogr\u00e1ficas de Espec\u00edmenes de especies silvestres)<\/a><\/li>\n<li><a href=\"http:\/\/tramites.tamaulipas.gob.mx\/ciudadano\/?id=592\" target=\"_blank\" rel=\"noopener\">Conservaci\u00f3n de la Vida Silvestre fuera de su h\u00e1bitat natural (Registro o Actualizaci\u00f3n en el Padr\u00f3n o Instalaciones que manejan vida silvestre [PIMVS] o Colecci\u00f3n Privada)<\/a><\/li>\n<li><a href=\"http:\/\/tramites.tamaulipas.gob.mx\/ciudadano\/?id=920\" target=\"_blank\" rel=\"noopener noreferrer\">Incorporaci\u00f3n al Registro de Mascotas y Aves de Presa.<\/a><\/li>\n<li><a href=\"http:\/\/tramites.tamaulipas.gob.mx\/ciudadano\/?id=694\">Incorporaci\u00f3n al Registro de Organizaciones Relacionadas con la Conservaci\u00f3n y Aprovechamiento Sustentable de Vida Silvestre<\/a><\/li>\n<li><a href=\"http:\/\/tramites.tamaulipas.gob.mx\/ciudadano\/?id=570\" target=\"_blank\" rel=\"noopener noreferrer\">Incorporaci\u00f3n al Registro de Prestadores de Servicios en Materia de Vida Silvestre<\/a><\/li>\n<li><a href=\"http:\/\/tramites.tamaulipas.gob.mx\/ciudadano\/?id=1034\" target=\"_blank\" rel=\"noopener noreferrer\">Incorporaci\u00f3n en el Sistema de Unidades de Manejo para la Conservaci\u00f3n de la Vida Silvestre (SUMA)<\/a><\/li>\n<li><a href=\"http:\/\/tramites.tamaulipas.gob.mx\/ciudadano\/?id=1031\" target=\"_blank\" rel=\"noopener noreferrer\">Informe de Actividades de Conservaci\u00f3n y Aprovechamiento de la Vida Silvestre Modalidad A: Anual<\/a><\/li>\n<li><a href=\"http:\/\/tramites.tamaulipas.gob.mx\/ciudadano\/?id=1032\" target=\"_blank\" rel=\"noopener noreferrer\">Informe de Actividades de Conservaci\u00f3n y Aprovechamiento Sustentable de la Vida Silvestre Modalidad B: Contingencias<\/a><\/li>\n<li><a href=\"http:\/\/tramites.tamaulipas.gob.mx\/ciudadano\/?id=1033\" target=\"_blank\" rel=\"noopener noreferrer\">Informe de Resultados de la Aplicaci\u00f3n de las Medidas de Manejo, Control y Remediaci\u00f3n de Ejemplares o Poblaciones Perjudiciales<\/a><\/li>\n<li><a href=\"http:\/\/tramites.tamaulipas.gob.mx\/ciudadano\/?id=595\" target=\"_blank\" rel=\"noopener noreferrer\">Licencia de Caza Deportiva<\/a><\/li>\n<li><a href=\"http:\/\/tramites.tamaulipas.gob.mx\/ciudadano\/?id=728\" target=\"_blank\" rel=\"noopener noreferrer\">Licencia de Prestador de Servicios de Aprovechamiento V\u00eda Caza Deportiva<\/a><\/li>\n<li><a href=\"http:\/\/tramites.tamaulipas.gob.mx\/ciudadano\/?id=689\" target=\"_blank\" rel=\"noopener noreferrer\">Modificaci\u00f3n de datos de Unidades de Manejo para la Conservaci\u00f3n de la vida Silvestre (UMA)<\/a><\/li>\n<li><a href=\"http:\/\/tramites.tamaulipas.gob.mx\/ciudadano\/?id=696\" target=\"_blank\" rel=\"noopener noreferrer\">Registro o Renovaci\u00f3n de Unidades de Manejo para la Conservaci\u00f3n de la Vida Silvestre (UMA)<\/a><\/li>\n<li><a href=\"http:\/\/tramites.tamaulipas.gob.mx\/ciudadano\/?id=767\" target=\"_blank\" rel=\"noopener noreferrer\">Transferencia de Derechos Derivados de Autorizaciones de Aprovechamiento de la Vida Silvestre<\/a><\/li>\n<\/ul>\n","protected":false},"excerpt":{"rendered":"<p>Autorizaci\u00f3n de Aprovechamiento Extractivo de Ejemplares, Partes y Derivados Modalidad A: De Ejemplares que se Distribuyen de Manera Natural en el Territorio Nacional Autorizaci\u00f3n de\u2026<\/p>\n","protected":false},"author":7,"featured_media":0,"parent":0,"menu_order":0,"comment_status":"closed","ping_status":"closed","template":"","meta":{"footnotes":""},"class_list":["post-77","page","type-page","status-publish","hentry"],"publishpress_future_action":{"enabled":false,"date":"2026-04-23 17:09:03","action":"change-status","newStatus":"draft","terms":[],"taxonomy":""},"_links":{"self":[{"href":"https:\/\/www.tamaulipas.gob.mx\/cazaypesca\/index.php?rest_route=\/wp\/v2\/pages\/77"}],"collection":[{"href":"https:\/\/www.tamaulipas.gob.mx\/cazaypesca\/index.php?rest_route=\/wp\/v2\/pages"}],"about":[{"href":"https:\/\/www.tamaulipas.gob.mx\/cazaypesca\/index.php?rest_route=\/wp\/v2\/types\/page"}],"author":[{"embeddable":true,"href":"https:\/\/www.tamaulipas.gob.mx\/cazaypesca\/index.php?rest_route=\/wp\/v2\/users\/7"}],"replies":[{"embeddable":true,"href":"https:\/\/www.tamaulipas.gob.mx\/cazaypesca\/index.php?rest_route=%2Fwp%2Fv2%2Fcomments&post=77"}],"version-history":[{"count":18,"href":"https:\/\/www.tamaulipas.gob.mx\/cazaypesca\/index.php?rest_route=\/wp\/v2\/pages\/77\/revisions"}],"predecessor-version":[{"id":715,"href":"https:\/\/www.tamaulipas.gob.mx\/cazaypesca\/index.php?rest_route=\/wp\/v2\/pages\/77\/revisions\/715"}],"wp:attachment":[{"href":"https:\/\/www.tamaulipas.gob.mx\/cazaypesca\/index.php?rest_route=%2Fwp%2Fv2%2Fmedia&parent=77"}],"curies":[{"name":"wp","href":"https:\/\/api.w.org\/{rel}","templated":true}]}}