{"id":742,"date":"2022-03-08T09:16:46","date_gmt":"2022-03-08T15:16:46","guid":{"rendered":"https:\/\/www.tamaulipas.gob.mx\/cazaypesca\/?page_id=742"},"modified":"2022-03-08T09:16:46","modified_gmt":"2022-03-08T15:16:46","slug":"condicionantes-tasas-aves-migratorias","status":"publish","type":"page","link":"https:\/\/www.tamaulipas.gob.mx\/cazaypesca\/?page_id=742","title":{"rendered":"Condicionantes tasas Aves Migratorias"},"content":{"rendered":"<p><span data-contrast=\"auto\">La presente autorizaci\u00f3n queda sujeta al cumplimiento de las siguientes condicionantes (aprovechamiento cineg\u00e9tico):<\/span><span data-ccp-props=\"{&quot;201341983&quot;:0,&quot;335551550&quot;:6,&quot;335551620&quot;:6,&quot;335559739&quot;:160,&quot;335559740&quot;:259}\">\u00a0<\/span><\/p>\n<ul>\n<li data-leveltext=\"\uf0b7\" data-font=\"Symbol\" data-listid=\"1\" aria-setsize=\"-1\" data-aria-posinset=\"1\" data-aria-level=\"1\"><span data-contrast=\"auto\">El ejercicio de la autorizaci\u00f3n otorgada se sujeta al cumplimiento de la Ley General de Vida Silvestre, su Reglamento y dem\u00e1s disposiciones aplicables en la materia y se otorga sin perjuicio de las disposiciones aplicables que competan a otras autoridades Federales, Estatales y Municipales.<\/span><span data-ccp-props=\"{&quot;201341983&quot;:0,&quot;335551550&quot;:6,&quot;335551620&quot;:6,&quot;335559739&quot;:160,&quot;335559740&quot;:259}\">\u00a0<\/span><\/li>\n<li data-leveltext=\"\uf0b7\" data-font=\"Symbol\" data-listid=\"1\" aria-setsize=\"-1\" data-aria-posinset=\"2\" data-aria-level=\"1\"><span data-contrast=\"auto\">El titular de esta autorizaci\u00f3n y\/o sus representantes legales, as\u00ed como los terceros que realicen el aprovechamiento, ser\u00e1n responsables solidarios de los efectos negativos que este pudiera tener para la conservaci\u00f3n de la vida silvestre y su h\u00e1bitat.<\/span><span data-ccp-props=\"{&quot;201341983&quot;:0,&quot;335551550&quot;:6,&quot;335551620&quot;:6,&quot;335559739&quot;:160,&quot;335559740&quot;:259}\">\u00a0<\/span><\/li>\n<li data-leveltext=\"\uf0b7\" data-font=\"Symbol\" data-listid=\"1\" aria-setsize=\"-1\" data-aria-posinset=\"3\" data-aria-level=\"1\"><span data-contrast=\"auto\">Queda prohibido el ejercicio de la caza deportiva mediante el uso de venenos, armadas, trampas, redes, armas autom\u00e1ticas o de r\u00e1faga, est\u00e1 prohibido cazar desde media hora antes de la puesta del sol, hasta media hora despu\u00e9s del amanecer y se proh\u00edbe cazar cr\u00edas o hembras visiblemente pre\u00f1adas (Art\u00edculo 95 de la Ley General de Vida Silvestre).<\/span><span data-ccp-props=\"{&quot;201341983&quot;:0,&quot;335551550&quot;:6,&quot;335551620&quot;:6,&quot;335559739&quot;:160,&quot;335559740&quot;:259}\">\u00a0<\/span><\/li>\n<li data-leveltext=\"\uf0b7\" data-font=\"Symbol\" data-listid=\"1\" aria-setsize=\"-1\" data-aria-posinset=\"4\" data-aria-level=\"1\"><span data-contrast=\"auto\">La presente autorizaci\u00f3n de aprovechamiento extractivo v\u00eda caza deportiva le permite a su titular y\/o representante legal adquirir <\/span><b><span data-contrast=\"auto\">previo pago de derechos, <\/span><\/b><span data-contrast=\"auto\">el sistema de marcaje <\/span><b><span data-contrast=\"auto\">(cintillo de cobro cineg\u00e9tico)<\/span><\/b><span data-contrast=\"auto\"> de los ejemplares a aprovechar (Art\u00edculo 3 fracci\u00f3n XXXII y 51 de la Ley General de Vida Silvestre), para lo cual deber\u00e1 acudir a la oficina distribuidora a obtenerlos y ser\u00e1 v\u00e1lido \u00fanicamente si ha sido llenado y sellado en la misma.\u00a0<\/span><span data-ccp-props=\"{&quot;201341983&quot;:0,&quot;335551550&quot;:6,&quot;335551620&quot;:6,&quot;335559739&quot;:160,&quot;335559740&quot;:259}\">\u00a0<\/span><\/li>\n<\/ul>\n<ul>\n<li data-leveltext=\"\uf0b7\" data-font=\"Symbol\" data-listid=\"1\" aria-setsize=\"-1\" data-aria-posinset=\"1\" data-aria-level=\"1\"><span data-contrast=\"auto\">Para la adquisici\u00f3n de los cintillos de cobro cineg\u00e9tico, los titulares y\/o representantes legales de la UMA, deber\u00e1n presentar a la oficina distribuidora, el original vigente o copia certificada de la presente autorizaci\u00f3n.<\/span><span data-ccp-props=\"{&quot;201341983&quot;:0,&quot;335551550&quot;:6,&quot;335551620&quot;:6,&quot;335559739&quot;:160,&quot;335559740&quot;:259}\">\u00a0<\/span><\/li>\n<li data-leveltext=\"\uf0b7\" data-font=\"Symbol\" data-listid=\"1\" aria-setsize=\"-1\" data-aria-posinset=\"2\" data-aria-level=\"1\"><span data-contrast=\"auto\">La exportaci\u00f3n de los ejemplares, partes y derivados de ejemplares de las especies amparadas en la presente autorizaci\u00f3n, quedar\u00e1 sujeto al cumplimiento ante la autoridad competente de lo dispuesto por los Art\u00edculos 53 y 55 de la Ley General de Vida Silvestre.<\/span><span data-ccp-props=\"{&quot;201341983&quot;:0,&quot;335551550&quot;:6,&quot;335551620&quot;:6,&quot;335559739&quot;:160,&quot;335559740&quot;:256}\">\u00a0<\/span><\/li>\n<li data-leveltext=\"\uf0b7\" data-font=\"Symbol\" data-listid=\"1\" aria-setsize=\"-1\" data-aria-posinset=\"3\" data-aria-level=\"1\"><span data-contrast=\"auto\">El aprovechamiento extractivo v\u00eda caza deportiva autorizado para <\/span><b><span data-contrast=\"auto\">aves migratorias<\/span><\/b><span data-contrast=\"auto\">, se debe llevar a cabo en el predio con registro UMA correspondiente (Art\u00edculos 18 y 83 de la Ley General de Vida Silvestre), salvo que propietario o leg\u00edtimo poseedor de predio distinto otorgue su consentimiento para llevar a cabo el aprovechamiento, para lo cual deber\u00e1 previamente presentar el aviso correspondiente ante la Comisi\u00f3n de Caza y Pesca Deportiva de Tamaulipas (Art. 102 del Reglamento de la Ley General de Vida Silvestre); dichos predios ser\u00e1n considerados en la temporada de aprovechamiento de la especie que se trate como parte de la UMA.<\/span><span data-ccp-props=\"{&quot;201341983&quot;:0,&quot;335551550&quot;:6,&quot;335551620&quot;:6,&quot;335559739&quot;:160,&quot;335559740&quot;:259}\">\u00a0<\/span><\/li>\n<li data-leveltext=\"\uf0b7\" data-font=\"Symbol\" data-listid=\"1\" aria-setsize=\"-1\" data-aria-posinset=\"4\" data-aria-level=\"1\"><span data-contrast=\"auto\">El aprovechamiento se podr\u00e1 ejercer dentro de la temporalidad establecida en la presente autorizaci\u00f3n para cada especie (Art. 112 del Reglamento de la Ley General de Vida Silvestre), por lo que el cintillo de cobro cineg\u00e9tico s\u00f3lo ser\u00e1 v\u00e1lido durante la temporada indicada.<\/span><span data-ccp-props=\"{&quot;201341983&quot;:0,&quot;335551550&quot;:6,&quot;335551620&quot;:6,&quot;335559739&quot;:160,&quot;335559740&quot;:259}\">\u00a0<\/span><\/li>\n<li data-leveltext=\"\uf0b7\" data-font=\"Symbol\" data-listid=\"1\" aria-setsize=\"-1\" data-aria-posinset=\"5\" data-aria-level=\"1\"><span data-contrast=\"auto\">Los cazadores durante las actividades cineg\u00e9ticas, deber\u00e1n portar el cintillo de cobro cineg\u00e9tico correspondiente a la especie de inter\u00e9s y portar licencia de caza deportiva vigente (Art\u00edculos 96 p\u00e1rrafo segundo y 116 y 117 de su Reglamento).<\/span><span data-ccp-props=\"{&quot;201341983&quot;:0,&quot;335551550&quot;:6,&quot;335551620&quot;:6,&quot;335559739&quot;:160,&quot;335559740&quot;:259}\">\u00a0<\/span><\/li>\n<\/ul>\n<ul>\n<li data-leveltext=\"\uf0b7\" data-font=\"Symbol\" data-listid=\"1\" aria-setsize=\"-1\" data-aria-posinset=\"1\" data-aria-level=\"1\"><b><span data-contrast=\"auto\">Est\u00e1 prohibida la venta y comercializaci\u00f3n de los cintillos de cobro cineg\u00e9tico<\/span><\/b><span data-contrast=\"auto\">, ya que s\u00f3lo es el medio de acreditaci\u00f3n de la legal procedencia de los ejemplares aprovechados, por lo que este sistema de marcaje <\/span><b><span data-contrast=\"auto\">es personal e intransferible<\/span><\/b><span data-contrast=\"auto\">.<\/span><span data-ccp-props=\"{&quot;201341983&quot;:0,&quot;335551550&quot;:6,&quot;335551620&quot;:6,&quot;335559739&quot;:160,&quot;335559740&quot;:259}\">\u00a0<\/span><\/li>\n<li data-leveltext=\"\uf0b7\" data-font=\"Symbol\" data-listid=\"1\" aria-setsize=\"-1\" data-aria-posinset=\"2\" data-aria-level=\"1\"><span data-contrast=\"auto\">En cada cintillo de cobro cineg\u00e9tico, la oficina distribuidora se\u00f1alar\u00e1 los l\u00edmites de posesi\u00f3n por especie permitidos, en base al Calendario de \u00c9pocas H\u00e1biles autorizado y vigente en la temporada cineg\u00e9tica correspondiente.\u00a0<\/span><span data-ccp-props=\"{&quot;201341983&quot;:0,&quot;335551550&quot;:6,&quot;335551620&quot;:6,&quot;335559739&quot;:160,&quot;335559740&quot;:259}\">\u00a0<\/span><\/li>\n<li data-leveltext=\"\uf0b7\" data-font=\"Symbol\" data-listid=\"1\" aria-setsize=\"-1\" data-aria-posinset=\"3\" data-aria-level=\"1\"><span data-contrast=\"auto\">En el ejercicio del aprovechamiento extractivo cineg\u00e9tico autorizado, deber\u00e1 garantizarse un trato digno y respetuoso a la fauna silvestre y sus h\u00e1bitats.\u00a0<\/span><span data-ccp-props=\"{&quot;201341983&quot;:0,&quot;335551550&quot;:6,&quot;335551620&quot;:6,&quot;335559739&quot;:160,&quot;335559740&quot;:259}\">\u00a0<\/span><\/li>\n<li data-leveltext=\"\uf0b7\" data-font=\"Symbol\" data-listid=\"1\" aria-setsize=\"-1\" data-aria-posinset=\"4\" data-aria-level=\"1\"><span data-contrast=\"auto\">Se deber\u00e1 presentar el Informe Anual de Actividades en los meses de abril a junio (Art\u00edculos 42 de la Ley General de Vida Silvestre y 50 fracci\u00f3n I de su Reglamento).<\/span><span data-ccp-props=\"{&quot;201341983&quot;:0,&quot;335551550&quot;:6,&quot;335551620&quot;:6,&quot;335559739&quot;:160,&quot;335559740&quot;:259}\">\u00a0<\/span><\/li>\n<li data-leveltext=\"\uf0b7\" data-font=\"Symbol\" data-listid=\"1\" aria-setsize=\"-1\" data-aria-posinset=\"5\" data-aria-level=\"1\"><span data-contrast=\"auto\">Las autorizaciones de aprovechamiento extractivo subsecuentes, estar\u00e1n sujetas a que en el presente aprovechamiento autorizado se cumplan con las disposiciones legales aplicables y las condicionantes respectivas, as\u00ed como la entrega del informe anual de actividades de la UMA.<\/span><span data-ccp-props=\"{&quot;201341983&quot;:0,&quot;335551550&quot;:6,&quot;335551620&quot;:6,&quot;335559739&quot;:160,&quot;335559740&quot;:259}\">\u00a0<\/span><\/li>\n<\/ul>\n<ul>\n<li data-leveltext=\"\uf0b7\" data-font=\"Symbol\" data-listid=\"1\" aria-setsize=\"-1\" data-aria-posinset=\"1\" data-aria-level=\"1\"><b><span data-contrast=\"auto\">La inobservancia o contravenci\u00f3n de las disposiciones legales aplicables y de las condicionantes se\u00f1aladas en la presente autorizaci\u00f3n, dar\u00e1 lugar a la revocaci\u00f3n de la misma, sin perjuicio de las sanciones administrativas y\/o penales que correspondan.<\/span><\/b><span data-ccp-props=\"{&quot;201341983&quot;:0,&quot;335551550&quot;:6,&quot;335551620&quot;:6,&quot;335559739&quot;:160,&quot;335559740&quot;:259}\">\u00a0<\/span><\/li>\n<\/ul>\n","protected":false},"excerpt":{"rendered":"<p>La presente autorizaci\u00f3n queda sujeta al cumplimiento de las siguientes condicionantes (aprovechamiento cineg\u00e9tico):\u00a0 El ejercicio de la autorizaci\u00f3n otorgada se sujeta al cumplimiento de la\u2026<\/p>\n","protected":false},"author":1,"featured_media":0,"parent":0,"menu_order":0,"comment_status":"closed","ping_status":"closed","template":"","meta":{"footnotes":""},"class_list":["post-742","page","type-page","status-publish","hentry"],"publishpress_future_action":{"enabled":false,"date":"2026-04-23 17:10:43","action":"change-status","newStatus":"draft","terms":[],"taxonomy":""},"_links":{"self":[{"href":"https:\/\/www.tamaulipas.gob.mx\/cazaypesca\/index.php?rest_route=\/wp\/v2\/pages\/742"}],"collection":[{"href":"https:\/\/www.tamaulipas.gob.mx\/cazaypesca\/index.php?rest_route=\/wp\/v2\/pages"}],"about":[{"href":"https:\/\/www.tamaulipas.gob.mx\/cazaypesca\/index.php?rest_route=\/wp\/v2\/types\/page"}],"author":[{"embeddable":true,"href":"https:\/\/www.tamaulipas.gob.mx\/cazaypesca\/index.php?rest_route=\/wp\/v2\/users\/1"}],"replies":[{"embeddable":true,"href":"https:\/\/www.tamaulipas.gob.mx\/cazaypesca\/index.php?rest_route=%2Fwp%2Fv2%2Fcomments&post=742"}],"version-history":[{"count":2,"href":"https:\/\/www.tamaulipas.gob.mx\/cazaypesca\/index.php?rest_route=\/wp\/v2\/pages\/742\/revisions"}],"predecessor-version":[{"id":744,"href":"https:\/\/www.tamaulipas.gob.mx\/cazaypesca\/index.php?rest_route=\/wp\/v2\/pages\/742\/revisions\/744"}],"wp:attachment":[{"href":"https:\/\/www.tamaulipas.gob.mx\/cazaypesca\/index.php?rest_route=%2Fwp%2Fv2%2Fmedia&parent=742"}],"curies":[{"name":"wp","href":"https:\/\/api.w.org\/{rel}","templated":true}]}}