{"id":2621,"date":"2023-04-10T12:29:23","date_gmt":"2023-04-10T18:29:23","guid":{"rendered":"https:\/\/www.tamaulipas.gob.mx\/bienestarsocial\/?page_id=2621"},"modified":"2026-03-18T14:39:05","modified_gmt":"2026-03-18T20:39:05","slug":"comedores-de-bienestar","status":"publish","type":"page","link":"https:\/\/www.tamaulipas.gob.mx\/bienestarsocial\/comedores-de-bienestar\/","title":{"rendered":"COMEDORES DE BIENESTAR"},"content":{"rendered":"<h4 style=\"text-align: justify;\"><span style=\"color: #808080;\"><strong>Objetivo General:<\/strong><\/span><\/h4>\n<p style=\"text-align: justify;\"><span style=\"color: #ab0033;\"><strong>Reducir <\/strong><\/span>la<span style=\"color: #ab0033;\"><strong> inseguridad alimentaria <\/strong><\/span>en las personas en situaci\u00f3n de<span style=\"color: #ab0033;\"><strong> pobreza por ingresos <\/strong><\/span>en Tamaulipas mediante acciones que fortalezcan su alimentaci\u00f3n suficiente y constante.<\/p>\n<h4 style=\"text-align: justify;\"><span style=\"color: #808080;\"><strong>Objetivos Espec\u00edficos:<\/strong><\/span><\/h4>\n<ul style=\"list-style-type: square;\">\n<li><span style=\"color: #c92626;\"><span style=\"color: #000000;\">Fortalecer la operatividad de los Comedores de Bienestar mediante el<\/span><span style=\"color: #ab0033;\"><strong> equipamiento <\/strong><\/span><\/span><span style=\"color: #000000;\">necesario<\/span> <span style=\"color: #c92626;\"><span style=\"color: #000000;\">para el <\/span><span style=\"color: #000000;\"><strong><span style=\"color: #ab0033;\">suministro<\/span><\/strong> y <strong><span style=\"color: #ab0033;\">preparaci\u00f3n de alimentos.<\/span><\/strong><\/span><\/span><\/li>\n<li><span style=\"color: #c92626;\"><span style=\"color: #000000;\">Entregar <\/span><span style=\"color: #ab0033;\"><strong>apoyos sociales <\/strong><\/span><span style=\"color: #000000;\">al <\/span><\/span><strong><span style=\"color: #ab0033;\">voluntariado comunitario<\/span><\/strong><span style=\"color: #c92626;\"><span style=\"color: #000000;\"> para incentivar su participaci\u00f3n en la operaci\u00f3n de <\/span><span style=\"color: #000000;\">los Comedores de Bienestar.<\/span><\/span><\/li>\n<li><span style=\"color: #c92626;\"><span style=\"color: #000000;\">Brindar <\/span><strong><span style=\"color: #ab0033;\">raciones alimentarias<\/span><\/strong> <span style=\"color: #000000;\"><strong><span style=\"color: #ab0033;\">diarias<\/span><\/strong> a las personas titulares de derecho atendidas en los Comedores de <\/span><span style=\"color: #000000;\">Bienestar.<\/span><\/span><\/li>\n<\/ul>\n<p style=\"padding-left: 40px; text-align: justify;\">\n<h4><span style=\"color: #808080;\"><b>Cobertura:<\/b><\/span><\/h4>\n<p style=\"text-align: justify;\"><span style=\"color: #c92626;\"><span style=\"font-weight: 400;\"><span style=\"color: #000000;\">Personas en Tamaulipas que se encuentran en<\/span> <span style=\"color: #ab0033;\"><strong>situaci\u00f3n de pobreza por ingresos,<\/strong> <\/span><span style=\"color: #000000;\">es decir, aquellas cuyo ingreso resulta insuficiente para adquirir la canasta b\u00e1sica alimentaria y no alimentaria. De acuerdo con INEGI (ENIGH 2024), este grupo asciende a 962,211 personas, lo que representa el 26.9 % de la poblaci\u00f3n estatal.<\/span><\/span><\/span><\/p>\n<h4><span style=\"color: #808080;\"><b>Poblaci\u00f3n objetivo:<\/b><\/span><\/h4>\n<p><span style=\"font-weight: 400;\">Se integra por las personas e<span style=\"color: #000000;\">n <\/span><span style=\"color: #ab0033;\"><span style=\"color: #000000;\">situaci\u00f3n de<\/span><strong> pobreza por ingresos<\/strong><\/span> que enfrentan restricciones m\u00e1s severas para garantizar su alimentaci\u00f3n cotidiana. Bajo este criterio, en Tamaulipas se estima una poblaci\u00f3n de <span style=\"color: #000000;\">326,478 personas,<\/span> equivalente al 9.1 % de la poblaci\u00f3n estatal (INEGI, 2024).<\/span><\/p>\n<p><span style=\"color: #808080;\"><b>Tipos de apoyo:<\/b><\/span><\/p>\n<p><span style=\"color: #808080;\"><b>Titulares de derecho (comensales).\u00a0<\/b><\/span><\/p>\n<ul style=\"list-style-type: square;\">\n<li style=\"text-align: justify;\">Apoyo en especie: <span style=\"color: #ab0033;\"><strong>dos raciones alimentarias por d\u00eda<\/strong><\/span> en el Comedor de Bienestar a cada persona titular de derecho.<\/li>\n<li style=\"text-align: justify;\">Podr\u00e1n realizar <strong><span style=\"color: #ab0033;\">actividades formativas<\/span><\/strong>, de <span style=\"color: #ab0033;\"><strong>integraci\u00f3n comunitaria<\/strong><\/span> o de <span style=\"color: #ab0033;\"><strong>desarrollo personal<\/strong> <\/span>en los espacios de los Comedores del Bienestar, orientadas al fortalecimiento de las capacidades personales y comunitarias para mejorar las condiciones de vida y bienestar social.<\/li>\n<\/ul>\n<p><span style=\"color: #808080;\"><b>Voluntariado Social:\u00a0<\/b><\/span><\/p>\n<ul style=\"list-style-type: square;\">\n<li><span style=\"color: #ab0033;\"><strong>Apoyo<\/strong> <\/span><span style=\"color: #ab0033;\"><strong>econ\u00f3mico<\/strong><\/span> de manera <strong><span style=\"color: #ab0033;\">mensual,<\/span><\/strong> sujeto a disponibilidad presupuestal.<\/li>\n<\/ul>\n<h4><span style=\"color: #808080;\"><b>Requisitos para ser Titulares de Derecho <\/b><\/span><span style=\"color: #808080;\"><b>(comensales)<\/b><\/span><span style=\"color: #808080;\"><b>:<\/b><\/span><\/h4>\n<p>a) Solicitud de Incorporaci\u00f3n al Programa debidamente llenada (proporcionada por el personal de la Secretar\u00eda).<br \/>\nb) C\u00e9dula Socioecon\u00f3mica (los datos ser\u00e1n registrados por el personal de la Secretar\u00eda).<br \/>\nc) Proporcionar copia fotost\u00e1tica simple de los siguientes documentos:<\/p>\n<ol>\n<li>Identificaci\u00f3n oficial vigente.<\/li>\n<li>Comprobante de domicilio no mayor a 3 meses de antig\u00fcedad (agua o luz).<\/li>\n<li>Clave \u00danica de Registro de Poblaci\u00f3n (CURP).<\/li>\n<\/ol>\n<p>d) Firma del Aviso de Privacidad Simplificado proporcionado por la Secretar\u00eda.<\/p>\n<p>Para el caso de personas <span style=\"color: #ab0033;\"><strong>menores de edad<\/strong><\/span>, la incorporaci\u00f3n al Programa deber\u00e1 realizarse por <strong><span style=\"color: #ab0033;\">conducto de sus padres, madres<\/span><\/strong> o <span style=\"color: #ab0033;\"><strong>tutores legales<\/strong><\/span>, quienes deber\u00e1n:<br \/>\na) Suscribir la solicitud correspondiente.<br \/>\nb) Incluir datos del menor en la integraci\u00f3n de la C\u00e9dula Socioecon\u00f3mica del Padre o Tutor legal.<br \/>\nc) Incorporar los siguientes documentos:<\/p>\n<ol>\n<li>Clave \u00danica de Registro de Poblaci\u00f3n;<\/li>\n<li>Acta de Nacimiento, en caso de ser representado por los Padres.<\/li>\n<\/ol>\n<p>La documentaci\u00f3n del menor formar\u00e1 parte del expediente de su representante, y ser\u00e1 beneficiado por la informaci\u00f3n y documentos exhibidos por este.<\/p>\n<h4><span style=\"color: #808080;\"><b>Requisitos para ser voluntario social:<\/b><\/span><\/h4>\n<p>a) Solicitud de Incorporaci\u00f3n al Programa debidamente llenada. (Proporcionada por el personal de la Secretar\u00eda).<br \/>\nb) C\u00e9dula Socioecon\u00f3mica (Los datos ser\u00e1n registrados por parte del personal de la Secretar\u00eda).<br \/>\nc) Entregar copia fotost\u00e1tica simple de los siguientes documentos:<\/p>\n<ol>\n<li>Identificaci\u00f3n oficial vigente.<\/li>\n<li>Comprobante de domicilio no mayor de 3 meses de antig\u00fcedad (agua o luz).<\/li>\n<li>Clave \u00danica de Registro de Poblaci\u00f3n (CURP).<\/li>\n<li>Car\u00e1tula del estado de cuenta o documento emitido por el banco donde se aprecie la CLABE interbancaria y el nombre del titular de la cuenta.<\/li>\n<li>C\u00e9dula de Identificaci\u00f3n Fiscal (Documento expedido por el SAT).<\/li>\n<\/ol>\n<p>d) Firma del Aviso de Privacidad Simplificado proporcionado por la Secretar\u00eda.<\/p>\n<p>&nbsp;<\/p>\n<h4><strong><span style=\"color: #808080;\">Documentos para consulta:\u00a0<\/span><\/strong><\/h4>\n<div class=\"panel panel-default\">\n\t\t\t\t<div class=\"panel-heading\">\n\t\t\t\t\t<h4 class=\"panel-title\">\n\t\t\t\t\t\t<a class=\"collapsed\" data-toggle=\"collapse\" data-parent=\"#single-collapse\" href=\"#single-collapse-0\">Reglas de Operaci\u00f3n<\/a>\n\t\t\t\t\t<\/h4>\n\t\t\t\t<\/div>\n\t\t\t\t<div id=\"single-collapse-0\" class=\"panel-collapse collapse\">\n\t\t\t\t\t<div class=\"panel-body\">\n<p><span style=\"text-decoration: underline; color: #ab0033;\"><a style=\"color: #ab0033; text-decoration: underline;\" href=\"https:\/\/www.tamaulipas.gob.mx\/bienestarsocial\/wp-content\/uploads\/sites\/2\/2023\/01\/reglas-de-operacion-del-programa-comedores-de-bienestar-2022.pdf\">Reglas de Operaci\u00f3n 2023<\/a><\/span><\/p>\n<p><span style=\"text-decoration: underline; color: #ab0033;\"><a style=\"color: #ab0033; text-decoration: underline;\" href=\"https:\/\/www.tamaulipas.gob.mx\/bienestarsocial\/wp-content\/uploads\/sites\/2\/2024\/05\/s121-comedores-de-bienestar.pdf\">Reglas de Operaci\u00f3n 2024<\/a><\/span><\/p>\n<p><span style=\"text-decoration: underline; color: #ab0033;\"><a style=\"color: #ab0033; text-decoration: underline;\" href=\"https:\/\/www.tamaulipas.gob.mx\/bienestarsocial\/wp-content\/uploads\/sites\/2\/2025\/01\/comedores-de-bienestar.pdf\" target=\"_blank\" rel=\"noopener\">Reglas de Operaci\u00f3n 2025<\/a><\/span><\/p>\n<p><a href=\"https:\/\/www.tamaulipas.gob.mx\/bienestarsocial\/wp-content\/uploads\/sites\/2\/2026\/02\/comedores-de-bienestar.pdf\">Reglas de Operaci\u00f3n 2026<\/a><\/p>\n<\/div>\n\t\t\t\t<\/div>\n\t\t\t<\/div>\n<h4><strong><span style=\"color: #808080;\">Galer\u00eda de fotos <\/span><\/strong><\/h4>\n<div class='owl-gallery'><div class='item'><a href='https:\/\/www.tamaulipas.gob.mx\/bienestarsocial\/wp-content\/uploads\/sites\/2\/2025\/03\/copia-de-img_0241.jpg' rel='galeria'><img src='https:\/\/www.tamaulipas.gob.mx\/bienestarsocial\/wp-content\/uploads\/sites\/2\/2025\/03\/copia-de-img_0241-850x500.jpg' srcset='' sizes='auto' alt=''><\/a><figcaption><\/figcaption><\/div><div class='item'><a href='https:\/\/www.tamaulipas.gob.mx\/bienestarsocial\/wp-content\/uploads\/sites\/2\/2025\/03\/copia-de-img_0273.jpg' rel='galeria'><img src='https:\/\/www.tamaulipas.gob.mx\/bienestarsocial\/wp-content\/uploads\/sites\/2\/2025\/03\/copia-de-img_0273-850x500.jpg' srcset='' sizes='auto' alt=''><\/a><figcaption><\/figcaption><\/div><div class='item'><a href='https:\/\/www.tamaulipas.gob.mx\/bienestarsocial\/wp-content\/uploads\/sites\/2\/2025\/03\/copia-de-img_0243.jpg' rel='galeria'><img src='https:\/\/www.tamaulipas.gob.mx\/bienestarsocial\/wp-content\/uploads\/sites\/2\/2025\/03\/copia-de-img_0243-850x500.jpg' srcset='' sizes='auto' alt=''><\/a><figcaption><\/figcaption><\/div><div class='item'><a href='https:\/\/www.tamaulipas.gob.mx\/bienestarsocial\/wp-content\/uploads\/sites\/2\/2025\/03\/copia-de-img_0261.jpg' rel='galeria'><img src='https:\/\/www.tamaulipas.gob.mx\/bienestarsocial\/wp-content\/uploads\/sites\/2\/2025\/03\/copia-de-img_0261-850x500.jpg' srcset='' sizes='auto' alt=''><\/a><figcaption><\/figcaption><\/div><div class='item'><a href='https:\/\/www.tamaulipas.gob.mx\/bienestarsocial\/wp-content\/uploads\/sites\/2\/2025\/03\/copia-de-img_0233.jpg' rel='galeria'><img src='https:\/\/www.tamaulipas.gob.mx\/bienestarsocial\/wp-content\/uploads\/sites\/2\/2025\/03\/copia-de-img_0233-850x500.jpg' srcset='' sizes='auto' alt=''><\/a><figcaption><\/figcaption><\/div><div class='item'><a href='https:\/\/www.tamaulipas.gob.mx\/bienestarsocial\/wp-content\/uploads\/sites\/2\/2025\/03\/copia-de-img_0256.jpg' rel='galeria'><img src='https:\/\/www.tamaulipas.gob.mx\/bienestarsocial\/wp-content\/uploads\/sites\/2\/2025\/03\/copia-de-img_0256-850x500.jpg' srcset='' sizes='auto' alt=''><\/a><figcaption><\/figcaption><\/div><\/div>\n<h4><strong><span style=\"color: #808080;\">Datos de contacto:<\/span><\/strong><\/h4>\n<p>Nombre del \u00e1rea o Departamento:<br \/>\n<strong>Jefe de Departamento de Comedores Comunitarios<\/strong><br \/>\nNombre del responsable o titular:<br \/>\n<strong>Lic. Rub\u00e9n Anaya \u00c1lvarez<\/strong><br \/>\nN\u00famero telef\u00f3nico de contacto y extensi\u00f3n:<br \/>\n<strong>834-107-8117 Ext. 42248<\/strong><br \/>\nCorreo electr\u00f3nico oficial:<br \/>\n<strong>ruben.anayaa@tamaulipas.gob.mx<\/strong><br \/>\nHorario de atenci\u00f3n al p\u00fablico:<br \/>\n<strong>Lunes a viernes de 9:00 a 17:00 hrs.<\/strong><\/p>\n","protected":false},"excerpt":{"rendered":"<p>Objetivo General: Reducir la inseguridad alimentaria en las personas en situaci\u00f3n de pobreza por ingresos en Tamaulipas mediante acciones que fortalezcan su alimentaci\u00f3n suficiente y\u2026<\/p>\n","protected":false},"author":51,"featured_media":2554,"parent":0,"menu_order":0,"comment_status":"closed","ping_status":"closed","template":"","meta":{"footnotes":""},"class_list":["post-2621","page","type-page","status-publish","has-post-thumbnail","hentry"],"publishpress_future_action":{"enabled":false,"date":"2026-04-26 08:42:06","action":"change-status","newStatus":"draft","terms":[],"taxonomy":""},"_links":{"self":[{"href":"https:\/\/www.tamaulipas.gob.mx\/bienestarsocial\/wp-json\/wp\/v2\/pages\/2621"}],"collection":[{"href":"https:\/\/www.tamaulipas.gob.mx\/bienestarsocial\/wp-json\/wp\/v2\/pages"}],"about":[{"href":"https:\/\/www.tamaulipas.gob.mx\/bienestarsocial\/wp-json\/wp\/v2\/types\/page"}],"author":[{"embeddable":true,"href":"https:\/\/www.tamaulipas.gob.mx\/bienestarsocial\/wp-json\/wp\/v2\/users\/51"}],"replies":[{"embeddable":true,"href":"https:\/\/www.tamaulipas.gob.mx\/bienestarsocial\/wp-json\/wp\/v2\/comments?post=2621"}],"version-history":[{"count":36,"href":"https:\/\/www.tamaulipas.gob.mx\/bienestarsocial\/wp-json\/wp\/v2\/pages\/2621\/revisions"}],"predecessor-version":[{"id":3924,"href":"https:\/\/www.tamaulipas.gob.mx\/bienestarsocial\/wp-json\/wp\/v2\/pages\/2621\/revisions\/3924"}],"wp:featuredmedia":[{"embeddable":true,"href":"https:\/\/www.tamaulipas.gob.mx\/bienestarsocial\/wp-json\/wp\/v2\/media\/2554"}],"wp:attachment":[{"href":"https:\/\/www.tamaulipas.gob.mx\/bienestarsocial\/wp-json\/wp\/v2\/media?parent=2621"}],"curies":[{"name":"wp","href":"https:\/\/api.w.org\/{rel}","templated":true}]}}