{"id":227,"date":"2017-12-07T10:08:12","date_gmt":"2017-12-07T16:08:12","guid":{"rendered":"http:\/\/www.tamaulipas.gob.mx\/bienestarsocial\/?page_id=227"},"modified":"2019-10-04T11:19:49","modified_gmt":"2019-10-04T16:19:49","slug":"mision-y-vision","status":"publish","type":"page","link":"https:\/\/www.tamaulipas.gob.mx\/bienestarsocial\/mision-y-vision\/","title":{"rendered":"Misi\u00f3n y Visi\u00f3n"},"content":{"rendered":"<h4>Misi\u00f3n<\/h4>\n<p style=\"text-align: justify;\">Contribuir al mejoramiento de la calidad de vida de las y los tamaulipecos, propiciando que todas las personas sin importar su origen \u00e9tnico o nacional, el g\u00e9nero, edad, capacidades diferentes, condici\u00f3n social, condiciones de salud, religi\u00f3n, opiniones, preferencias sexuales, estado civil o cualquier otra que atente contra la dignidad humana; tengan garantizado el goce de sus derechos sociales y el acceso de la poblaci\u00f3n al desarrollo social en un ambiente de bienestar y orden, a trav\u00e9s de la formulaci\u00f3n y conducci\u00f3n de una pol\u00edtica de bienestar social que contribuya a la reconstrucci\u00f3n del tejido social con perspectiva de derechos humanos y de g\u00e9nero, privilegiando la atenci\u00f3n a los sectores de la poblaci\u00f3n m\u00e1s vulnerable; y restablecer la paz mediante la atenci\u00f3n y prevenci\u00f3n social de las violencias y la delincuencia.<\/p>\n<h4 style=\"text-align: justify;\">Visi\u00f3n<\/h4>\n<p style=\"text-align: justify;\">Ser una Secretar\u00eda que brinde bienestar a la poblaci\u00f3n tamaulipeca a trav\u00e9s del dise\u00f1o e implementaci\u00f3n de programas que aseguren la provisi\u00f3n de sus necesidades b\u00e1sicas para el bienestar humano y mejoramiento social, tanto para mujeres como para los hombres, reconoci\u00e9ndolos como titulares de derechos, contribuyendo al bienestar humano, mejoramiento social y restablecimiento de la paz, fomentando la cultura de la paz y la legalidad.<\/p>\n","protected":false},"excerpt":{"rendered":"<p>Misi\u00f3n Contribuir al mejoramiento de la calidad de vida de las y los tamaulipecos, propiciando que todas las personas sin importar su origen \u00e9tnico o\u2026<\/p>\n","protected":false},"author":7,"featured_media":0,"parent":0,"menu_order":0,"comment_status":"closed","ping_status":"closed","template":"","meta":{"footnotes":""},"class_list":["post-227","page","type-page","status-publish","hentry"],"publishpress_future_action":{"enabled":false,"date":"2026-04-27 10:21:41","action":"change-status","newStatus":"draft","terms":[],"taxonomy":""},"_links":{"self":[{"href":"https:\/\/www.tamaulipas.gob.mx\/bienestarsocial\/wp-json\/wp\/v2\/pages\/227"}],"collection":[{"href":"https:\/\/www.tamaulipas.gob.mx\/bienestarsocial\/wp-json\/wp\/v2\/pages"}],"about":[{"href":"https:\/\/www.tamaulipas.gob.mx\/bienestarsocial\/wp-json\/wp\/v2\/types\/page"}],"author":[{"embeddable":true,"href":"https:\/\/www.tamaulipas.gob.mx\/bienestarsocial\/wp-json\/wp\/v2\/users\/7"}],"replies":[{"embeddable":true,"href":"https:\/\/www.tamaulipas.gob.mx\/bienestarsocial\/wp-json\/wp\/v2\/comments?post=227"}],"version-history":[{"count":5,"href":"https:\/\/www.tamaulipas.gob.mx\/bienestarsocial\/wp-json\/wp\/v2\/pages\/227\/revisions"}],"predecessor-version":[{"id":1357,"href":"https:\/\/www.tamaulipas.gob.mx\/bienestarsocial\/wp-json\/wp\/v2\/pages\/227\/revisions\/1357"}],"wp:attachment":[{"href":"https:\/\/www.tamaulipas.gob.mx\/bienestarsocial\/wp-json\/wp\/v2\/media?parent=227"}],"curies":[{"name":"wp","href":"https:\/\/api.w.org\/{rel}","templated":true}]}}