{"id":2674,"date":"2025-12-23T18:52:01","date_gmt":"2025-12-24T00:52:01","guid":{"rendered":"https:\/\/www.tamaulipas.gob.mx\/anticorrupcion\/?page_id=2674"},"modified":"2025-12-23T18:52:01","modified_gmt":"2025-12-24T00:52:01","slug":"quejas-y-denuncias","status":"publish","type":"page","link":"https:\/\/www.tamaulipas.gob.mx\/anticorrupcion\/quejas-y-denuncias\/","title":{"rendered":"Quejas y Denuncias"},"content":{"rendered":"<p style=\"text-align: justify;\">Reafirmamos el compromiso de la actual administraci\u00f3n con la escucha activa de las manifestaciones de ciudadanas y ciudadanos de Tamaulipas, a trav\u00e9s de la atenci\u00f3n y seguimiento puntual de las quejas y denuncias recibidas, reflejando la importancia que otorgamos a la participaci\u00f3n y confianza de la sociedad.<\/p>\n<p style=\"text-align: justify;\">Es importante resaltar que esta dependencia tiene las facultades de investigar las conductas de los servidores p\u00fablicos de la Administraci\u00f3n P\u00fablica Estatal y particulares que puedan constituir responsabilidades administrativas seg\u00fan lo descrito en el art\u00edculo 41 fracci\u00f3n XIX de la Ley Org\u00e1nica de la Administraci\u00f3n P\u00fablica del Estado de Tamaulipas.<\/p>\n<p><strong>Fundamento Legal<\/strong><\/p>\n<ul>\n<li>Art\u00edculo 41 fracci\u00f3n XVIII de la Ley Org\u00e1nica de la Administraci\u00f3n P\u00fablica del Estado de Tamaulipas.\n<\/li>\n<li>Art\u00edculos 91 y 93 de la Ley de Responsabilidades del Estado de Tamaulipas.\n<\/li>\n<\/ul>\n<p><strong>Proceso<\/strong><\/p>\n<ol>\n<li>Presenta queja o denuncia ante la Secretar\u00eda Anticorrupci\u00f3n y Buen Gobierno por alguno de los siguientes medios de captaci\u00f3n en un horario de atenci\u00f3n de 8:00-16:00 hrs en d\u00edas h\u00e1biles:<\/li>\n<ol>\n<li>A trav\u00e9s del formulario en l\u00ednea accediendo al siguiente link: <a href=\"https:\/\/quejasydenuncias.tamaulipas.gob.mx\/\">quejasydenuncias.tamaulipas.gob.mx\/<\/a><\/li>\n<li>V\u00eda telef\u00f3nica llamando: <\/li>\n<ol type=\"a\">\n<li>A la l\u00ednea gratuita 070 a nivel estatal.<\/li>\n<li>Si te encuentras fuera del estado llama al 800 58 111 00.<\/li>\n<\/ol>\n<li>Por escrito o personalmente.<\/li>\n<ol type=\"a\">\n<li>En las instalaciones del Centro de Oficinas Gubernamentales Parque Bicentenario, Piso 14.<\/li>\n<li>Ante los Titulares de los \u00d3rganos de Control Interno o bien, por conducto del Comisario como \u00d3rgano de Control de Vigilancia en que detect\u00f3 la irregularidad. <\/li>\n<\/ol>\n<li>O a trav\u00e9s del correo electr\u00f3nico: <strong>deptodequejasysugerencias@tamaulipas.gob.mx<\/strong><\/li>\n<\/ol>\n<li>Se registra la queja o denuncia.\t<\/li>\n<li>Se analiza, registra y remite la queja o denuncia al \u00e1rea competente para conocer del asunto.<\/li>\n<li>Se notifica al ciudadano de la remisi\u00f3n de su queja o denuncia al \u00e1rea competente para conocer del asunto.<\/li>\n<\/ol>\n<h4><\/h4>\n<h4>Datos de contacto<\/h4>\n<p><strong>Nombre: <\/strong>Lic. Aar\u00f3n Daniel Alvarado Aceves<br \/>\n<strong>Puesto: <\/strong>Jefe de Departamento de Quejas y Denuncias<br \/>\n<strong>Correo electr\u00f3nico: <\/strong>aaron.alvarado@tamaulipas.gob.mx<br \/>\n<strong>Tel\u00e9fono: <\/strong>834 107 8699<br \/>\n<strong>Ext. <\/strong>43657<\/p>\n<p><strong>Nombre: <\/strong>Lic. Luis Osvaldo Soberon Mejia<br \/>\n<strong>Puesto: <\/strong>Director de Investigaci\u00f3n y Anticorrupci\u00f3n.<br \/>\n<strong>Correo electr\u00f3nico: <\/strong>luis.soberon@tamaulipas.gob.mx<br \/>\n<strong><strong>Tel\u00e9fono: <\/strong>8343188000<br \/>\nExt. <\/strong>43246<\/p>\n","protected":false},"excerpt":{"rendered":"<p>Reafirmamos el compromiso de la actual administraci\u00f3n con la escucha activa de las manifestaciones de ciudadanas y ciudadanos de Tamaulipas, a trav\u00e9s de la atenci\u00f3n\u2026<\/p>\n","protected":false},"author":462,"featured_media":0,"parent":0,"menu_order":0,"comment_status":"closed","ping_status":"closed","template":"","meta":{"footnotes":""},"class_list":["post-2674","page","type-page","status-publish","hentry"],"publishpress_future_action":{"enabled":false,"date":"2026-05-04 16:24:33","action":"change-status","newStatus":"draft","terms":[],"taxonomy":""},"_links":{"self":[{"href":"https:\/\/www.tamaulipas.gob.mx\/anticorrupcion\/wp-json\/wp\/v2\/pages\/2674"}],"collection":[{"href":"https:\/\/www.tamaulipas.gob.mx\/anticorrupcion\/wp-json\/wp\/v2\/pages"}],"about":[{"href":"https:\/\/www.tamaulipas.gob.mx\/anticorrupcion\/wp-json\/wp\/v2\/types\/page"}],"author":[{"embeddable":true,"href":"https:\/\/www.tamaulipas.gob.mx\/anticorrupcion\/wp-json\/wp\/v2\/users\/462"}],"replies":[{"embeddable":true,"href":"https:\/\/www.tamaulipas.gob.mx\/anticorrupcion\/wp-json\/wp\/v2\/comments?post=2674"}],"version-history":[{"count":8,"href":"https:\/\/www.tamaulipas.gob.mx\/anticorrupcion\/wp-json\/wp\/v2\/pages\/2674\/revisions"}],"predecessor-version":[{"id":2682,"href":"https:\/\/www.tamaulipas.gob.mx\/anticorrupcion\/wp-json\/wp\/v2\/pages\/2674\/revisions\/2682"}],"wp:attachment":[{"href":"https:\/\/www.tamaulipas.gob.mx\/anticorrupcion\/wp-json\/wp\/v2\/media?parent=2674"}],"curies":[{"name":"wp","href":"https:\/\/api.w.org\/{rel}","templated":true}]}}