{"id":2627,"date":"2025-12-23T17:34:13","date_gmt":"2025-12-23T23:34:13","guid":{"rendered":"https:\/\/www.tamaulipas.gob.mx\/anticorrupcion\/?page_id=2627"},"modified":"2025-12-23T17:39:31","modified_gmt":"2025-12-23T23:39:31","slug":"indice-de-evaluacion-de-la-gestion-gubernamental-iegg","status":"publish","type":"page","link":"https:\/\/www.tamaulipas.gob.mx\/anticorrupcion\/indice-de-evaluacion-de-la-gestion-gubernamental-iegg\/","title":{"rendered":"\u00cdndice de Evaluaci\u00f3n de la Gesti\u00f3n Gubernamental (IEGG)"},"content":{"rendered":"<p style=\"text-align: justify;\">La Evaluaci\u00f3n de la Gesti\u00f3n Gubernamental es una valoraci\u00f3n del desempe\u00f1o gubernamental de las dependencias y entidades de la administraci\u00f3n p\u00fablica, realizada a trav\u00e9s del \u00cdndice de Evaluaci\u00f3n de la Gesti\u00f3n Gubernamental (IEGG).<\/p>\n<p><strong> <img loading=\"lazy\" decoding=\"async\" class=\"wp-image-1528 aligncenter\" src=\"https:\/\/www.tamaulipas.gob.mx\/anticorrupcion\/wp-content\/uploads\/sites\/15\/2025\/12\/imagen-12.png\" alt=\"\" width=\"935\" height=\"732\" \/><\/strong><\/p>\n<p><strong>Fundamento Legal<\/strong><\/p>\n<ul>\n<li>\nArt\u00edculo 161 de la Constituci\u00f3n Pol\u00edtica del Estado de Tamaulipas.\n<\/li>\n<li>\nArt\u00edculo 41 fracciones I, XIII, XIV y XV de la Ley Org\u00e1nica de la Administraci\u00f3n P\u00fablica del Estado de Tamaulipas.\n<\/li>\n<li>\nArt\u00edculos 1, 4 fracciones I, II, y III y 64 de la Ley de Gasto P\u00fablico.\n<\/li>\n<li>\nArt\u00edculo 11 fracciones XVI, XVII y LI; 48 fracciones II, XX, XXX, XXXII y XXXIX; 49 fracciones VII, VIII, IX y XIX; 51 fracciones II, IV y VIII del Reglamento Interior de la Secretar\u00eda Anticorrupci\u00f3n y Buen Gobierno.\n<\/li>\n<\/ul>\n<p><strong>Proceso<\/strong><\/p>\n<ol>\n<li>\nRequerimiento de informaci\u00f3n sobre los indicadores que conforman el IEGG.\n<\/li>\n<li>\nIntegraci\u00f3n de la informaci\u00f3n en la base de datos.\n<\/li>\n<li>\nAplicaci\u00f3n del modelo de evaluaci\u00f3n y an\u00e1lisis de resultados preliminares.\n<\/li>\n<li>\nPresentaci\u00f3n de resultados preliminares y retroalimentaci\u00f3n de los entes p\u00fablicos evaluados.\n<\/li>\n<li>\nPublicaci\u00f3n de resultados finales en la p\u00e1gina de la Secretar\u00eda Anticorrupci\u00f3n y Buen Gobierno.\n<\/li>\n<\/ol>\n<p><strong>Capacitaci\u00f3n<\/strong><\/p>\n<p style=\"text-align: justify;\">Se brinda capacitaci\u00f3n a las personas servidoras p\u00fablicas designadas como enlaces de seguimiento a la evaluaci\u00f3n de la gesti\u00f3n gubernamental de los entes p\u00fablicos de la Administraci\u00f3n P\u00fablica Estatal.<\/p>\n<p style=\"text-align: justify;\">La capacitaci\u00f3n se brinda de forma virtual o, en su caso, de forma presencial, conforme las necesidades del ente p\u00fablico evaluado, a fin de implementar programas de trabajo para mejorar en los rubros con mayores \u00e1reas de oportunidad.<\/p>\n<h4><\/h4>\n<h4>Datos de contacto<\/h4>\n<p><strong>Nombre: <\/strong>Mtro. Juan Antonio Ram\u00edrez Torres<br \/>\n<strong>Cargo: <\/strong>Director de Control Interno y Evaluaci\u00f3n Gubernamental<br \/>\n<strong>Correo electr\u00f3nico: <\/strong>evaluacion.gubernamental@tamaulipas.gob.mx<br \/>\n<strong>Tel\u00e9fono: <\/strong>8341078185<br \/>\n<strong>Ext. <\/strong>43254<\/p>\n","protected":false},"excerpt":{"rendered":"<p>La Evaluaci\u00f3n de la Gesti\u00f3n Gubernamental es una valoraci\u00f3n del desempe\u00f1o gubernamental de las dependencias y entidades de la administraci\u00f3n p\u00fablica, realizada a trav\u00e9s del\u2026<\/p>\n","protected":false},"author":462,"featured_media":0,"parent":0,"menu_order":0,"comment_status":"closed","ping_status":"closed","template":"","meta":{"footnotes":""},"class_list":["post-2627","page","type-page","status-publish","hentry"],"publishpress_future_action":{"enabled":false,"date":"2026-05-04 16:25:35","action":"change-status","newStatus":"draft","terms":[],"taxonomy":""},"_links":{"self":[{"href":"https:\/\/www.tamaulipas.gob.mx\/anticorrupcion\/wp-json\/wp\/v2\/pages\/2627"}],"collection":[{"href":"https:\/\/www.tamaulipas.gob.mx\/anticorrupcion\/wp-json\/wp\/v2\/pages"}],"about":[{"href":"https:\/\/www.tamaulipas.gob.mx\/anticorrupcion\/wp-json\/wp\/v2\/types\/page"}],"author":[{"embeddable":true,"href":"https:\/\/www.tamaulipas.gob.mx\/anticorrupcion\/wp-json\/wp\/v2\/users\/462"}],"replies":[{"embeddable":true,"href":"https:\/\/www.tamaulipas.gob.mx\/anticorrupcion\/wp-json\/wp\/v2\/comments?post=2627"}],"version-history":[{"count":4,"href":"https:\/\/www.tamaulipas.gob.mx\/anticorrupcion\/wp-json\/wp\/v2\/pages\/2627\/revisions"}],"predecessor-version":[{"id":2637,"href":"https:\/\/www.tamaulipas.gob.mx\/anticorrupcion\/wp-json\/wp\/v2\/pages\/2627\/revisions\/2637"}],"wp:attachment":[{"href":"https:\/\/www.tamaulipas.gob.mx\/anticorrupcion\/wp-json\/wp\/v2\/media?parent=2627"}],"curies":[{"name":"wp","href":"https:\/\/api.w.org\/{rel}","templated":true}]}}