{"id":2590,"date":"2025-12-23T16:18:32","date_gmt":"2025-12-23T22:18:32","guid":{"rendered":"https:\/\/www.tamaulipas.gob.mx\/anticorrupcion\/?page_id=2590"},"modified":"2025-12-23T16:23:59","modified_gmt":"2025-12-23T22:23:59","slug":"usuario-simulado","status":"publish","type":"page","link":"https:\/\/www.tamaulipas.gob.mx\/anticorrupcion\/usuario-simulado\/","title":{"rendered":"Usuario Simulado"},"content":{"rendered":"<p style=\"text-align: justify;\">La estrategia de usuario simulado es el mecanismo para fortalecer la eficiencia y detectar \u00e1reas de oportunidad en tr\u00e1mites y servicios que brindan a la ciudadan\u00eda las dependencias y entidades de la administraci\u00f3n p\u00fablica estatal.<\/p>\n<p style=\"text-align: justify;\">Eval\u00faa integralmente la calidad, oportunidad y eficiencia de los tr\u00e1mites y servicios desde la perspectiva ciudadana a trav\u00e9s de la reproducci\u00f3n de escenarios reales de atenci\u00f3n.<\/p>\n<p><strong> <img loading=\"lazy\" decoding=\"async\" class=\"wp-image-1528 aligncenter\" src=\"https:\/\/www.tamaulipas.gob.mx\/anticorrupcion\/wp-content\/uploads\/sites\/15\/2025\/12\/imagen-10.png\" alt=\"\" width=\"935\" height=\"732\" \/><\/strong><\/p>\n<p><strong>Fundamento Legal<\/strong><\/p>\n<ul>\n<li>\nArt\u00edculo 41 fracci\u00f3n L de la ley Org\u00e1nica de la Administraci\u00f3n P\u00fablica Estatal.\n<\/li>\n<li>\nArt\u00edculo 48 fracci\u00f3n XXV, XXVI, 52 fracci\u00f3n VII, XVI,  54 fracci\u00f3n V, VII del Reglamento Interior de la Secretar\u00eda Anticorrupci\u00f3n y Buen Gobierno del Estado de Tamaulipas.\n<\/li>\n<\/ul>\n<h4><\/h4>\n<h4>Datos de contacto<\/h4>\n<p><strong>Nombre: <\/strong>Mtra. Lizbeth Idalia Salazar Hinojosa.<br \/>\n<strong>Puesto: <\/strong>Jefa de Departamento de Procesos Administrativos.<br \/>\n<strong>Correo electr\u00f3nico: <\/strong>lizbeth.salazar@tamaulipas.gob.mx<br \/>\n<strong>Tel\u00e9fono: <\/strong>8341078449<br \/>\n<strong>Ext. <\/strong>43241<\/p>\n<p><strong>Nombre: <\/strong>Ing. Diego Antonio Diaz Vicencio<br \/>\n<strong>Puesto: <\/strong>Director de Mejora de la Gesti\u00f3n P\u00fablica<br \/>\n<strong>Correo electr\u00f3nico: <\/strong>diego.diaz@tamaulipas.gob.mx<br \/>\n<strong>Tel\u00e9fono: <\/strong>8341078449<br \/>\n<strong>Ext. <\/strong>43242<\/p>\n","protected":false},"excerpt":{"rendered":"<p>La estrategia de usuario simulado es el mecanismo para fortalecer la eficiencia y detectar \u00e1reas de oportunidad en tr\u00e1mites y servicios que brindan a la\u2026<\/p>\n","protected":false},"author":462,"featured_media":0,"parent":0,"menu_order":0,"comment_status":"closed","ping_status":"closed","template":"","meta":{"footnotes":""},"class_list":["post-2590","page","type-page","status-publish","hentry"],"publishpress_future_action":{"enabled":false,"date":"2026-05-04 16:24:12","action":"change-status","newStatus":"draft","terms":[],"taxonomy":""},"_links":{"self":[{"href":"https:\/\/www.tamaulipas.gob.mx\/anticorrupcion\/wp-json\/wp\/v2\/pages\/2590"}],"collection":[{"href":"https:\/\/www.tamaulipas.gob.mx\/anticorrupcion\/wp-json\/wp\/v2\/pages"}],"about":[{"href":"https:\/\/www.tamaulipas.gob.mx\/anticorrupcion\/wp-json\/wp\/v2\/types\/page"}],"author":[{"embeddable":true,"href":"https:\/\/www.tamaulipas.gob.mx\/anticorrupcion\/wp-json\/wp\/v2\/users\/462"}],"replies":[{"embeddable":true,"href":"https:\/\/www.tamaulipas.gob.mx\/anticorrupcion\/wp-json\/wp\/v2\/comments?post=2590"}],"version-history":[{"count":3,"href":"https:\/\/www.tamaulipas.gob.mx\/anticorrupcion\/wp-json\/wp\/v2\/pages\/2590\/revisions"}],"predecessor-version":[{"id":2596,"href":"https:\/\/www.tamaulipas.gob.mx\/anticorrupcion\/wp-json\/wp\/v2\/pages\/2590\/revisions\/2596"}],"wp:attachment":[{"href":"https:\/\/www.tamaulipas.gob.mx\/anticorrupcion\/wp-json\/wp\/v2\/media?parent=2590"}],"curies":[{"name":"wp","href":"https:\/\/api.w.org\/{rel}","templated":true}]}}