{"id":2566,"date":"2025-12-23T14:45:27","date_gmt":"2025-12-23T20:45:27","guid":{"rendered":"https:\/\/www.tamaulipas.gob.mx\/anticorrupcion\/?page_id=2566"},"modified":"2025-12-23T14:49:40","modified_gmt":"2025-12-23T20:49:40","slug":"manual-de-procedimientos-4","status":"publish","type":"page","link":"https:\/\/www.tamaulipas.gob.mx\/anticorrupcion\/manual-de-procedimientos-4\/","title":{"rendered":"Manual de Procedimientos"},"content":{"rendered":"<p style=\"text-align: justify;\">Coadyuvar en la elaboraci\u00f3n de los Manuales de Procedimientos de las dependencias y entidades del Poder Ejecutivo del Estado de Tamaulipas.<\/p>\n<p style=\"text-align: justify;\">Proporcionar asesor\u00eda, apoyo t\u00e9cnico y validaci\u00f3n de sus manuales, de conformidad a lo establecido en la Gu\u00eda T\u00e9cnica para la Elaboraci\u00f3n de Manuales de Procedimientos.<\/p>\n<p><strong> <img loading=\"lazy\" decoding=\"async\" class=\"wp-image-1528 aligncenter\" src=\"https:\/\/www.tamaulipas.gob.mx\/anticorrupcion\/wp-content\/uploads\/sites\/15\/2025\/12\/imagen-5.png\" alt=\"\" width=\"935\" height=\"732\" \/><\/strong><\/p>\n<p><strong>Fundamento Legal<\/strong><\/p>\n<ul>\n<li>\nArt\u00edculos 11 numeral 2 y 41 fracci\u00f3n XLVIII de la Ley Org\u00e1nica de la APE.\n<\/li>\n<li>\nArt\u00edculo 57 fracci\u00f3n I del T\u00edtulo Quinto Cap\u00edtulo II de las Obligaciones de Transparencia Comunes de la Ley de Transparencia y Acceso a la Informaci\u00f3n P\u00fablica del Estado de Tamaulipas.\n<\/li>\n<li>\nArt\u00edculos 11 fracci\u00f3n XXXI, 48 fracci\u00f3n XXIV, 52 fracci\u00f3n VI y 54 fracci\u00f3n IV del Reglamento Interior de la Secretar\u00eda Anticorrupci\u00f3n y Buen Gobierno del Estado de Tamaulipas.\n<\/li>\n<p><a href=\"https:\/\/po.tamaulipas.gob.mx\/wp-content\/uploads\/2024\/12\/cxlix-146-041224.pdf\"><\/p>\n<li>Gu\u00eda T\u00e9cnica para la Elaboraci\u00f3n de Manuales de Procedimientos.<\/li>\n<p><\/a><\/p>\n<\/ul>\n<p><strong>Proceso<\/strong><\/p>\n<ol>\n<li>\nDesignaci\u00f3n de enlace por parte de las dependencias y entidades.\n<\/li>\n<li>\nCapacitaci\u00f3n a enlaces y due\u00f1os de procesos.\n<\/li>\n<li>\nElaboraci\u00f3n de Manuales de Procedimientos por parte de las Dependencias y Entidades\n<\/li>\n<li>\nRevisi\u00f3n de Manuales de Procedimientos por parte de la Direcci\u00f3n de Mejora de la Gesti\u00f3n P\u00fablica.\n<\/li>\n<li>\nSolicitud de Validaci\u00f3n del Manual de Procedimientos por parte de las Dependencias y Entidades.\n<\/li>\n<li>\nValidaci\u00f3n del Manual de Procedimientos por parte de la Titular de la Secretar\u00eda Anticorrupci\u00f3n y Buen Gobierno.\n<\/li>\n<\/ol>\n<p><strong>Capacitaci\u00f3n<\/strong><\/p>\n<p style=\"text-align: justify;\">Nuestras capacitaciones se focalizan en los enlaces de manual de procedimientos y due\u00f1os de procesos.<\/p>\n<p style=\"text-align: justify;\">La capacitaci\u00f3n se imparte de forma presencial o, en su caso, a trav\u00e9s de medios virtuales, conforme lo requieran las Dependencias y Entidades.<\/p>\n<h4><\/h4>\n<h4>Datos de contacto<\/h4>\n<p><strong>Nombre:<\/strong> Mtra. Lizbeth Idalia Salazar Hinojosa.<br \/>\n<strong>Puesto: <\/strong>Jefa de Departamento de Procesos Administrativos.<br \/>\n<strong>Correo electr\u00f3nico: <\/strong>lizbeth.salazar@tamaulipas.gob.mx<br \/>\n<strong>Tel\u00e9fono: <\/strong>8341078449<br \/>\n<strong>Ext.<\/strong> 43241<\/p>\n<p><strong>Nombre: <\/strong>Ing. Diego Antonio Diaz Vicencio<br \/>\n<strong>Puesto: <\/strong>Director de Mejora de la Gesti\u00f3n P\u00fablica<br \/>\n<strong>Correo electr\u00f3nico: <\/strong>diego.diaz@tamaulipas.gob.mx<br \/>\n<strong>Tel\u00e9fono: <\/strong>8341078449<br \/>\n<strong>Ext. <\/strong>43242<\/p>\n","protected":false},"excerpt":{"rendered":"<p>Coadyuvar en la elaboraci\u00f3n de los Manuales de Procedimientos de las dependencias y entidades del Poder Ejecutivo del Estado de Tamaulipas. Proporcionar asesor\u00eda, apoyo t\u00e9cnico\u2026<\/p>\n","protected":false},"author":462,"featured_media":0,"parent":0,"menu_order":0,"comment_status":"closed","ping_status":"closed","template":"","meta":{"footnotes":""},"class_list":["post-2566","page","type-page","status-publish","hentry"],"publishpress_future_action":{"enabled":false,"date":"2026-05-04 16:24:34","action":"change-status","newStatus":"draft","terms":[],"taxonomy":""},"_links":{"self":[{"href":"https:\/\/www.tamaulipas.gob.mx\/anticorrupcion\/wp-json\/wp\/v2\/pages\/2566"}],"collection":[{"href":"https:\/\/www.tamaulipas.gob.mx\/anticorrupcion\/wp-json\/wp\/v2\/pages"}],"about":[{"href":"https:\/\/www.tamaulipas.gob.mx\/anticorrupcion\/wp-json\/wp\/v2\/types\/page"}],"author":[{"embeddable":true,"href":"https:\/\/www.tamaulipas.gob.mx\/anticorrupcion\/wp-json\/wp\/v2\/users\/462"}],"replies":[{"embeddable":true,"href":"https:\/\/www.tamaulipas.gob.mx\/anticorrupcion\/wp-json\/wp\/v2\/comments?post=2566"}],"version-history":[{"count":4,"href":"https:\/\/www.tamaulipas.gob.mx\/anticorrupcion\/wp-json\/wp\/v2\/pages\/2566\/revisions"}],"predecessor-version":[{"id":2577,"href":"https:\/\/www.tamaulipas.gob.mx\/anticorrupcion\/wp-json\/wp\/v2\/pages\/2566\/revisions\/2577"}],"wp:attachment":[{"href":"https:\/\/www.tamaulipas.gob.mx\/anticorrupcion\/wp-json\/wp\/v2\/media?parent=2566"}],"curies":[{"name":"wp","href":"https:\/\/api.w.org\/{rel}","templated":true}]}}