{"id":122,"date":"2025-11-10T21:14:22","date_gmt":"2025-11-10T20:14:22","guid":{"rendered":"https:\/\/www.tamaulipas.gob.mx\/aget\/?page_id=122"},"modified":"2025-11-10T21:14:22","modified_gmt":"2025-11-10T20:14:22","slug":"unidad-de-transparencia-aget","status":"publish","type":"page","link":"https:\/\/www.tamaulipas.gob.mx\/aget\/unidad-de-transparencia-aget\/","title":{"rendered":"Unidad de Transparencia AGET"},"content":{"rendered":"<p class=\"p1\"><b>Unidad de Transparencia AGET<\/b><\/p>\n<p class=\"p2\">La Unidad de Transparencia del Archivo General del Estado de Tamaulipas es la instancia responsable de garantizar el derecho de acceso a la informaci\u00f3n p\u00fablica y la protecci\u00f3n de datos personales en posesi\u00f3n del organismo.<\/p>\n<p class=\"p2\"><b>Funciones principales<\/b><\/p>\n<ul class=\"ul1\">\n<li class=\"li2\">Recibir y dar tr\u00e1mite a las solicitudes de acceso a la informaci\u00f3n p\u00fablica.<\/li>\n<li class=\"li2\">Orientar a la ciudadan\u00eda en el ejercicio del derecho de acceso a la informaci\u00f3n y de protecci\u00f3n de datos personales.<\/li>\n<li class=\"li2\">Auxiliar a las \u00e1reas internas para localizar la informaci\u00f3n solicitada.<\/li>\n<li class=\"li2\">Vigilar el cumplimiento de las obligaciones de transparencia previstas en la ley.<\/li>\n<li class=\"li2\">Fungir como enlace entre el AGET y el OPD Transparencia para el Pueblo.<\/li>\n<\/ul>\n<p class=\"p1\"><b>Responsable de la Unidad <\/b><\/p>\n<table style=\"border-collapse: collapse; width: 100%; height: 143px;\">\n<tbody>\n<tr style=\"height: 49px;\">\n<td style=\"width: 100%; height: 49px;\">\n<p class=\"p1\" style=\"text-align: center;\"><b>Mtra. Zuleyma Guadalupe Arroyo Hern\u00e1ndez<\/b><\/p>\n<\/td>\n<\/tr>\n<tr style=\"height: 94px;\">\n<td style=\"width: 100%; height: 94px;\">\n<table style=\"border-collapse: collapse; width: 100.219%; height: 107px;\">\n<tbody>\n<tr style=\"height: 107px;\">\n<td style=\"width: 50%; height: 107px;\">Puesto<\/td>\n<td style=\"width: 50%; height: 107px;\">\n<p class=\"p1\">Responsable de la Unidad de Transparencia del AGET.<\/p>\n<\/td>\n<\/tr>\n<tr>\n<td style=\"width: 50%;\">Direcci\u00f3n<\/td>\n<td style=\"width: 50%;\">\n<p class=\"p1\">Boulevard Pr\u00e1xedis Balboa s\/n, colonia Parque Bicentenario, entre Avenida Independencia y Libramiento Naciones Unidas, 87083, Victoria, Tamaulipas.<\/p>\n<\/td>\n<\/tr>\n<tr>\n<td style=\"width: 50%;\">Tel\u00e9fono Oficial<\/td>\n<td style=\"width: 50%;\">\n<p class=\"p1\">(834) 318-50-80<\/p>\n<\/td>\n<\/tr>\n<tr>\n<td style=\"width: 50%;\">Extensi\u00f3n<\/td>\n<td style=\"width: 50%;\">\n<p class=\"p1\">44909<\/p>\n<\/td>\n<\/tr>\n<tr>\n<td style=\"width: 50%;\">Correo<\/td>\n<td style=\"width: 50%;\">\n<p class=\"p1\"><span class=\"s1\"><a href=\"mailto:zuleyma.arroyo@tamaulipas.gob.mx\">zuleyma.arroyo@tamaulipas.gob.mx<\/a><\/span><\/p>\n<\/td>\n<\/tr>\n<\/tbody>\n<\/table>\n<\/td>\n<\/tr>\n<\/tbody>\n<\/table>\n","protected":false},"excerpt":{"rendered":"<p>Unidad de Transparencia AGET La Unidad de Transparencia del Archivo General del Estado de Tamaulipas es la instancia responsable de garantizar el derecho de acceso\u2026<\/p>\n","protected":false},"author":1,"featured_media":0,"parent":0,"menu_order":0,"comment_status":"closed","ping_status":"closed","template":"","meta":{"footnotes":""},"class_list":["post-122","page","type-page","status-publish","hentry"],"publishpress_future_action":{"enabled":false,"date":"2026-04-11 02:58:31","action":"change-status","newStatus":"draft","terms":[],"taxonomy":""},"_links":{"self":[{"href":"https:\/\/www.tamaulipas.gob.mx\/aget\/wp-json\/wp\/v2\/pages\/122"}],"collection":[{"href":"https:\/\/www.tamaulipas.gob.mx\/aget\/wp-json\/wp\/v2\/pages"}],"about":[{"href":"https:\/\/www.tamaulipas.gob.mx\/aget\/wp-json\/wp\/v2\/types\/page"}],"author":[{"embeddable":true,"href":"https:\/\/www.tamaulipas.gob.mx\/aget\/wp-json\/wp\/v2\/users\/1"}],"replies":[{"embeddable":true,"href":"https:\/\/www.tamaulipas.gob.mx\/aget\/wp-json\/wp\/v2\/comments?post=122"}],"version-history":[{"count":1,"href":"https:\/\/www.tamaulipas.gob.mx\/aget\/wp-json\/wp\/v2\/pages\/122\/revisions"}],"predecessor-version":[{"id":123,"href":"https:\/\/www.tamaulipas.gob.mx\/aget\/wp-json\/wp\/v2\/pages\/122\/revisions\/123"}],"wp:attachment":[{"href":"https:\/\/www.tamaulipas.gob.mx\/aget\/wp-json\/wp\/v2\/media?parent=122"}],"curies":[{"name":"wp","href":"https:\/\/api.w.org\/{rel}","templated":true}]}}