{"id":2882,"date":"2024-01-12T13:59:53","date_gmt":"2024-01-12T19:59:53","guid":{"rendered":"https:\/\/www.tamaulipas.gob.mx\/administracion\/?page_id=2882"},"modified":"2024-11-28T12:46:01","modified_gmt":"2024-11-28T18:46:01","slug":"comite-de-etica","status":"publish","type":"page","link":"https:\/\/www.tamaulipas.gob.mx\/administracion\/comite-de-etica\/","title":{"rendered":"Comit\u00e9 de \u00c9tica"},"content":{"rendered":"<div class=\"table-responsive\">\n<table class=\" table table table-gobtam\">\n<thead>\n<tr>\n<td>Documento<\/td>\n<td style=\"width: 110px;\"><\/td>\n<\/tr>\n<\/thead>\n<tbody>\n<tr>\n<td>C\u00f3digo de conducta y prevenci\u00f3n de conflictos de inter\u00e9s<\/td>\n<td><a class=\"btn btn-primary btn-sm\" href=\"https:\/\/www.tamaulipas.gob.mx\/administracion\/wp-content\/uploads\/sites\/5\/2024\/01\/codigo-de-conducta.pdf\" target=\"_blank\" rel=\"noopener\">Ver documento<\/a><\/td>\n<\/tr>\n<tr>\n<td>C\u00f3digo de \u00e9tica del poder ejecutivo del estado de Tamaulipas<\/td>\n<td><a class=\"btn btn-primary btn-sm\" href=\"https:\/\/www.tamaulipas.gob.mx\/administracion\/wp-content\/uploads\/sites\/5\/2024\/11\/codigo-de-etica-del-poder-ejecutivo-del-estado-de-tamaulipas.pdf\" target=\"_blank\" rel=\"noopener\">Ver documento<\/a><\/td>\n<\/tr>\n<tr>\n<td>Esquema para la presentaci\u00f3n de quejas y denuncias ante el CECPCISA<\/td>\n<td><a class=\"btn btn-primary btn-sm\" href=\"https:\/\/www.tamaulipas.gob.mx\/administracion\/wp-content\/uploads\/sites\/5\/2024\/11\/esquema-para-la-presentacion-de-quejas-y-denuncias-ante-el-cecpcisa.pdf\" target=\"_blank\" rel=\"noopener\">Ver documento<\/a><\/td>\n<\/tr>\n<\/tbody>\n<\/table>\n<\/div>\n<p>&nbsp;<\/p>\n<p>&nbsp;<\/p>\n<p>&nbsp;<\/p>\n<p><strong>Quejas y Sugerencias<\/strong><\/p>\n<blockquote><p><a href=\"mailto:cecpcisa@tamaulipas.gob.mx\">cecpcisa@tamaulipas.gob.mx<\/a><\/p><\/blockquote>\n","protected":false},"excerpt":{"rendered":"<p>Documento C\u00f3digo de conducta y prevenci\u00f3n de conflictos de inter\u00e9s Ver documento C\u00f3digo de \u00e9tica del poder ejecutivo del estado de Tamaulipas Ver documento Esquema\u2026<\/p>\n","protected":false},"author":1,"featured_media":0,"parent":0,"menu_order":0,"comment_status":"closed","ping_status":"closed","template":"","meta":{"footnotes":""},"class_list":["post-2882","page","type-page","status-publish","hentry"],"publishpress_future_action":{"enabled":false,"date":"2026-04-21 22:02:23","action":"change-status","newStatus":"draft","terms":[],"taxonomy":""},"_links":{"self":[{"href":"https:\/\/www.tamaulipas.gob.mx\/administracion\/wp-json\/wp\/v2\/pages\/2882"}],"collection":[{"href":"https:\/\/www.tamaulipas.gob.mx\/administracion\/wp-json\/wp\/v2\/pages"}],"about":[{"href":"https:\/\/www.tamaulipas.gob.mx\/administracion\/wp-json\/wp\/v2\/types\/page"}],"author":[{"embeddable":true,"href":"https:\/\/www.tamaulipas.gob.mx\/administracion\/wp-json\/wp\/v2\/users\/1"}],"replies":[{"embeddable":true,"href":"https:\/\/www.tamaulipas.gob.mx\/administracion\/wp-json\/wp\/v2\/comments?post=2882"}],"version-history":[{"count":8,"href":"https:\/\/www.tamaulipas.gob.mx\/administracion\/wp-json\/wp\/v2\/pages\/2882\/revisions"}],"predecessor-version":[{"id":3035,"href":"https:\/\/www.tamaulipas.gob.mx\/administracion\/wp-json\/wp\/v2\/pages\/2882\/revisions\/3035"}],"wp:attachment":[{"href":"https:\/\/www.tamaulipas.gob.mx\/administracion\/wp-json\/wp\/v2\/media?parent=2882"}],"curies":[{"name":"wp","href":"https:\/\/api.w.org\/{rel}","templated":true}]}}